{"id":114,"date":"2012-02-11T14:03:14","date_gmt":"2012-02-11T19:03:14","guid":{"rendered":"http:\/\/blog.espol.edu.ec\/aagarci\/?page_id=114"},"modified":"2012-02-11T14:05:59","modified_gmt":"2012-02-11T19:05:59","slug":"nuevas-formas-de-comunicacion-cibermedios-y-medios-moviles","status":"publish","type":"page","link":"https:\/\/blog.espol.edu.ec\/aagarci\/nuevas-formas-de-comunicacion-cibermedios-y-medios-moviles\/","title":{"rendered":"Nuevas formas de comunicaci\u00f3n: cibermedios y medios m\u00f3viles"},"content":{"rendered":"<p>Las trasformaciones t\u00e9cnico-comunicativas han propiciado la incorporaci\u00f3n de los medios tradicionales a Internet y la creaci\u00f3n de otros dentro de la Red. Entre Todos, debido a su compleja innovaci\u00f3n, dan origen a los cibermedios y organizan una situaci\u00f3n comunicativa diferente a la de los sistemas tradicionales al atravesarla por los procesos de interactividad. En este monogr\u00e1fico no se pretende ofrecer una aportaci\u00f3n exhaustiva, pero si resaltar aquellos aspectos que han sido menos abordados en las investigaciones anteriores sobre los medios de comunicaci\u00f3n en Internet.<br \/>\nAutor: Mariano Cebri\u00e1n Herreros<\/p>\n<p>RECYT <a href=\"http:\/\/granat.boumort.cesca.es\/index.php\/comunicar\/article\/view\/c33-2009-01-001\/5950\">http:\/\/granat.boumort.cesca.es\/index.php\/comunicar\/article\/view\/c33-2009-01-001\/5950<\/a><\/p>\n<p>&nbsp;<\/p>\n","protected":false},"excerpt":{"rendered":"<p>Las trasformaciones t\u00e9cnico-comunicativas han propiciado la incorporaci\u00f3n de los medios tradicionales a Internet y la creaci\u00f3n de otros dentro de la Red. Entre Todos, debido a su compleja innovaci\u00f3n, dan origen a los cibermedios y organizan una situaci\u00f3n comunicativa diferente a la de los sistemas tradicionales al atravesarla por los procesos de interactividad. En este [&hellip;]<\/p>\n","protected":false},"author":512,"featured_media":0,"parent":0,"menu_order":0,"comment_status":"open","ping_status":"open","template":"","meta":{"footnotes":""},"class_list":["post-114","page","type-page","status-publish","hentry"],"_links":{"self":[{"href":"https:\/\/blog.espol.edu.ec\/aagarci\/wp-json\/wp\/v2\/pages\/114","targetHints":{"allow":["GET"]}}],"collection":[{"href":"https:\/\/blog.espol.edu.ec\/aagarci\/wp-json\/wp\/v2\/pages"}],"about":[{"href":"https:\/\/blog.espol.edu.ec\/aagarci\/wp-json\/wp\/v2\/types\/page"}],"author":[{"embeddable":true,"href":"https:\/\/blog.espol.edu.ec\/aagarci\/wp-json\/wp\/v2\/users\/512"}],"replies":[{"embeddable":true,"href":"https:\/\/blog.espol.edu.ec\/aagarci\/wp-json\/wp\/v2\/comments?post=114"}],"version-history":[{"count":3,"href":"https:\/\/blog.espol.edu.ec\/aagarci\/wp-json\/wp\/v2\/pages\/114\/revisions"}],"predecessor-version":[{"id":118,"href":"https:\/\/blog.espol.edu.ec\/aagarci\/wp-json\/wp\/v2\/pages\/114\/revisions\/118"}],"wp:attachment":[{"href":"https:\/\/blog.espol.edu.ec\/aagarci\/wp-json\/wp\/v2\/media?parent=114"}],"curies":[{"name":"wp","href":"https:\/\/api.w.org\/{rel}","templated":true}]}}