{"id":143,"date":"2012-02-11T20:27:11","date_gmt":"2012-02-12T01:27:11","guid":{"rendered":"http:\/\/blog.espol.edu.ec\/aagarci\/?page_id=143"},"modified":"2012-02-11T20:27:11","modified_gmt":"2012-02-12T01:27:11","slug":"la-evolucion-del-diseno-grafico-en-la-prensa-de-provincias-1850-1936-estructuras-de-compaginacion","status":"publish","type":"page","link":"https:\/\/blog.espol.edu.ec\/aagarci\/la-evolucion-del-diseno-grafico-en-la-prensa-de-provincias-1850-1936-estructuras-de-compaginacion\/","title":{"rendered":"La evoluci\u00f3n del dise\u00f1o gr\u00e1fico en la prensa de provincias (1850-1936) : estructuras de compaginaci\u00f3n"},"content":{"rendered":"<p>Analiza la prensa de provincias en el periodo antes dicho deteni\u00e9ndose en las se\u00f1as de identidad de los peri\u00f3dicos seleccionados en funci\u00f3n de ellas. El dise\u00f1o de sus paginas, y las paginas especiales, realizando un estudio pormenorizado del defensor de granada como muestra representativa.<\/p>\n<p>Autor: Gragera Mart\u00edn de Saavedra, Manuel<\/p>\n<p>DIGIBUG Respositorio Institucional de la Universidad de Granada<a href=\"http:\/\/digibug.ugr.es\/handle\/10481\/6191\"> http:\/\/digibug.ugr.es\/handle\/10481\/6191<\/a><\/p>\n","protected":false},"excerpt":{"rendered":"<p>Analiza la prensa de provincias en el periodo antes dicho deteni\u00e9ndose en las se\u00f1as de identidad de los peri\u00f3dicos seleccionados en funci\u00f3n de ellas. El dise\u00f1o de sus paginas, y las paginas especiales, realizando un estudio pormenorizado del defensor de granada como muestra representativa. Autor: Gragera Mart\u00edn de Saavedra, Manuel DIGIBUG Respositorio Institucional de la [&hellip;]<\/p>\n","protected":false},"author":512,"featured_media":0,"parent":0,"menu_order":0,"comment_status":"open","ping_status":"open","template":"","meta":{"footnotes":""},"class_list":["post-143","page","type-page","status-publish","hentry"],"_links":{"self":[{"href":"https:\/\/blog.espol.edu.ec\/aagarci\/wp-json\/wp\/v2\/pages\/143","targetHints":{"allow":["GET"]}}],"collection":[{"href":"https:\/\/blog.espol.edu.ec\/aagarci\/wp-json\/wp\/v2\/pages"}],"about":[{"href":"https:\/\/blog.espol.edu.ec\/aagarci\/wp-json\/wp\/v2\/types\/page"}],"author":[{"embeddable":true,"href":"https:\/\/blog.espol.edu.ec\/aagarci\/wp-json\/wp\/v2\/users\/512"}],"replies":[{"embeddable":true,"href":"https:\/\/blog.espol.edu.ec\/aagarci\/wp-json\/wp\/v2\/comments?post=143"}],"version-history":[{"count":2,"href":"https:\/\/blog.espol.edu.ec\/aagarci\/wp-json\/wp\/v2\/pages\/143\/revisions"}],"predecessor-version":[{"id":145,"href":"https:\/\/blog.espol.edu.ec\/aagarci\/wp-json\/wp\/v2\/pages\/143\/revisions\/145"}],"wp:attachment":[{"href":"https:\/\/blog.espol.edu.ec\/aagarci\/wp-json\/wp\/v2\/media?parent=143"}],"curies":[{"name":"wp","href":"https:\/\/api.w.org\/{rel}","templated":true}]}}