{"id":155,"date":"2012-02-12T18:53:48","date_gmt":"2012-02-12T23:53:48","guid":{"rendered":"http:\/\/blog.espol.edu.ec\/aagarci\/?page_id=155"},"modified":"2012-02-12T18:57:33","modified_gmt":"2012-02-12T23:57:33","slug":"red-de-revistas-cientificas-de-america-latina-y-el-caribe-espana-y-portugal","status":"publish","type":"page","link":"https:\/\/blog.espol.edu.ec\/aagarci\/red-de-revistas-cientificas-de-america-latina-y-el-caribe-espana-y-portugal\/","title":{"rendered":"Pervivencia de la prensa escrita en Espa\u00f1a: La influencia de la edad tecnol\u00f3gica en los lectores"},"content":{"rendered":"<p>El objetivo del presente art\u00edculo es analizar la evoluci\u00f3n del periodismo digital a corto y medio plazo en Espa\u00f1a a partir de la edad tecnol\u00f3gica de los lectores: c\u00f3mo ha cambiado la forma de construir y recibir una noticia. Por otro lado, tambi\u00e9n se plantea la supervivencia de la prensa escrita en una sociedad donde la brecha digital parece afianzarse cuando no agrandarse.<\/p>\n<p>Autor: Sonia Mart\u00ednez Bueno<\/p>\n<p>REDALYC Red de Revistas Cient\u00edficas de Am\u00e9rica Latina y el Caribe, Espa\u00f1a y Portugal <a href=\"http:\/\/redalyc.uaemex.mx\/src\/inicio\/ArtPdfRed.jsp?iCve=16620599002\">http:\/\/redalyc.uaemex.mx\/src\/inicio\/ArtPdfRed.jsp?iCve=16620599002<\/a><\/p>\n","protected":false},"excerpt":{"rendered":"<p>El objetivo del presente art\u00edculo es analizar la evoluci\u00f3n del periodismo digital a corto y medio plazo en Espa\u00f1a a partir de la edad tecnol\u00f3gica de los lectores: c\u00f3mo ha cambiado la forma de construir y recibir una noticia. Por otro lado, tambi\u00e9n se plantea la supervivencia de la prensa escrita en una sociedad donde [&hellip;]<\/p>\n","protected":false},"author":512,"featured_media":0,"parent":0,"menu_order":0,"comment_status":"open","ping_status":"open","template":"","meta":{"footnotes":""},"class_list":["post-155","page","type-page","status-publish","hentry"],"_links":{"self":[{"href":"https:\/\/blog.espol.edu.ec\/aagarci\/wp-json\/wp\/v2\/pages\/155","targetHints":{"allow":["GET"]}}],"collection":[{"href":"https:\/\/blog.espol.edu.ec\/aagarci\/wp-json\/wp\/v2\/pages"}],"about":[{"href":"https:\/\/blog.espol.edu.ec\/aagarci\/wp-json\/wp\/v2\/types\/page"}],"author":[{"embeddable":true,"href":"https:\/\/blog.espol.edu.ec\/aagarci\/wp-json\/wp\/v2\/users\/512"}],"replies":[{"embeddable":true,"href":"https:\/\/blog.espol.edu.ec\/aagarci\/wp-json\/wp\/v2\/comments?post=155"}],"version-history":[{"count":4,"href":"https:\/\/blog.espol.edu.ec\/aagarci\/wp-json\/wp\/v2\/pages\/155\/revisions"}],"predecessor-version":[{"id":158,"href":"https:\/\/blog.espol.edu.ec\/aagarci\/wp-json\/wp\/v2\/pages\/155\/revisions\/158"}],"wp:attachment":[{"href":"https:\/\/blog.espol.edu.ec\/aagarci\/wp-json\/wp\/v2\/media?parent=155"}],"curies":[{"name":"wp","href":"https:\/\/api.w.org\/{rel}","templated":true}]}}