{"id":5,"date":"2012-02-07T16:30:24","date_gmt":"2012-02-07T21:30:24","guid":{"rendered":"http:\/\/blog.espol.edu.ec\/aagarci\/?page_id=5"},"modified":"2012-02-13T11:22:55","modified_gmt":"2012-02-13T16:22:55","slug":"revistas","status":"publish","type":"page","link":"https:\/\/blog.espol.edu.ec\/aagarci\/revistas\/","title":{"rendered":"Revistas Especializadas"},"content":{"rendered":"<p>Informaci\u00f3n en revistas cient\u00edficas y especializadas, sobre los diferentes temas que abarca los medios de comunicaci\u00f3n. De libre acceso a los textos completos de las diferentes investigaciones realizadas.<\/p>\n<ul>\n<li><a title=\"La investigaci\u00f3n sobre comunicaci\u00f3n en Espa\u00f1a. Evoluci\u00f3n hist\u00f3rica y retos actuales\" href=\"http:\/\/blog.espol.edu.ec\/aagarci\/investigacion-sobre-comunicacion-en-espana-evolucion-y-perspectivas\/\">La investigaci\u00f3n sobre comunicaci\u00f3n en Espa\u00f1a, evoluci\u00f3n y perspectivas - Revista Latina<\/a><\/li>\n<li><a title=\"Convivencia de la prensa escrita y la prensa \u201con line\u201d en su transici\u00f3n hacia el modelo de comunicaci\u00f3n multimedia\" href=\"http:\/\/blog.espol.edu.ec\/aagarci\/convivencia-de-la-prensa-escrita-y-la-prensa-%e2%80%9con-line%e2%80%9d-en-su-transicion-hacia-el-modelo-de-comunicacion-multimedia\/\">Convivencia de la prensa escrita y la prensa \u201con line\u201d en su transici\u00f3n hacia el modelo de comunicaci\u00f3n multimedia -Revista Cient\u00edfica Complutenses<\/a><\/li>\n<li><a title=\"Nuevas formas de comunicaci\u00f3n: cibermedios y medios m\u00f3viles\" href=\"http:\/\/blog.espol.edu.ec\/aagarci\/nuevas-formas-de-comunicacion-cibermedios-y-medios-moviles\/\">Nuevas formas de comunicaci\u00f3n: cibermedios y medios m\u00f3viles - RECYT<\/a><\/li>\n<li><a title=\"An\u00e1lisis econ\u00f3mico de la evoluci\u00f3n de las audiencias de los medios tradicionales e impacto de Internet en su consumo\" href=\"http:\/\/blog.espol.edu.ec\/aagarci\/analisis-economico-de-la-evolucion-de-las-audiencias-de-los-medios-tradicionales-e-impacto-de-internet-en-su-consumo\/\">An\u00e1lisis econ\u00f3mico de la evoluci\u00f3n de las audiencias de los medios tradicionales e impacto de Internet en su consumo - Revista Cient\u00edfica Complutenses<\/a><\/li>\n<li><a title=\"Pervivencia de la prensa escrita en Espa\u00f1a: La influencia de la edad tecnol\u00f3gica en los lectores\" href=\"http:\/\/blog.espol.edu.ec\/aagarci\/red-de-revistas-cientificas-de-america-latina-y-el-caribe-espana-y-portugal\/\">Pervivencia de la prensa escrita en Espa\u00f1a: La influencia de la edad tecnol\u00f3gica en los lectores - REDALYC<\/a><\/li>\n<\/ul>\n<p>&nbsp;<\/p>\n","protected":false},"excerpt":{"rendered":"<p>Informaci\u00f3n en revistas cient\u00edficas y especializadas, sobre los diferentes temas que abarca los medios de comunicaci\u00f3n. De libre acceso a los textos completos de las diferentes investigaciones realizadas. La investigaci\u00f3n sobre comunicaci\u00f3n en Espa\u00f1a, evoluci\u00f3n y perspectivas - Revista Latina Convivencia de la prensa escrita y la prensa \u201con line\u201d en su transici\u00f3n hacia el [&hellip;]<\/p>\n","protected":false},"author":512,"featured_media":0,"parent":0,"menu_order":0,"comment_status":"open","ping_status":"open","template":"","meta":{"footnotes":""},"class_list":["post-5","page","type-page","status-publish","hentry"],"_links":{"self":[{"href":"https:\/\/blog.espol.edu.ec\/aagarci\/wp-json\/wp\/v2\/pages\/5","targetHints":{"allow":["GET"]}}],"collection":[{"href":"https:\/\/blog.espol.edu.ec\/aagarci\/wp-json\/wp\/v2\/pages"}],"about":[{"href":"https:\/\/blog.espol.edu.ec\/aagarci\/wp-json\/wp\/v2\/types\/page"}],"author":[{"embeddable":true,"href":"https:\/\/blog.espol.edu.ec\/aagarci\/wp-json\/wp\/v2\/users\/512"}],"replies":[{"embeddable":true,"href":"https:\/\/blog.espol.edu.ec\/aagarci\/wp-json\/wp\/v2\/comments?post=5"}],"version-history":[{"count":16,"href":"https:\/\/blog.espol.edu.ec\/aagarci\/wp-json\/wp\/v2\/pages\/5\/revisions"}],"predecessor-version":[{"id":205,"href":"https:\/\/blog.espol.edu.ec\/aagarci\/wp-json\/wp\/v2\/pages\/5\/revisions\/205"}],"wp:attachment":[{"href":"https:\/\/blog.espol.edu.ec\/aagarci\/wp-json\/wp\/v2\/media?parent=5"}],"curies":[{"name":"wp","href":"https:\/\/api.w.org\/{rel}","templated":true}]}}

<p>Información en revistas científicas y especializadas, sobre los diferentes temas que abarca los medios de comunicación. De libre acceso a los textos completos de las diferentes investigaciones realizadas.</p>
<ul>
<li><a title="La investigación sobre comunicación en España. Evolución histórica y retos actuales" href="http://blog.espol.edu.ec/aagarci/investigacion-sobre-comunicacion-en-espana-evolucion-y-perspectivas/">La investigación sobre comunicación en España, evolución y perspectivas - Revista Latina</a></li>
<li><a title="Convivencia de la prensa escrita y la prensa “on line” en su transición hacia el modelo de comunicación multimedia" href="http://blog.espol.edu.ec/aagarci/convivencia-de-la-prensa-escrita-y-la-prensa-%e2%80%9con-line%e2%80%9d-en-su-transicion-hacia-el-modelo-de-comunicacion-multimedia/">Convivencia de la prensa escrita y la prensa “on line” en su transición hacia el modelo de comunicación multimedia -Revista Científica Complutenses</a></li>
<li><a title="Nuevas formas de comunicación: cibermedios y medios móviles" href="http://blog.espol.edu.ec/aagarci/nuevas-formas-de-comunicacion-cibermedios-y-medios-moviles/">Nuevas formas de comunicación: cibermedios y medios móviles - RECYT</a></li>
<li><a title="Análisis económico de la evolución de las audiencias de los medios tradicionales e impacto de Internet en su consumo" href="http://blog.espol.edu.ec/aagarci/analisis-economico-de-la-evolucion-de-las-audiencias-de-los-medios-tradicionales-e-impacto-de-internet-en-su-consumo/">Análisis económico de la evolución de las audiencias de los medios tradicionales e impacto de Internet en su consumo - Revista Científica Complutenses</a></li>
<li><a title="Pervivencia de la prensa escrita en España: La influencia de la edad tecnológica en los lectores" href="http://blog.espol.edu.ec/aagarci/red-de-revistas-cientificas-de-america-latina-y-el-caribe-espana-y-portugal/">Pervivencia de la prensa escrita en España: La influencia de la edad tecnológica en los lectores - REDALYC</a></li>
</ul>
<p>&nbsp;</p>

<p>Información en revistas científicas y especializadas, sobre los diferentes temas que abarca los medios de comunicación. De libre acceso a los textos completos de las diferentes investigaciones realizadas. La investigación sobre comunicación en España, evolución y perspectivas - Revista Latina Convivencia de la prensa escrita y la prensa “on line” en su transición hacia el [&hellip;]</p>
