{"id":17,"date":"2011-05-25T03:51:15","date_gmt":"2011-05-25T03:51:15","guid":{"rendered":"http:\/\/blog.espol.edu.ec\/aagila\/?page_id=17"},"modified":"2011-06-10T02:37:47","modified_gmt":"2011-06-10T02:37:47","slug":"examenes-de-ingreso-ingenierias","status":"publish","type":"page","link":"https:\/\/blog.espol.edu.ec\/aagila\/examenes-de-ingreso-ingenierias\/","title":{"rendered":"Ex\u00e1menes de ingreso !!(ingenier\u00edas)"},"content":{"rendered":"<p><a href=\"http:\/\/www.dspace.espol.edu.ec\/bitstream\/123456789\/6429\/1\/m2008.pdf\"><\/a><a href=\"http:\/\/www.dspace.espol.edu.ec\/bitstream\/123456789\/6429\/1\/m2008.pdf\" target=\"_blank\">Ex\u00e1men matem\u00e1ticas 2008:<\/a><\/p>\n<p><a href=\"http:\/\/www.dspace.espol.edu.ec\/bitstream\/123456789\/14146\/1\/MATEMATICAS%20INGENIERIAS%202011%2008h00-10h00Ver0.pdf\" target=\"_blank\">Ex\u00e1men de ingreso matem\u00e1ticas 2011:<\/a><\/p>\n<p><a href=\"http:\/\/www.dspace.espol.edu.ec\/bitstream\/123456789\/8572\/1\/1EX-2010-FISICA_INGENIERIAS.pdf\" target=\"_blank\">Ex\u00e1men de ingreso f\u00edsica 2010:<\/a><\/p>\n<p><a href=\"http:\/\/www.dspace.espol.edu.ec\/bitstream\/123456789\/8590\/1\/1EX-2010-QUIMICA_INGENIERIAS_01.pdf\" target=\"_blank\">Ex\u00e1men de ingreso quimica 2009:<\/a><\/p>\n<p><a href=\"http:\/\/www.dspace.espol.edu.ec\/bitstream\/123456789\/14153\/1\/QUIMICA%20INGENIERIAS%20EUNCAB-ICQA-1-OG-12-2011-VERSION%200-CON%20RESPUEST\" target=\"_blank\">Ex\u00e1men de ingreso quimica 2010:<\/a><\/p>\n<p><a href=\"http:\/\/blog.espol.edu.ec\/aagila\/examenes-de-ingreso-ingenierias\/\" target=\"_blank\">Ex\u00e1men de aptitud acad\u00e9mica:<\/a><\/p>\n","protected":false},"excerpt":{"rendered":"<p>Ex\u00e1men matem\u00e1ticas 2008: Ex\u00e1men de ingreso matem\u00e1ticas 2011: Ex\u00e1men de ingreso f\u00edsica 2010: Ex\u00e1men de ingreso quimica 2009: Ex\u00e1men de ingreso quimica 2010: Ex\u00e1men de aptitud acad\u00e9mica:<\/p>\n","protected":false},"author":5762,"featured_media":0,"parent":0,"menu_order":0,"comment_status":"open","ping_status":"open","template":"","meta":{"footnotes":""},"class_list":["post-17","page","type-page","status-publish","hentry"],"_links":{"self":[{"href":"https:\/\/blog.espol.edu.ec\/aagila\/wp-json\/wp\/v2\/pages\/17","targetHints":{"allow":["GET"]}}],"collection":[{"href":"https:\/\/blog.espol.edu.ec\/aagila\/wp-json\/wp\/v2\/pages"}],"about":[{"href":"https:\/\/blog.espol.edu.ec\/aagila\/wp-json\/wp\/v2\/types\/page"}],"author":[{"embeddable":true,"href":"https:\/\/blog.espol.edu.ec\/aagila\/wp-json\/wp\/v2\/users\/5762"}],"replies":[{"embeddable":true,"href":"https:\/\/blog.espol.edu.ec\/aagila\/wp-json\/wp\/v2\/comments?post=17"}],"version-history":[{"count":8,"href":"https:\/\/blog.espol.edu.ec\/aagila\/wp-json\/wp\/v2\/pages\/17\/revisions"}],"predecessor-version":[{"id":42,"href":"https:\/\/blog.espol.edu.ec\/aagila\/wp-json\/wp\/v2\/pages\/17\/revisions\/42"}],"wp:attachment":[{"href":"https:\/\/blog.espol.edu.ec\/aagila\/wp-json\/wp\/v2\/media?parent=17"}],"curies":[{"name":"wp","href":"https:\/\/api.w.org\/{rel}","templated":true}]}}