{"id":20,"date":"2011-05-25T03:59:47","date_gmt":"2011-05-25T03:59:47","guid":{"rendered":"http:\/\/blog.espol.edu.ec\/aagila\/?page_id=20"},"modified":"2011-06-10T02:40:23","modified_gmt":"2011-06-10T02:40:23","slug":"proceso-de-admision","status":"publish","type":"page","link":"https:\/\/blog.espol.edu.ec\/aagila\/proceso-de-admision\/","title":{"rendered":"Proceso de admision"},"content":{"rendered":"<p>EL INGRESO A LA <a href=\"www.espol.edu.ec\" target=\"_blank\">ESPOL<\/a>:<\/p>\n<p><strong>La admisi\u00f3n a la <a href=\"www.espol.edu.ec\" target=\"_blank\">ESPOL<\/a> estar\u00e1 sujeta al siguiente esquema:<\/strong><br \/>\n<strong>a)<\/strong> No se podr\u00e1n presentar a los Ex\u00e1menes de Ubicaci\u00f3n, los estudiantes que est\u00e9n cursando el Quinto a\u00f1o.<br \/>\n<strong>b)<\/strong> Todo aspirante a ingresar a ESPOL, obligatoriamente deber\u00e1 presentarse a los <a href=\"http:\/\/blog.espol.edu.ec\/aagila\/examenes-de-ingreso-ingenierias\/\" target=\"_blank\">EX\u00c1MENES DE UBICACI\u00d3N<\/a> (diciembre de cada a\u00f1o) el valor del registro es: $ 10.00<br \/>\nPara aquellos que se presentan por segunda o tercera vez al examen de ubicaci\u00f3n cancelar\u00e1n $ 25.00 por materia.<br \/>\n<strong>c)<\/strong> Los aspirantes que aprueban el Examen de Ubicaci\u00f3n ingresar\u00e1n directamente a la ESPOL en el I t\u00e9rmino Acad\u00e9mico (Mayo).<br \/>\n<strong>d)<\/strong> Adem\u00e1s de los ex\u00e1menes de Conocimientos, el aspirante debe rendir un <a href=\"http:\/\/blog.espol.edu.ec\/aagila\/examenes-de-ingreso-ingenierias\/\" target=\"_blank\">examen de Aptitud Acad\u00e9mica<\/a> (conocimientos generales)<br \/>\n<strong>e)<\/strong> Los estudiantes que no aprueban el Examen de Ubicaci\u00f3n, pasan al Nivel Cero A o al nivel Cero B durante el per\u00edodo vacacional (febrero a abril), de acuerdo a las calificaciones obtenidas.<br \/>\n<strong>f)<\/strong> Los cursos de Nivel Cero A y Nivel Cero B ser\u00e1n dictados para las carreras de: <a href=\"http:\/\/www.fimcp.espol.edu.ec\/webpages\/pag-im.html\" target=\"_blank\">Ingenier\u00eda Mec\u00e1nica<\/a>, Ingenier\u00eda en Computaci\u00f3n, Ingenier\u00eda en Telem\u00e1tica, Ingenier\u00eda en Electr\u00f3nica y Telecomunicaciones, Ingenier\u00eda en Electricidad, Ingenier\u00eda Civil, Ingenier\u00eda en Geolog\u00eda, Ingenier\u00eda de Minas, Ingenier\u00eda de Petr\u00f3leos, Ingenier\u00eda Naval, Ingenier\u00eda en Alimentos, Ingenier\u00eda Agropecuaria, Ingenier\u00eda y Administraci\u00f3n de la Producci\u00f3n Industrial, Ingenier\u00eda Qu\u00edmica, Ingenier\u00eda en Estad\u00edstica Inform\u00e1tica e Ingenier\u00eda en Log\u00edstica y Transporte.<br \/>\n<strong>g)<\/strong> Las dem\u00e1s carreras tendr\u00e1n un solo Nivel. (febrero hasta abril)<br \/>\n<strong>h)<\/strong> Para registrarse al nivel cero solo cancelar\u00e1n Tasas ($20.00). Para aquellos que vienen por segunda ocasi\u00f3n al nivel cero en las mismas materias, cancelar\u00e1n $ 100.00 por c\/materia m\u00e1s tasa Administrativa ($ 20.00.), aquellos que vienen por tercera vez al nivel cero cancelar\u00e1n $ 150.00 por c\/materia m\u00e1s tasa Administrativa ($ 20.00)<br \/>\n<strong>i)<\/strong> Los estudiantes que aprueban el Nivel Cero B ingresan a la ESPOL en el I T\u00e9rmino Acad\u00e9mico (Mayo).<br \/>\n<strong>j)<\/strong> S\u00f3lo se podr\u00e1n inscribir en el Nivel Cero B aquellos estudiantes que fueron seleccionados para este nivel en el Examen de Ubicaci\u00f3n.<br \/>\n<strong>k)<\/strong> Los estudiantes que no aprueban el Nivel Cero B en per\u00edodo vacacional podr\u00e1n repetirlo en el Verano (valor del registro: $ 100.00 c\/materia + tasas); de aprobarlo ingresan a la ESPOL en el II T\u00e9rmino Acad\u00e9mico (Octubre).<br \/>\n<strong>l)<\/strong> Los estudiantes que aprueban el Nivel Cero A en el per\u00edodo vacacional (febrero) pasan al Nivel Cero B en Verano, de aporbarlo ingresan a ESPOL en el II T\u00e9rmino Acad\u00e9mico (Octubre).<br \/>\n<strong>m)<\/strong> Durante estos cursos se receptar\u00e1n 3 evaluaciones. La calificaci\u00f3n final se obtendr\u00e1 sumando las dos mejores calificaciones de las tres y dividi\u00e9ndose esa cifra para 20, obteni\u00e9ndose de esta forma una calificaci\u00f3n entre 0.00 y 10.00. Para aprobar deber\u00e1 tener una calificaci\u00f3n m\u00ednima de 6.00 en cada una de las materias.<\/p>\n<p>EX\u00c1MEN DE UBICACI\u00d3N:<\/p>\n<p>El examen de ubicaci\u00f3n para los aspirantes, consistir\u00e1 en la recepci\u00f3n de un examen con car\u00e1cter obligatorio.<br \/>\nEn base al resultado que obtenga el aspirante, se proceder\u00e1 a su respectiva ubicaci\u00f3n, dependiendo de la carrera en el:<\/p>\n<p><strong>- Curso de Nivel Cero<br \/>\n- Curso de Nivel Cero A<br \/>\n- Curso de Nivel Cero B<br \/>\n- Primer Semestre<\/strong><\/p>\n<p>Para poder establecer la ubicaci\u00f3n del aspirante, \u00e9ste debe realizar:<br \/>\nEx\u00e1menes de conocimientos, cuyo n\u00famero de materias depender\u00e1 de la carrera.<br \/>\nSi no aprueba todas sus materias, el aspirante se ubicar\u00e1 en una sola modalidad de Curso de Nivel Cero (en las materias no aprobadas).<\/p>\n<p>PRUEBA DE APTITUD ACAD\u00c9MICA:<\/p>\n<p>La PAA ser\u00e1 receptada a los estudiantes admitidos al Nivel Cero, y se la tomar\u00e1 en fecha posterior al Examen de Ubicaci\u00f3n.<br \/>\nLos aspirantes que se encuentran admitidos al Nivel Cero, podr\u00e1n contar con los puntos obtenidos en la PAA.<br \/>\nEl aspirante obtendr\u00e1 puntos adicionales al promedio sobre 10 de cada materia, si obtiene 50 o m\u00e1s puntos en la PAA.<\/p>\n<p>ESTUDIANTES UBICADOS EN EL NIVEL CERO A:<\/p>\n<p>Los estudiantes ubicados en el Nivel Cero A, pasar\u00e1n al Nivel Cero B despu\u00e9s de obtener una calificaci\u00f3n promedio de 60\/100 \u00f3 m\u00e1s en todas las materias de dicho nivel.<\/p>\n<p>ESQUEMA DEL PROCESO DE ADMISION:<\/p>\n<p style=\"text-align: center\"><img decoding=\"async\" class=\"aligncenter\" src=\"http:\/\/www.admision.espol.edu.ec\/proceso.jpg\" alt=\"image\" \/><\/p>\n","protected":false},"excerpt":{"rendered":"<p>EL INGRESO A LA ESPOL: La admisi\u00f3n a la ESPOL estar\u00e1 sujeta al siguiente esquema: a) No se podr\u00e1n presentar a los Ex\u00e1menes de Ubicaci\u00f3n, los estudiantes que est\u00e9n cursando el Quinto a\u00f1o. b) Todo aspirante a ingresar a ESPOL, obligatoriamente deber\u00e1 presentarse a los EX\u00c1MENES DE UBICACI\u00d3N (diciembre de cada a\u00f1o) el valor del [&hellip;]<\/p>\n","protected":false},"author":5762,"featured_media":0,"parent":0,"menu_order":0,"comment_status":"open","ping_status":"open","template":"","meta":{"footnotes":""},"class_list":["post-20","page","type-page","status-publish","hentry"],"_links":{"self":[{"href":"https:\/\/blog.espol.edu.ec\/aagila\/wp-json\/wp\/v2\/pages\/20","targetHints":{"allow":["GET"]}}],"collection":[{"href":"https:\/\/blog.espol.edu.ec\/aagila\/wp-json\/wp\/v2\/pages"}],"about":[{"href":"https:\/\/blog.espol.edu.ec\/aagila\/wp-json\/wp\/v2\/types\/page"}],"author":[{"embeddable":true,"href":"https:\/\/blog.espol.edu.ec\/aagila\/wp-json\/wp\/v2\/users\/5762"}],"replies":[{"embeddable":true,"href":"https:\/\/blog.espol.edu.ec\/aagila\/wp-json\/wp\/v2\/comments?post=20"}],"version-history":[{"count":4,"href":"https:\/\/blog.espol.edu.ec\/aagila\/wp-json\/wp\/v2\/pages\/20\/revisions"}],"predecessor-version":[{"id":78,"href":"https:\/\/blog.espol.edu.ec\/aagila\/wp-json\/wp\/v2\/pages\/20\/revisions\/78"}],"wp:attachment":[{"href":"https:\/\/blog.espol.edu.ec\/aagila\/wp-json\/wp\/v2\/media?parent=20"}],"curies":[{"name":"wp","href":"https:\/\/api.w.org\/{rel}","templated":true}]}}