{"id":9,"date":"2011-05-20T18:20:08","date_gmt":"2011-05-20T18:20:08","guid":{"rendered":"http:\/\/blog.espol.edu.ec\/aagila\/?page_id=9"},"modified":"2011-05-20T18:20:08","modified_gmt":"2011-05-20T18:20:08","slug":"mi-primera-pagina","status":"publish","type":"page","link":"https:\/\/blog.espol.edu.ec\/aagila\/mi-primera-pagina\/","title":{"rendered":"Mi Primera P\u00e0gina"},"content":{"rendered":"<p>Esta es mi\u00a0 primera p\u00e0gina en donde me siento orgulloso por este gran paso que es el de crear una p\u00e0gina tan fabulosa !!!, tendr\u00e8 muchas noticias que a muchos les llegar\u00e0 !!!<\/p>\n","protected":false},"excerpt":{"rendered":"<p>Esta es mi\u00a0 primera p\u00e0gina en donde me siento orgulloso por este gran paso que es el de crear una p\u00e0gina tan fabulosa !!!, tendr\u00e8 muchas noticias que a muchos les llegar\u00e0 !!!<\/p>\n","protected":false},"author":5762,"featured_media":0,"parent":0,"menu_order":0,"comment_status":"open","ping_status":"open","template":"","meta":{"footnotes":""},"class_list":["post-9","page","type-page","status-publish","hentry"],"_links":{"self":[{"href":"https:\/\/blog.espol.edu.ec\/aagila\/wp-json\/wp\/v2\/pages\/9","targetHints":{"allow":["GET"]}}],"collection":[{"href":"https:\/\/blog.espol.edu.ec\/aagila\/wp-json\/wp\/v2\/pages"}],"about":[{"href":"https:\/\/blog.espol.edu.ec\/aagila\/wp-json\/wp\/v2\/types\/page"}],"author":[{"embeddable":true,"href":"https:\/\/blog.espol.edu.ec\/aagila\/wp-json\/wp\/v2\/users\/5762"}],"replies":[{"embeddable":true,"href":"https:\/\/blog.espol.edu.ec\/aagila\/wp-json\/wp\/v2\/comments?post=9"}],"version-history":[{"count":2,"href":"https:\/\/blog.espol.edu.ec\/aagila\/wp-json\/wp\/v2\/pages\/9\/revisions"}],"predecessor-version":[{"id":11,"href":"https:\/\/blog.espol.edu.ec\/aagila\/wp-json\/wp\/v2\/pages\/9\/revisions\/11"}],"wp:attachment":[{"href":"https:\/\/blog.espol.edu.ec\/aagila\/wp-json\/wp\/v2\/media?parent=9"}],"curies":[{"name":"wp","href":"https:\/\/api.w.org\/{rel}","templated":true}]}}