{"id":59,"date":"2016-05-22T17:14:05","date_gmt":"2016-05-22T17:14:05","guid":{"rendered":"http:\/\/blog.espol.edu.ec\/abaguila\/?page_id=59"},"modified":"2016-05-22T21:18:45","modified_gmt":"2016-05-22T21:18:45","slug":"59-2","status":"publish","type":"page","link":"https:\/\/blog.espol.edu.ec\/abaguila\/59-2\/","title":{"rendered":"\u00bfPor qu\u00e9 es importante cuidar tu piel?"},"content":{"rendered":"<p><span style=\"color: #666699\">La piel es nuestra barrera de protecci\u00f3n ante cualquier cantidad de agentes externos, por eso, es necesario conservar su integridad para asegurarnos de que cumpla bien sus funciones.<\/span><\/p>\n<div class=\"hidden-desktop\"><\/div>\n<div class=\"itemBody\">\n<div class=\"itemImageBlock\">\n<p><span class=\"itemImage\"><a class=\"modal\" title=\"Clic para vista previa de la imagen\" href=\"https:\/\/vibra-500700.c.cdn77.org\/media\/k2\/items\/cache\/bbdd9bab523659f72e79235cef0a8565_XL.jpg\" rel=\"{handler: 'image'}\"><img loading=\"lazy\" decoding=\"async\" class=\"\" src=\"https:\/\/vibra-500700.c.cdn77.org\/media\/k2\/items\/cache\/bbdd9bab523659f72e79235cef0a8565_L.jpg\" alt=\"\u00bfPor qu\u00e9 es importante cuidar tu piel?\" width=\"339\" height=\"225\" \/><\/a><\/span><\/p>\n<\/div>\n<div class=\"itemFullText\">\n<p>Una piel sana y cuidada refleja unos \u00f3ptimos h\u00e1bitos de salud, higiene y nutrici\u00f3n.<\/p>\n<p>Si quieres darle a tu piel los mejores cuidados aplica estos consejos:<\/p>\n<ul>\n<li>Aspectos como la limpieza facial y la humectaci\u00f3n ya no son suficientes debes <span style=\"color: #339966\"><strong>comer<\/strong>, <strong>dormir<\/strong> <\/span>bien y hacer<span style=\"color: #339966\"><strong> ejercicio<\/strong>.<\/span><\/li>\n<li>Nutrir la piel con productos que tengan <span style=\"color: #339966\"><strong>antioxidantes<\/strong> <\/span>favorece la eliminaci\u00f3n de los radicales libres causados por los rayos ultravioleta, el estr\u00e9s y la poluci\u00f3n.<\/li>\n<li>Debes reforzar al m\u00e1ximo el <strong><span style=\"color: #339966\">protector<\/span> <span style=\"color: #339966\">solar<\/span><\/strong> en la ma\u00f1ana y en la tarde debes aplicarlo.<\/li>\n<li>Mediante la <span style=\"color: #339966\"><strong>exfoliaci\u00f3n<\/strong> <\/span>eliminas de la piel las c\u00e9lulas muertas consiguiendo que esta quede libre de todo tipo de impurezas.<\/li>\n<\/ul>\n<\/div>\n<\/div>\n","protected":false},"excerpt":{"rendered":"<p>La piel es nuestra barrera de protecci\u00f3n ante cualquier cantidad de agentes externos, por eso, es necesario conservar su integridad para asegurarnos de que cumpla bien sus funciones. Una piel sana y cuidada refleja unos \u00f3ptimos h\u00e1bitos de salud, higiene y nutrici\u00f3n. Si quieres darle a tu piel los mejores cuidados aplica estos consejos: Aspectos [&hellip;]<\/p>\n","protected":false},"author":10228,"featured_media":0,"parent":0,"menu_order":0,"comment_status":"closed","ping_status":"closed","template":"","meta":{"footnotes":""},"class_list":["post-59","page","type-page","status-publish","hentry"],"_links":{"self":[{"href":"https:\/\/blog.espol.edu.ec\/abaguila\/wp-json\/wp\/v2\/pages\/59","targetHints":{"allow":["GET"]}}],"collection":[{"href":"https:\/\/blog.espol.edu.ec\/abaguila\/wp-json\/wp\/v2\/pages"}],"about":[{"href":"https:\/\/blog.espol.edu.ec\/abaguila\/wp-json\/wp\/v2\/types\/page"}],"author":[{"embeddable":true,"href":"https:\/\/blog.espol.edu.ec\/abaguila\/wp-json\/wp\/v2\/users\/10228"}],"replies":[{"embeddable":true,"href":"https:\/\/blog.espol.edu.ec\/abaguila\/wp-json\/wp\/v2\/comments?post=59"}],"version-history":[{"count":4,"href":"https:\/\/blog.espol.edu.ec\/abaguila\/wp-json\/wp\/v2\/pages\/59\/revisions"}],"predecessor-version":[{"id":124,"href":"https:\/\/blog.espol.edu.ec\/abaguila\/wp-json\/wp\/v2\/pages\/59\/revisions\/124"}],"wp:attachment":[{"href":"https:\/\/blog.espol.edu.ec\/abaguila\/wp-json\/wp\/v2\/media?parent=59"}],"curies":[{"name":"wp","href":"https:\/\/api.w.org\/{rel}","templated":true}]}}