{"id":184,"date":"2013-05-18T15:24:06","date_gmt":"2013-05-18T20:24:06","guid":{"rendered":"http:\/\/blog.espol.edu.ec\/accionuniversitaria\/?page_id=184"},"modified":"2013-05-18T15:34:23","modified_gmt":"2013-05-18T20:34:23","slug":"generalidade","status":"publish","type":"page","link":"https:\/\/blog.espol.edu.ec\/accionuniversitaria\/generalidade\/","title":{"rendered":"Generalidades"},"content":{"rendered":"<p><strong>Or\u00edgenes:<\/strong><\/p>\n<ul>\n<li>Surge como iniciativa de universitarios del MVC (Movimiento de Vida Cristiana) que es un Movimiento Eclesial (de la Iglesia Cat\u00f3lica).<\/li>\n<li>Se trata de j\u00f3venes que no s\u00f3lo desean mantener su vida e identidad cristianas dentro de su propio centro de estudios, sino que procuran generar actividades e iniciativas que hagan presente la verdad de la fe en el mundo de la universidad y de la cultura. Al tiempo que estudian sus carreras, comprenden que la vida cristiana es para vivirla cotidianamente.<\/li>\n<\/ul>\n<div><strong>Actualidad:<\/strong><\/p>\n<ul>\n<li>Acci\u00f3n Universitaria es una asociaci\u00f3n del MVC, es decir, promovida y coordinada en general por el MVC.<\/li>\n<li>Nos encontramos en Per\u00fa, Colombia, Chile, Argentina, EEUU, Santo Domingo, Costa Rica, Canad\u00e1, Inglaterra, Australia y ECUADOR (Actualmente con sedes en Santiago de Guayaquil).<\/li>\n<li>Las sedes de Acci\u00f3n Universitaria Ecuador funcionan acorde a las pol\u00edticas y reglamentos de la universidad en las que se encuentran.<\/li>\n<\/ul>\n<\/div>\n","protected":false},"excerpt":{"rendered":"<p>Or\u00edgenes: Surge como iniciativa de universitarios del MVC (Movimiento de Vida Cristiana) que es un Movimiento Eclesial (de la Iglesia Cat\u00f3lica). Se trata de j\u00f3venes que no s\u00f3lo desean mantener su vida e identidad cristianas dentro de su propio centro de estudios, sino que procuran generar actividades e iniciativas que hagan presente la verdad de &hellip; <\/p>\n<p><a class=\"more-link btn\" href=\"https:\/\/blog.espol.edu.ec\/accionuniversitaria\/generalidade\/\">Seguir leyendo<\/a><\/p>\n","protected":false},"author":257,"featured_media":0,"parent":0,"menu_order":7,"comment_status":"open","ping_status":"open","template":"","meta":{"footnotes":""},"class_list":["post-184","page","type-page","status-publish","hentry","nodate","item-wrap"],"_links":{"self":[{"href":"https:\/\/blog.espol.edu.ec\/accionuniversitaria\/wp-json\/wp\/v2\/pages\/184","targetHints":{"allow":["GET"]}}],"collection":[{"href":"https:\/\/blog.espol.edu.ec\/accionuniversitaria\/wp-json\/wp\/v2\/pages"}],"about":[{"href":"https:\/\/blog.espol.edu.ec\/accionuniversitaria\/wp-json\/wp\/v2\/types\/page"}],"author":[{"embeddable":true,"href":"https:\/\/blog.espol.edu.ec\/accionuniversitaria\/wp-json\/wp\/v2\/users\/257"}],"replies":[{"embeddable":true,"href":"https:\/\/blog.espol.edu.ec\/accionuniversitaria\/wp-json\/wp\/v2\/comments?post=184"}],"version-history":[{"count":4,"href":"https:\/\/blog.espol.edu.ec\/accionuniversitaria\/wp-json\/wp\/v2\/pages\/184\/revisions"}],"predecessor-version":[{"id":186,"href":"https:\/\/blog.espol.edu.ec\/accionuniversitaria\/wp-json\/wp\/v2\/pages\/184\/revisions\/186"}],"wp:attachment":[{"href":"https:\/\/blog.espol.edu.ec\/accionuniversitaria\/wp-json\/wp\/v2\/media?parent=184"}],"curies":[{"name":"wp","href":"https:\/\/api.w.org\/{rel}","templated":true}]}}