{"id":153,"date":"2012-10-27T15:06:22","date_gmt":"2012-10-27T15:06:22","guid":{"rendered":"http:\/\/blog.espol.edu.ec\/adguale\/?page_id=153"},"modified":"2012-11-05T03:12:15","modified_gmt":"2012-11-05T03:12:15","slug":"calculo-de-varias-variables","status":"publish","type":"page","link":"https:\/\/blog.espol.edu.ec\/adguale\/calculo-de-varias-variables\/","title":{"rendered":"Calculo de Varias Variables"},"content":{"rendered":"<p><a title=\"View C\u00e1lculo Vectorial Washington Armas - Capitulo 2-2 on Scribd\" href=\"http:\/\/www.scribd.com\/doc\/8938059\/Calculo-Vectorial-Washington-Armas-Capitulo-22\">C\u00e1lculo Vectorial Washington Armas - Capitulo 2-2<\/a><iframe loading=\"lazy\" src=\"http:\/\/www.scribd.com\/embeds\/8938059\/content?start_page=1&amp;view_mode=scroll&amp;access_key=key-o4sfqnoy93ptt2psu84\" frameborder=\"0\" width=\"100%\" height=\"600\"><\/iframe><\/p>\n<p>Libro de C\u00e1lculo vectorial del Ing. Washington Armas..Cap\u00edtulo 2<\/p>\n<p><a title=\"View C\u00e1lculo Vectorial Capitulo 3:Diferenciaci\u00f3n de funciones escalares on Scribd\" href=\"http:\/\/www.scribd.com\/doc\/8938110\/Calculo-Vectorial-Capitulo-3Diferenciacion-de-funciones-escalares\">C\u00e1lculo Vectorial Capitulo 3:Diferenciaci\u00f3n de funciones escalares<\/a><iframe loading=\"lazy\" class=\"scribd_iframe_embed\" src=\"http:\/\/www.scribd.com\/embeds\/8938110\/content?start_page=1&amp;view_mode=scroll&amp;access_key=key-10z1psxnb7guwlbciyzs\" width=\"100%\" height=\"600\" frameborder=\"0\"><\/iframe><\/p>\n<p>Capitulo 23<\/p>\n","protected":false},"excerpt":{"rendered":"<p>C\u00e1lculo Vectorial Washington Armas - Capitulo 2-2 Libro de C\u00e1lculo vectorial del Ing. Washington Armas..Cap\u00edtulo 2 C\u00e1lculo Vectorial Capitulo 3:Diferenciaci\u00f3n de funciones escalares Capitulo 23<\/p>\n","protected":false},"author":5810,"featured_media":0,"parent":0,"menu_order":0,"comment_status":"open","ping_status":"open","template":"","meta":{"footnotes":""},"class_list":["post-153","page","type-page","status-publish","hentry"],"_links":{"self":[{"href":"https:\/\/blog.espol.edu.ec\/adguale\/wp-json\/wp\/v2\/pages\/153","targetHints":{"allow":["GET"]}}],"collection":[{"href":"https:\/\/blog.espol.edu.ec\/adguale\/wp-json\/wp\/v2\/pages"}],"about":[{"href":"https:\/\/blog.espol.edu.ec\/adguale\/wp-json\/wp\/v2\/types\/page"}],"author":[{"embeddable":true,"href":"https:\/\/blog.espol.edu.ec\/adguale\/wp-json\/wp\/v2\/users\/5810"}],"replies":[{"embeddable":true,"href":"https:\/\/blog.espol.edu.ec\/adguale\/wp-json\/wp\/v2\/comments?post=153"}],"version-history":[{"count":3,"href":"https:\/\/blog.espol.edu.ec\/adguale\/wp-json\/wp\/v2\/pages\/153\/revisions"}],"predecessor-version":[{"id":155,"href":"https:\/\/blog.espol.edu.ec\/adguale\/wp-json\/wp\/v2\/pages\/153\/revisions\/155"}],"wp:attachment":[{"href":"https:\/\/blog.espol.edu.ec\/adguale\/wp-json\/wp\/v2\/media?parent=153"}],"curies":[{"name":"wp","href":"https:\/\/api.w.org\/{rel}","templated":true}]}}