{"id":2,"date":"2010-06-04T19:05:29","date_gmt":"2010-06-04T19:05:29","guid":{"rendered":""},"modified":"2010-06-04T20:03:28","modified_gmt":"2010-06-04T20:03:28","slug":"about","status":"publish","type":"page","link":"https:\/\/blog.espol.edu.ec\/admejia\/about\/","title":{"rendered":"la fisica y su mundo"},"content":{"rendered":"<p>La f\u00edsica es significativa e influyente, no s\u00f3lo debido a que los avances en la comprensi\u00f3n a menudo se han traducido en nuevas tecnolog\u00edas, sino tambi\u00e9n a que las nuevas ideas en la f\u00edsica a menudo resuenan con las dem\u00e1s ciencias, las matem\u00e1ticas y la filosof\u00eda.<\/p>\n<p>La f\u00edsica no es s\u00f3lo una <a title=\"Ciencia\" href=\"\/wiki\/Ciencia\">ciencia<\/a> te\u00f3rica; es tambi\u00e9n una ciencia <a title=\"Experimento\" href=\"\/wiki\/Experimento\">experimental<\/a>. Como toda ciencia, busca que sus conclusiones puedan ser verificables mediante experimentos y que la teor\u00eda pueda realizar predicciones de experimentos futuros. Dada la amplitud del campo de estudio de la f\u00edsica, as\u00ed como su desarrollo hist\u00f3rico en relaci\u00f3n a otras ciencias, se la puede considerar la ciencia fundamental o central, ya que incluye dentro de su campo de estudio a la <a title=\"Qu\u00edmica\" href=\"\/wiki\/Qu%C3%ADmica\">qu\u00edmica<\/a>, la <a title=\"Biolog\u00eda\" href=\"\/wiki\/Biolog%C3%ADa\">biolog\u00eda<\/a> y la <a title=\"Electr\u00f3nica\" href=\"\/wiki\/Electr%C3%B3nica\">electr\u00f3nica<\/a>, adem\u00e1s de explicar sus fen\u00f3menos.<\/p>\n<p><a href=\"http:\/\/blog.espol.edu.ec\/admejia\/files\/2010\/06\/intuos4_s2_.jpg\"><img loading=\"lazy\" decoding=\"async\" class=\"alignnone size-full wp-image-7\" style=\"border: black 5px solid\" title=\"intuos4_s2_\" src=\"http:\/\/blog.espol.edu.ec\/admejia\/files\/2010\/06\/intuos4_s2_.jpg\" alt=\"\" width=\"340\" height=\"418\" \/><\/a><\/p>\n<p><a href=\"http:\/\/blog.espol.edu.ec\/admejia\/files\/2010\/06\/intuos4_s2_1.jpg\"><img loading=\"lazy\" decoding=\"async\" class=\"alignleft size-full wp-image-9\" title=\"intuos4_s2_\" src=\"http:\/\/blog.espol.edu.ec\/admejia\/files\/2010\/06\/intuos4_s2_1.jpg\" alt=\"\" width=\"800\" height=\"1121\" srcset=\"https:\/\/blog.espol.edu.ec\/admejia\/files\/2010\/06\/intuos4_s2_1.jpg 800w, https:\/\/blog.espol.edu.ec\/admejia\/files\/2010\/06\/intuos4_s2_1-214x300.jpg 214w, https:\/\/blog.espol.edu.ec\/admejia\/files\/2010\/06\/intuos4_s2_1-730x1024.jpg 730w\" sizes=\"auto, (max-width: 800px) 100vw, 800px\" \/><\/a><\/p>\n","protected":false},"excerpt":{"rendered":"<p>La f\u00edsica es significativa e influyente, no s\u00f3lo debido a que los avances en la comprensi\u00f3n a menudo se han traducido en nuevas tecnolog\u00edas, sino tambi\u00e9n a que las nuevas ideas en la f\u00edsica a menudo resuenan con las dem\u00e1s ciencias, las matem\u00e1ticas y la filosof\u00eda. La f\u00edsica no es s\u00f3lo una ciencia te\u00f3rica; es [&hellip;]<\/p>\n","protected":false},"author":4400,"featured_media":0,"parent":0,"menu_order":0,"comment_status":"open","ping_status":"open","template":"","meta":{"footnotes":""},"class_list":["post-2","page","type-page","status-publish","hentry"],"_links":{"self":[{"href":"https:\/\/blog.espol.edu.ec\/admejia\/wp-json\/wp\/v2\/pages\/2","targetHints":{"allow":["GET"]}}],"collection":[{"href":"https:\/\/blog.espol.edu.ec\/admejia\/wp-json\/wp\/v2\/pages"}],"about":[{"href":"https:\/\/blog.espol.edu.ec\/admejia\/wp-json\/wp\/v2\/types\/page"}],"author":[{"embeddable":true,"href":"https:\/\/blog.espol.edu.ec\/admejia\/wp-json\/wp\/v2\/users\/4400"}],"replies":[{"embeddable":true,"href":"https:\/\/blog.espol.edu.ec\/admejia\/wp-json\/wp\/v2\/comments?post=2"}],"version-history":[{"count":4,"href":"https:\/\/blog.espol.edu.ec\/admejia\/wp-json\/wp\/v2\/pages\/2\/revisions"}],"predecessor-version":[{"id":3,"href":"https:\/\/blog.espol.edu.ec\/admejia\/wp-json\/wp\/v2\/pages\/2\/revisions\/3"}],"wp:attachment":[{"href":"https:\/\/blog.espol.edu.ec\/admejia\/wp-json\/wp\/v2\/media?parent=2"}],"curies":[{"name":"wp","href":"https:\/\/api.w.org\/{rel}","templated":true}]}}