{"id":13,"date":"2010-12-29T19:16:42","date_gmt":"2010-12-29T15:16:42","guid":{"rendered":"http:\/\/blog.espol.edu.ec\/adramera\/?page_id=13"},"modified":"2011-01-04T01:03:44","modified_gmt":"2011-01-03T21:03:44","slug":"combatir-la-brecha-digital","status":"publish","type":"page","link":"https:\/\/blog.espol.edu.ec\/adramera\/combatir-la-brecha-digital\/","title":{"rendered":"Combatir la Brecha Digital"},"content":{"rendered":"<p><a href=\"http:\/\/blog.espol.edu.ec\/adramera\/files\/2010\/12\/brecha-digital1.jpg\"><img loading=\"lazy\" decoding=\"async\" class=\"size-thumbnail wp-image-138  alignleft\" title=\"brecha-digital\" src=\"http:\/\/blog.espol.edu.ec\/adramera\/files\/2010\/12\/brecha-digital1-150x150.jpg\" alt=\"\" width=\"150\" height=\"150\" \/><\/a><\/p>\n<p>Se empieza a introducir la preocupaci\u00f3n por el desarrollo de las capacidades y habilidades requeridas para utilizar las TIC (capacitaci\u00f3n y educaci\u00f3n) y \u00faltimamente tambi\u00e9n se hace referencia al uso de los recursos integrados en la tecnolog\u00eda.<\/p>\n<p>As\u00ed, el concepto de brecha digital incorpora los siguientes enfoques b\u00e1sicamente:<\/p>\n<h3>1. El enfoque hacia la infraestructura<\/h3>\n<p>Esto quiere decir a la posibilidad\/dificultad de disponer de computadoras conectadas a la red mundial.<\/p>\n<h3>2. El enfoque hacia la capacitaci\u00f3n<\/h3>\n<p>Es decir, la capacidad\/dificultad de usar estas tecnolog\u00edas. Se empez\u00f3 a contemplar que tambi\u00e9n existe una diferencia relacionada con las habilidades y capacidades para utilizar adecuadamente la tecnolog\u00eda y no solamente con la posibilidad de disponer de computadoras. En este sentido, se comienza a desarrollar el concepto de alfabetizaci\u00f3n digital relacionado con el de brecha digital.<\/p>\n<h3>3. El enfoque hacia el uso de los recursos<\/h3>\n<p>Se refiere a la limitaci\u00f3n\/posibilidad que tienen las personas para utilizar los recursos disponibles en la red. En los \u00faltimos tiempos, se ha integrado en el concepto de brecha digital las posibilidades de utilizar la tecnolog\u00eda no solamente para acceder a la informaci\u00f3n, el conocimiento sino tambi\u00e9n a un nuevo modo de educaci\u00f3n y para aprovechar de las \u201cnuevas oportunidades\u201d como el desarrollo de los negocios, la atenci\u00f3n m\u00e9dica en l\u00ednea, el teletrabajo, el disfrute de nuevas formas de entretenimiento y ocio.<\/p>\n<h3>4. Basado a estos enfoques<\/h3>\n<p>Una manera de disminuir la brecha digital es implantar pol\u00edticas de <span style=\"color: #ff0000\">accesibilidad web<\/span>, para que todas las personas, independientemente de sus limitaciones f\u00edsicas o de las derivadas de su entorno puedan usar de forma satisfactoria <span style=\"color: #ff0000\">Intrenet\u00a0<\/span> y la\u00a0 <span style=\"color: #ff0000\">Worl Wide Web.<strong> <\/strong><\/span><\/p>\n<p>Seg\u00fan la Organizaci\u00f3n Mundial del Comercio, las nuevas oportunidades tecnol\u00f3gicas (y del libre comercio a escala global). Gracias a las TICs, se sostiene, se podr\u00e1n anular las brechas de pobreza y de falta de recursos existentes, confront\u00e1ndose en el campo de la econom\u00eda, de las transformaciones pol\u00edticas y sociales, de la identidad, en la cultura y en el poder, modelando nuevas relaciones a escala global.<\/p>\n<p>Excluir a la gente de este proceso es pr\u00e1cticamente exterminarlos o dejarlos sin oportunidades para el futuro.<\/p>\n<p>Es erradicar un importante rubro de progreso econ\u00f3mico para la sociedad.<\/p>\n<p>Es quedar relegados de todo adelanto cient\u00edfico y tecnol\u00f3gico con sus consecuentes implicaciones para la sociedad<\/p>\n<p>El analfabetismo.- un principal problema es el idioma la mayor\u00eda del contenido en la red y en el tema tecnol\u00f3gico est\u00e1 en ingl\u00e9s.<\/p>\n","protected":false},"excerpt":{"rendered":"<p>Se empieza a introducir la preocupaci\u00f3n por el desarrollo de las capacidades y habilidades requeridas para utilizar las TIC (capacitaci\u00f3n y educaci\u00f3n) y \u00faltimamente tambi\u00e9n se hace referencia al uso de los recursos integrados en la tecnolog\u00eda. As\u00ed, el concepto de brecha digital incorpora los siguientes enfoques b\u00e1sicamente: 1. El enfoque hacia la infraestructura Esto [&hellip;]<\/p>\n","protected":false},"author":2389,"featured_media":0,"parent":0,"menu_order":0,"comment_status":"open","ping_status":"open","template":"","meta":{"footnotes":""},"class_list":["post-13","page","type-page","status-publish","hentry"],"_links":{"self":[{"href":"https:\/\/blog.espol.edu.ec\/adramera\/wp-json\/wp\/v2\/pages\/13","targetHints":{"allow":["GET"]}}],"collection":[{"href":"https:\/\/blog.espol.edu.ec\/adramera\/wp-json\/wp\/v2\/pages"}],"about":[{"href":"https:\/\/blog.espol.edu.ec\/adramera\/wp-json\/wp\/v2\/types\/page"}],"author":[{"embeddable":true,"href":"https:\/\/blog.espol.edu.ec\/adramera\/wp-json\/wp\/v2\/users\/2389"}],"replies":[{"embeddable":true,"href":"https:\/\/blog.espol.edu.ec\/adramera\/wp-json\/wp\/v2\/comments?post=13"}],"version-history":[{"count":12,"href":"https:\/\/blog.espol.edu.ec\/adramera\/wp-json\/wp\/v2\/pages\/13\/revisions"}],"predecessor-version":[{"id":91,"href":"https:\/\/blog.espol.edu.ec\/adramera\/wp-json\/wp\/v2\/pages\/13\/revisions\/91"}],"wp:attachment":[{"href":"https:\/\/blog.espol.edu.ec\/adramera\/wp-json\/wp\/v2\/media?parent=13"}],"curies":[{"name":"wp","href":"https:\/\/api.w.org\/{rel}","templated":true}]}}

<p><a href="http://blog.espol.edu.ec/adramera/files/2010/12/brecha-digital1.jpg"><img loading="lazy" decoding="async" class="size-thumbnail wp-image-138  alignleft" title="brecha-digital" src="http://blog.espol.edu.ec/adramera/files/2010/12/brecha-digital1-150x150.jpg" alt="" width="150" height="150" /></a></p>
<p>Se empieza a introducir la preocupación por el desarrollo de las capacidades y habilidades requeridas para utilizar las TIC (capacitación y educación) y últimamente también se hace referencia al uso de los recursos integrados en la tecnología.</p>
<p>Así, el concepto de brecha digital incorpora los siguientes enfoques básicamente:</p>
<h3>1. El enfoque hacia la infraestructura</h3>
<p>Esto quiere decir a la posibilidad/dificultad de disponer de computadoras conectadas a la red mundial.</p>
<h3>2. El enfoque hacia la capacitación</h3>
<p>Es decir, la capacidad/dificultad de usar estas tecnologías. Se empezó a contemplar que también existe una diferencia relacionada con las habilidades y capacidades para utilizar adecuadamente la tecnología y no solamente con la posibilidad de disponer de computadoras. En este sentido, se comienza a desarrollar el concepto de alfabetización digital relacionado con el de brecha digital.</p>
<h3>3. El enfoque hacia el uso de los recursos</h3>
<p>Se refiere a la limitación/posibilidad que tienen las personas para utilizar los recursos disponibles en la red. En los últimos tiempos, se ha integrado en el concepto de brecha digital las posibilidades de utilizar la tecnología no solamente para acceder a la información, el conocimiento sino también a un nuevo modo de educación y para aprovechar de las “nuevas oportunidades” como el desarrollo de los negocios, la atención médica en línea, el teletrabajo, el disfrute de nuevas formas de entretenimiento y ocio.</p>
<h3>4. Basado a estos enfoques</h3>
<p>Una manera de disminuir la brecha digital es implantar políticas de <span style="color: #ff0000">accesibilidad web</span>, para que todas las personas, independientemente de sus limitaciones físicas o de las derivadas de su entorno puedan usar de forma satisfactoria <span style="color: #ff0000">Intrenet </span> y la  <span style="color: #ff0000">Worl Wide Web.<strong> </strong></span></p>
<p>Según la Organización Mundial del Comercio, las nuevas oportunidades tecnológicas (y del libre comercio a escala global). Gracias a las TICs, se sostiene, se podrán anular las brechas de pobreza y de falta de recursos existentes, confrontándose en el campo de la economía, de las transformaciones políticas y sociales, de la identidad, en la cultura y en el poder, modelando nuevas relaciones a escala global.</p>
<p>Excluir a la gente de este proceso es prácticamente exterminarlos o dejarlos sin oportunidades para el futuro.</p>
<p>Es erradicar un importante rubro de progreso económico para la sociedad.</p>
<p>Es quedar relegados de todo adelanto científico y tecnológico con sus consecuentes implicaciones para la sociedad</p>
<p>El analfabetismo.- un principal problema es el idioma la mayoría del contenido en la red y en el tema tecnológico está en inglés.</p>

<p>Se empieza a introducir la preocupación por el desarrollo de las capacidades y habilidades requeridas para utilizar las TIC (capacitación y educación) y últimamente también se hace referencia al uso de los recursos integrados en la tecnología. Así, el concepto de brecha digital incorpora los siguientes enfoques básicamente: 1. El enfoque hacia la infraestructura Esto [&hellip;]</p>
