{"id":18,"date":"2016-11-08T19:37:01","date_gmt":"2016-11-08T19:37:01","guid":{"rendered":"http:\/\/blog.espol.edu.ec\/adrfelop\/?page_id=18"},"modified":"2016-11-15T05:05:44","modified_gmt":"2016-11-15T05:05:44","slug":"descripcion-del-p9lite","status":"publish","type":"page","link":"https:\/\/blog.espol.edu.ec\/adrfelop\/gama-media\/descripcion-del-p9lite\/","title":{"rendered":"P9Lite"},"content":{"rendered":"<p style=\"text-align: left\">\u00a0 \u00a0 \u00a0 \u00a0 <em>\u00a0<img loading=\"lazy\" decoding=\"async\" class=\"alignleft size-medium\" src=\"https:\/\/encrypted-tbn2.gstatic.com\/images?q=tbn:ANd9GcR32j4AEpHGvK1LxlWdVXQKpBKDoFFbRcX8kqiNh6adPAHPgiE2\" alt=\"\" width=\"225\" height=\"225\" \/>En lo que respecta al smartphone en s\u00ed mismo destaca especialmente su dise\u00f1o, con un bisel de metal que le da un aspecto muy premium, con un grosor de tan solo 7,5 mil\u00edmetros, lo que es realmente destacable. Adem\u00e1s de esto, el tel\u00e9fono inteligente llega con una pantalla de 5,2 pulgadas con una resoluci\u00f3n Full HD de 1.920 x 1.080 p\u00edxeles, que s\u00ed es algo muy notable en un m\u00f3vil de peque\u00f1o tama\u00f1o y con un precio econ\u00f3mico. Todo ello con una c\u00e1mara principal de 13 megap\u00edxeles que podremos utilizar en modo avanzado, o Pro, con el que modificar los niveles de sensibilidad ISO, o de compensaci\u00f3n de exposici\u00f3n, muy \u00fatil para los fot\u00f3grafos de nivel. Asimismo, la c\u00e1mara frontal es de 8 megap\u00edxeles, por lo que las selfies que conseguiremos tambi\u00e9n ser\u00e1n de calidad.\u00a0<\/em><\/p>\n<p style=\"text-align: left\"><em>\u00a0 \u00a0 \u00a0 \u00a0 No podemos olvidarnos tampoco de otros detalles esenciales, tales como el lector de huella dactilar ubicado en la secci\u00f3n posterior, bajo la c\u00e1mara, as\u00ed como el procesador Kirin 650 de Huawei de gama media y de ocho n\u00facleos, as\u00ed como con una memoria RAM de 2 GB y una memoria interna de 16 GB en la versi\u00f3n que est\u00e1 disponible por este econ\u00f3mico precio de 239 euros\u00a0<\/em><\/p>\n","protected":false},"excerpt":{"rendered":"<p>\u00a0 \u00a0 \u00a0 \u00a0 \u00a0En lo que respecta al smartphone en s\u00ed mismo destaca especialmente su dise\u00f1o, con un bisel de metal que le da un aspecto muy premium, con un grosor de tan solo 7,5 mil\u00edmetros, lo que es realmente destacable. Adem\u00e1s de esto, el tel\u00e9fono inteligente llega con una pantalla de 5,2 pulgadas [&hellip;]<\/p>\n","protected":false},"author":10677,"featured_media":0,"parent":32,"menu_order":0,"comment_status":"closed","ping_status":"closed","template":"","meta":{"footnotes":""},"class_list":["post-18","page","type-page","status-publish","hentry"],"_links":{"self":[{"href":"https:\/\/blog.espol.edu.ec\/adrfelop\/wp-json\/wp\/v2\/pages\/18","targetHints":{"allow":["GET"]}}],"collection":[{"href":"https:\/\/blog.espol.edu.ec\/adrfelop\/wp-json\/wp\/v2\/pages"}],"about":[{"href":"https:\/\/blog.espol.edu.ec\/adrfelop\/wp-json\/wp\/v2\/types\/page"}],"author":[{"embeddable":true,"href":"https:\/\/blog.espol.edu.ec\/adrfelop\/wp-json\/wp\/v2\/users\/10677"}],"replies":[{"embeddable":true,"href":"https:\/\/blog.espol.edu.ec\/adrfelop\/wp-json\/wp\/v2\/comments?post=18"}],"version-history":[{"count":3,"href":"https:\/\/blog.espol.edu.ec\/adrfelop\/wp-json\/wp\/v2\/pages\/18\/revisions"}],"predecessor-version":[{"id":43,"href":"https:\/\/blog.espol.edu.ec\/adrfelop\/wp-json\/wp\/v2\/pages\/18\/revisions\/43"}],"up":[{"embeddable":true,"href":"https:\/\/blog.espol.edu.ec\/adrfelop\/wp-json\/wp\/v2\/pages\/32"}],"wp:attachment":[{"href":"https:\/\/blog.espol.edu.ec\/adrfelop\/wp-json\/wp\/v2\/media?parent=18"}],"curies":[{"name":"wp","href":"https:\/\/api.w.org\/{rel}","templated":true}]}}