{"id":2,"date":"2010-05-25T19:09:14","date_gmt":"2010-05-25T19:09:14","guid":{"rendered":""},"modified":"2010-12-28T00:07:40","modified_gmt":"2010-12-28T00:07:40","slug":"about","status":"publish","type":"page","link":"https:\/\/blog.espol.edu.ec\/aebarcosalexabarcos\/about\/","title":{"rendered":"Acerca de ti"},"content":{"rendered":"<p style=\"text-align: center\"><a href=\"http:\/\/blog.espol.edu.ec\/aebarcosalexabarcos\/files\/2010\/05\/abarcos.jpg\"><\/a><a href=\"http:\/\/blog.espol.edu.ec\/aebarcosalexabarcos\/files\/2010\/05\/asinche.jpg\"><\/a><a href=\"http:\/\/blog.espol.edu.ec\/aebarcosalexabarcos\/files\/2010\/05\/alexan.jpg\"><img loading=\"lazy\" decoding=\"async\" class=\"aligncenter size-thumbnail wp-image-235\" title=\"alexan\" src=\"http:\/\/blog.espol.edu.ec\/aebarcosalexabarcos\/files\/2010\/05\/alexan-150x150.jpg\" alt=\"\" width=\"244\" height=\"238\" \/><\/a><\/p>\n<p style=\"text-align: center\"><a href=\"http:\/\/blog.espol.edu.ec\/aebarcosalexabarcos\/files\/2010\/05\/Imagen0003.jpg\"><\/a><\/p>\n<p><strong>Nombre: Alexandra Barcos Sinche<br \/>\n<strong>Edad: 21 a\u00f1os<br \/>\n<\/strong>Fecha de nacimiento: 17 de mayo de1989<\/strong><\/p>\n<p><strong><strong>Estudios<strong> <\/strong><\/strong><\/strong><\/p>\n<p><strong><strong><strong> <\/strong>Secundaria: Instituto Tecnol\u00f3gico Provincia de Tungurahua<br \/>\n<strong>Superior: Ingenieria en Auditor\u00eda y Contadur\u00eda Publ\u00edca <\/strong>( ESPOL)<\/strong><\/strong><\/p>\n<p><strong><strong><strong>M\u00fasicas:<strong> <\/strong><strong> <\/strong><\/strong><\/strong><\/strong><\/p>\n<p><strong><strong><strong>Salsas rom\u00e1nticas, baladas.<\/strong><\/strong><\/strong><\/p>\n<p><strong><strong><strong>\"Me caracterizo una persona reservada,responsable con expectativas bien definidas las cuales permitir\u00e1n realizarme como una profesional emprenderora\".<\/strong><\/strong><\/strong><\/p>\n<p><strong><strong><strong> <\/strong>Direcciones Electr\u00f3nicas:<strong> <\/strong><\/strong><\/strong><\/p>\n<p><strong><strong><strong>E-mails:alexanbs@hotmail.com<br \/>\nhttp:\/\/twitter.com\/ALEXA_BARCOS<br \/>\nhttp:\/\/www.facebook.com\/alexabarcos<br \/>\nGuayaquil-Ecuador<\/strong><\/strong><\/strong><\/p>\n<p><strong><strong><strong><em> <\/em><\/strong><\/strong><\/strong><\/p>\n","protected":false},"excerpt":{"rendered":"<p>Nombre: Alexandra Barcos Sinche Edad: 21 a\u00f1os Fecha de nacimiento: 17 de mayo de1989 Estudios Secundaria: Instituto Tecnol\u00f3gico Provincia de Tungurahua Superior: Ingenieria en Auditor\u00eda y Contadur\u00eda Publ\u00edca ( ESPOL) M\u00fasicas: Salsas rom\u00e1nticas, baladas. \"Me caracterizo una persona reservada,responsable con expectativas bien definidas las cuales permitir\u00e1n realizarme como una profesional emprenderora\". Direcciones Electr\u00f3nicas: E-mails:alexanbs@hotmail.com http:\/\/twitter.com\/ALEXA_BARCOS [&hellip;]<\/p>\n","protected":false},"author":3980,"featured_media":0,"parent":0,"menu_order":0,"comment_status":"open","ping_status":"open","template":"","meta":{"footnotes":""},"class_list":["post-2","page","type-page","status-publish","hentry"],"_links":{"self":[{"href":"https:\/\/blog.espol.edu.ec\/aebarcosalexabarcos\/wp-json\/wp\/v2\/pages\/2","targetHints":{"allow":["GET"]}}],"collection":[{"href":"https:\/\/blog.espol.edu.ec\/aebarcosalexabarcos\/wp-json\/wp\/v2\/pages"}],"about":[{"href":"https:\/\/blog.espol.edu.ec\/aebarcosalexabarcos\/wp-json\/wp\/v2\/types\/page"}],"author":[{"embeddable":true,"href":"https:\/\/blog.espol.edu.ec\/aebarcosalexabarcos\/wp-json\/wp\/v2\/users\/3980"}],"replies":[{"embeddable":true,"href":"https:\/\/blog.espol.edu.ec\/aebarcosalexabarcos\/wp-json\/wp\/v2\/comments?post=2"}],"version-history":[{"count":21,"href":"https:\/\/blog.espol.edu.ec\/aebarcosalexabarcos\/wp-json\/wp\/v2\/pages\/2\/revisions"}],"predecessor-version":[{"id":23,"href":"https:\/\/blog.espol.edu.ec\/aebarcosalexabarcos\/wp-json\/wp\/v2\/pages\/2\/revisions\/23"}],"wp:attachment":[{"href":"https:\/\/blog.espol.edu.ec\/aebarcosalexabarcos\/wp-json\/wp\/v2\/media?parent=2"}],"curies":[{"name":"wp","href":"https:\/\/api.w.org\/{rel}","templated":true}]}}