{"id":22,"date":"2016-11-25T19:36:19","date_gmt":"2016-11-25T19:36:19","guid":{"rendered":"http:\/\/blog.espol.edu.ec\/aeborbor\/?page_id=22"},"modified":"2016-11-25T19:42:45","modified_gmt":"2016-11-25T19:42:45","slug":"i-love-myself-hailee-steinfeld-recomendacion-y-letra","status":"publish","type":"page","link":"https:\/\/blog.espol.edu.ec\/aeborbor\/i-love-myself-hailee-steinfeld-recomendacion-y-letra\/","title":{"rendered":"I Love Myself Hailee Steinfeld (Recomendacion y letra)"},"content":{"rendered":"<p>Esta es una de mis canciones favoritas de la cantante Hailee Steinfeld habla sobre amarte a ti mism@ sin necesidad de que nadie mas lo haga, nos da esa capacidad de pensar en que somos capaces de amarnos sin depender de que otra persona ( ya sea un ex novio, ex amigo) que lo \u00fanico que hicieron es lastimarnos, nuestro coraz\u00f3n sufre pero depende de nosotros sacarlo adelante, y esta canci\u00f3n es perfecta para ello. La Recomiendo! Ahi les dejo el link del video con la letra. Espero que no disfruten!<\/p>\n<p><img loading=\"lazy\" decoding=\"async\" class=\"alignnone size-medium wp-image-24\" src=\"http:\/\/blog.espol.edu.ec\/aeborbor\/files\/2016\/11\/love-yourself-i-love-me-t-shirt-mobile-wallpaper-200x300.jpg\" alt=\"love-yourself-i-love-me-t-shirt-mobile-wallpaper\" width=\"200\" height=\"300\" srcset=\"https:\/\/blog.espol.edu.ec\/aeborbor\/files\/2016\/11\/love-yourself-i-love-me-t-shirt-mobile-wallpaper-200x300.jpg 200w, https:\/\/blog.espol.edu.ec\/aeborbor\/files\/2016\/11\/love-yourself-i-love-me-t-shirt-mobile-wallpaper.jpg 320w\" sizes=\"auto, (max-width: 200px) 100vw, 200px\" \/><\/p>\n<p>#LoveYourself<\/p>\n<p><iframe loading=\"lazy\" title=\"Hailee Steinfeld - Love Myself (lyrics)\" width=\"600\" height=\"338\" src=\"https:\/\/www.youtube.com\/embed\/Chfgtn8s410?feature=oembed\" frameborder=\"0\" allow=\"accelerometer; autoplay; clipboard-write; encrypted-media; gyroscope; picture-in-picture; web-share\" referrerpolicy=\"strict-origin-when-cross-origin\" allowfullscreen><\/iframe><\/p>\n","protected":false},"excerpt":{"rendered":"<p>Esta es una de mis canciones favoritas de la cantante Hailee Steinfeld habla sobre amarte a ti mism@ sin necesidad de que nadie mas lo haga, nos da esa capacidad de pensar en que somos capaces de amarnos sin depender de que otra persona ( ya sea un ex novio, ex amigo) que lo \u00fanico que hicieron es lastimarnos, nuestro<br \/><span class=\"read_more\"><a href=\"https:\/\/blog.espol.edu.ec\/aeborbor\/i-love-myself-hailee-steinfeld-recomendacion-y-letra\/\">Read more...<\/a><\/span><\/p>\n","protected":false},"author":10781,"featured_media":23,"parent":0,"menu_order":0,"comment_status":"closed","ping_status":"closed","template":"","meta":{"footnotes":""},"class_list":["post-22","page","type-page","status-publish","has-post-thumbnail","hentry"],"_links":{"self":[{"href":"https:\/\/blog.espol.edu.ec\/aeborbor\/wp-json\/wp\/v2\/pages\/22","targetHints":{"allow":["GET"]}}],"collection":[{"href":"https:\/\/blog.espol.edu.ec\/aeborbor\/wp-json\/wp\/v2\/pages"}],"about":[{"href":"https:\/\/blog.espol.edu.ec\/aeborbor\/wp-json\/wp\/v2\/types\/page"}],"author":[{"embeddable":true,"href":"https:\/\/blog.espol.edu.ec\/aeborbor\/wp-json\/wp\/v2\/users\/10781"}],"replies":[{"embeddable":true,"href":"https:\/\/blog.espol.edu.ec\/aeborbor\/wp-json\/wp\/v2\/comments?post=22"}],"version-history":[{"count":3,"href":"https:\/\/blog.espol.edu.ec\/aeborbor\/wp-json\/wp\/v2\/pages\/22\/revisions"}],"predecessor-version":[{"id":28,"href":"https:\/\/blog.espol.edu.ec\/aeborbor\/wp-json\/wp\/v2\/pages\/22\/revisions\/28"}],"wp:featuredmedia":[{"embeddable":true,"href":"https:\/\/blog.espol.edu.ec\/aeborbor\/wp-json\/wp\/v2\/media\/23"}],"wp:attachment":[{"href":"https:\/\/blog.espol.edu.ec\/aeborbor\/wp-json\/wp\/v2\/media?parent=22"}],"curies":[{"name":"wp","href":"https:\/\/api.w.org\/{rel}","templated":true}]}}