{"id":2,"date":"2010-11-29T02:05:40","date_gmt":"2010-11-29T02:05:40","guid":{"rendered":""},"modified":"2010-11-29T04:07:22","modified_gmt":"2010-11-29T04:07:22","slug":"about","status":"publish","type":"page","link":"https:\/\/blog.espol.edu.ec\/aefimcp2010\/about\/","title":{"rendered":"Blog Aefimcp"},"content":{"rendered":"<p>Este es un blog que nos permitir\u00e1 acercarnos y darnos a conocer mejor a todos nuestros compa\u00f1eros de nuestra facultad. Estaremos publicando continuamente las labores realizadas y que se realizar\u00e1n. Tambi\u00e9n publicaremos anuncios con eventos y papers de importancia que ayuden al desarrollo de nuestros compa\u00f1eros.<\/p>\n","protected":false},"excerpt":{"rendered":"<p>Este es un blog que nos permitir\u00e1 acercarnos y darnos a conocer mejor a todos nuestros compa\u00f1eros de nuestra facultad. Estaremos publicando continuamente las labores realizadas y que se realizar\u00e1n. Tambi\u00e9n publicaremos anuncios con eventos y papers de importancia que ayuden al desarrollo de nuestros compa\u00f1eros.<\/p>\n","protected":false},"author":5577,"featured_media":0,"parent":0,"menu_order":0,"comment_status":"open","ping_status":"open","template":"","meta":{"footnotes":""},"class_list":["post-2","page","type-page","status-publish","hentry"],"_links":{"self":[{"href":"https:\/\/blog.espol.edu.ec\/aefimcp2010\/wp-json\/wp\/v2\/pages\/2","targetHints":{"allow":["GET"]}}],"collection":[{"href":"https:\/\/blog.espol.edu.ec\/aefimcp2010\/wp-json\/wp\/v2\/pages"}],"about":[{"href":"https:\/\/blog.espol.edu.ec\/aefimcp2010\/wp-json\/wp\/v2\/types\/page"}],"author":[{"embeddable":true,"href":"https:\/\/blog.espol.edu.ec\/aefimcp2010\/wp-json\/wp\/v2\/users\/5577"}],"replies":[{"embeddable":true,"href":"https:\/\/blog.espol.edu.ec\/aefimcp2010\/wp-json\/wp\/v2\/comments?post=2"}],"version-history":[{"count":4,"href":"https:\/\/blog.espol.edu.ec\/aefimcp2010\/wp-json\/wp\/v2\/pages\/2\/revisions"}],"predecessor-version":[{"id":8,"href":"https:\/\/blog.espol.edu.ec\/aefimcp2010\/wp-json\/wp\/v2\/pages\/2\/revisions\/8"}],"wp:attachment":[{"href":"https:\/\/blog.espol.edu.ec\/aefimcp2010\/wp-json\/wp\/v2\/media?parent=2"}],"curies":[{"name":"wp","href":"https:\/\/api.w.org\/{rel}","templated":true}]}}