{"id":6,"date":"2015-05-19T19:30:17","date_gmt":"2015-05-19T19:30:17","guid":{"rendered":"http:\/\/blog.espol.edu.ec\/aevargas\/?page_id=6"},"modified":"2015-05-30T02:45:53","modified_gmt":"2015-05-30T02:45:53","slug":"mi-primera-pagina","status":"publish","type":"page","link":"https:\/\/blog.espol.edu.ec\/aevargas\/mi-primera-pagina\/","title":{"rendered":"Rese\u00f1a historica"},"content":{"rendered":"<p style=\"text-align: left\"><em><a href=\"http:\/\/blog.espol.edu.ec\/aevargas\/files\/2015\/05\/logo10.png\"><br \/>\n<\/a><a href=\"http:\/\/blog.espol.edu.ec\/aevargas\/files\/2015\/05\/poesietitoloG.jpg\"><img loading=\"lazy\" decoding=\"async\" class=\"  wp-image-41 aligncenter\" src=\"http:\/\/blog.espol.edu.ec\/aevargas\/files\/2015\/05\/poesietitoloG-300x250.jpg\" alt=\"poesietitoloG\" width=\"456\" height=\"330\" \/><\/a><\/em><\/p>\n<p style=\"text-align: left\"><em>Por l\u00f3gica, todo lo que existe tuvo un origen o un principio (cuestiones religiosas o metaf\u00edsicas al margen). Sin embargo, es dif\u00edcil establecer una fecha precisa para determinar el nacimiento de la poes\u00eda. Hay quienes dicen que sus or\u00edgenes se confunden con los del propio lenguaje.<\/em><\/p>\n<p style=\"text-align: left\"><em>Sin embargo, si nos referimos a pruebas materiales que sirvan como testimonio de la actividad po\u00e9tica, podemos hablar sobre ciertas inscripciones jerogl\u00edficas egipcias del a\u00f1o 2.600 A.C. Se trata de canciones, de las que se han conservado la letra pero no la m\u00fasica, que abarcan distintos g\u00e9neros (lamentos, odas, eleg\u00edas, himnos) y que, en su mayor\u00eda, poseen significaci\u00f3n religiosa.<\/em><\/p>\n<p style=\"text-align: left\"><em>La cuesti\u00f3n de la religi\u00f3n permite considerar que varios pueblos antiguos, como los sumerios, los asirio-babil\u00f3nicos o los jud\u00edos, acud\u00edan a la poes\u00eda como una expresi\u00f3n comunitaria y ritual. La asociaci\u00f3n de la danza con palabras cantadas puede ser el origen de la poes\u00eda y de la m\u00fasica instrumental. A la tem\u00e1tica religiosa se le fueron sumando, con el tiempo, cantos de labor y canciones de juegos, entre otras.<\/em><\/p>\n<p style=\"text-align: left\"><em>La narraci\u00f3n escrita m\u00e1s antigua de la historia de la que a\u00fan se conservan registros es el <a href=\"http:\/\/es.wikipedia.org\/wiki\/Poema_de_Gilgamesh\" target=\"_blank\">Poema de Gilgamesh<\/a>, un texto de origen sumerio que fue escrito sobre tablillas de arcilla. La versi\u00f3n m\u00e1s completa preservada hasta el d\u00eda de hoy consta de doce tablillas. El poema cuenta las aventuras del rey Gilgamesh y su amigo Enkidu, que incluyen sus peleas contra el gigante Khumbaba, el descenso a los infiernos y la relaci\u00f3n entre dioses, semidioses y seres mortales.<\/em><\/p>\n<p style=\"text-align: left\"><em>Por \u00faltimo, podemos recordar lo dicho por la poeta polaca <a href=\"http:\/\/www.lanacion.com.ar\/Archivo\/Nota.asp?nota_id=566876\" target=\"_blank\">Wislawa Szymborska<\/a>, ganadora del Premio Nobel de Literatura en 1996, quien tiene su propia teor\u00eda sobre el origen de la poes\u00eda. Para esta escritora, todos los poemas nacen del amor, incluso aquellos que transmiten el mal. De esta forma, la poes\u00eda habr\u00eda nacido junto a este sentimiento, cuyo origen se remonta, seguramente, al primer ser humano que haya existido en la Tierra.<\/em><\/p>\n<p>&nbsp;<\/p>\n<p><a href=\"http:\/\/blog.espol.edu.ec\/aevargas\/files\/2015\/05\/poesia-0555.gif\"><img loading=\"lazy\" decoding=\"async\" class=\" size-medium wp-image-62 aligncenter\" src=\"http:\/\/blog.espol.edu.ec\/aevargas\/files\/2015\/05\/poesia-0555-300x142.gif\" alt=\"poesia-0555\" width=\"300\" height=\"142\" \/><\/a><\/p>\n<p>&nbsp;<\/p>\n<p><em>La palabra poes\u00eda hacer referencia a un estilo literario, basado en la manifestaci\u00f3n art\u00edstica por medio de la palabra, en verso o prosa. Aqu\u00ed, las cualidades est\u00e9ticas del lenguaje priman por\u00a0 sobre el contenido.<\/em><\/p>\n<p style=\"text-align: left\"><i>POES\u00cdA<\/i><em>\u00a0DRAM\u00c1TICA:<\/em><\/p>\n<ul style=\"text-align: left\">\n<li><em>TRAGEDIA: aqu\u00ed se engloban aquellas poes\u00edas de car\u00e1cter solemne, culminadas con un final tr\u00e1gico (de ah\u00ed su nombre). Los personajes que la componen suelen estar enfrentados contra el destino, quien por una serie de infortunios, los encamina hacia un desenlace irremediable, como la muerte de los protagonistas, o su destrucci\u00f3n moral.<\/em><\/li>\n<li><em>COMEDIA: son composiciones po\u00e9ticas constituidas por un argumento m\u00e1s ligero que las anteriores. La obra comienza con la intervenci\u00f3n del coro. La acci\u00f3n es llevada a cabo por un h\u00e9roe c\u00f3mico, quien termina la obra derrotando a sus adversarios, y logrando su prop\u00f3sito inicial.<\/em><\/li>\n<li><em>SAINETE: este tipo de poes\u00eda dram\u00e1tica, se caracteriza por su estilo humor\u00edstico, c\u00f3mico y jocoso. Se nutre de las costumbres populares y las tradiciones para elaborar su tem\u00e1tica.<\/em><\/li>\n<\/ul>\n<p>&nbsp;<\/p>\n<p><em>POES\u00cdA L\u00cdRICA:<\/em><\/p>\n<ul>\n<li><em>CANCI\u00d3N: la canci\u00f3n es una composici\u00f3n en verso, escrita con el prop\u00f3sito de ser cantada. La cantidad de estrofas que la componen suele variar, y en ellas se esgrime un \u00fanico tema o pensamiento. Posee un estilo melanc\u00f3lico en sus formas y culmina con un ep\u00edlogo.<\/em><\/li>\n<li><em>MADRIGAL: esta clase de poes\u00eda l\u00edrica es aquella que expresa tem\u00e1ticas amorosas, por medio de versos endecas\u00edlabos y heptas\u00edlabos, es decir, de diez y siete s\u00edlabas respectivamente. Suelen ser composiciones de breve extensi\u00f3n.<\/em><\/li>\n<li><em>ODA: con este t\u00e9rmino de origen latino se designa a aquellas poes\u00edas cuyo prop\u00f3sito es efectuar una alabanza sobre alg\u00fan aspecto determinado de personas u objetos. La oda trata tem\u00e1ticas de variada \u00edndole, y suele ir acompa\u00f1ada de una reflexi\u00f3n del autor. Usualmente se dividen en estrofas iguales.<\/em><\/li>\n<li><em>S\u00c1TIRA: la s\u00e1tira es un g\u00e9nero redactado en verso cuya particularidad reside en el tono\u00a0 burlesco o de protesta con el que est\u00e1 escrito.<\/em><\/li>\n<\/ul>\n<p style=\"text-align: left\">\n<p style=\"text-align: left\"><i>POES\u00cdA<\/i><em>\u00a0\u00c9PICA: <\/em><\/p>\n<p style=\"text-align: left\"><em>Son aquellas poes\u00edas donde se narran las proezas y haza\u00f1as de un h\u00e9roe, tomando sus cualidades como ideales para la sociedad. Su prop\u00f3sito, entonces, es la engrandecer y aclamar los sentimientos de unidad en una regi\u00f3n o naci\u00f3n.<\/em><\/p>\n<p style=\"text-align: left\">\n<p style=\"text-align: left\"><em>POES\u00cdA BUC\u00d3LICA: <\/em><\/p>\n<p style=\"text-align: left\"><em>Se caracteriza por ser un canto a la tranquilidad y belleza del campo, proponiendo la vida rural, como la forma ideal de vida. Los primeros ejemplos de poes\u00eda buc\u00f3lica provienen del poeta Te\u00f3crito, durante el siglo III a.C.<\/em><\/p>\n<p style=\"text-align: left\">\n","protected":false},"excerpt":{"rendered":"<p>Por l\u00f3gica, todo lo que existe tuvo un origen o un principio (cuestiones religiosas o metaf\u00edsicas al margen). Sin embargo, es dif\u00edcil establecer una fecha precisa para determinar el nacimiento de la poes\u00eda. Hay quienes dicen que sus or\u00edgenes se confunden con los del propio lenguaje. Sin embargo, si nos referimos a pruebas materiales que [&hellip;]<\/p>\n","protected":false},"author":9641,"featured_media":0,"parent":0,"menu_order":0,"comment_status":"open","ping_status":"open","template":"","meta":{"footnotes":""},"class_list":["post-6","page","type-page","status-publish","hentry"],"_links":{"self":[{"href":"https:\/\/blog.espol.edu.ec\/aevargas\/wp-json\/wp\/v2\/pages\/6","targetHints":{"allow":["GET"]}}],"collection":[{"href":"https:\/\/blog.espol.edu.ec\/aevargas\/wp-json\/wp\/v2\/pages"}],"about":[{"href":"https:\/\/blog.espol.edu.ec\/aevargas\/wp-json\/wp\/v2\/types\/page"}],"author":[{"embeddable":true,"href":"https:\/\/blog.espol.edu.ec\/aevargas\/wp-json\/wp\/v2\/users\/9641"}],"replies":[{"embeddable":true,"href":"https:\/\/blog.espol.edu.ec\/aevargas\/wp-json\/wp\/v2\/comments?post=6"}],"version-history":[{"count":9,"href":"https:\/\/blog.espol.edu.ec\/aevargas\/wp-json\/wp\/v2\/pages\/6\/revisions"}],"predecessor-version":[{"id":63,"href":"https:\/\/blog.espol.edu.ec\/aevargas\/wp-json\/wp\/v2\/pages\/6\/revisions\/63"}],"wp:attachment":[{"href":"https:\/\/blog.espol.edu.ec\/aevargas\/wp-json\/wp\/v2\/media?parent=6"}],"curies":[{"name":"wp","href":"https:\/\/api.w.org\/{rel}","templated":true}]}}