{"id":1,"date":"2008-12-10T19:16:20","date_gmt":"2008-12-11T00:16:20","guid":{"rendered":""},"modified":"2016-04-08T20:34:14","modified_gmt":"2016-04-09T01:34:14","slug":"about","status":"publish","type":"page","link":"https:\/\/blog.espol.edu.ec\/aevera\/about\/","title":{"rendered":"Acerca de Adriana Vera"},"content":{"rendered":"<p><a href=\"http:\/\/blog.espol.edu.ec\/aevera\/files\/2008\/12\/foto-adriana.jpg\" rel=\"attachment wp-att-30\"><img loading=\"lazy\" decoding=\"async\" class=\"size-full wp-image-30 aligncenter\" src=\"http:\/\/blog.espol.edu.ec\/aevera\/files\/2008\/12\/foto-adriana.jpg\" alt=\"foto adriana\" width=\"200\" height=\"200\" srcset=\"https:\/\/blog.espol.edu.ec\/aevera\/files\/2008\/12\/foto-adriana.jpg 200w, https:\/\/blog.espol.edu.ec\/aevera\/files\/2008\/12\/foto-adriana-150x150.jpg 150w\" sizes=\"auto, (max-width: 200px) 100vw, 200px\" \/><\/a><\/p>\n<p>Profesional en administraci\u00f3n de empresas con experiencia en el dise\u00f1o y evaluaci\u00f3n de programas de capacitaci\u00f3n.<\/p>\n<p>Buen manejo de relaciones interpersonales, trabajo en equipo, negociaci\u00f3n y liderazgo.<\/p>\n<p>Ha participado en varios proyectos institucionales durante su vida profesional:<\/p>\n<p>Obtenci\u00f3n de Acreditaci\u00f3n de Calidad en <b>FUNDESPOL \u2013 ESPOL<\/b>.<\/p>\n<p>Auditor\u00edas de seguimiento y recertificaci\u00f3n de Calidad <b>CEC \u2013 ESPOL<\/b>.<\/p>\n<p>Obtenci\u00f3n de acreditaci\u00f3n ante la Secretar\u00eda T\u00e9cnica de Capacitaci\u00f3n y Formaci\u00f3n Profesional <b>SETEC<\/b>, en educaci\u00f3n continua y competencia laboral.<\/p>\n<p><a href=\"https:\/\/docs.google.com\/presentation\/d\/1Yk5JrQZ42WnhDUp15A26aOCkNWV5KzqzAiv5kLp_bs4\/present#slide=id.p\">Ver presentaci\u00f3n<\/a><\/p>\n","protected":false},"excerpt":{"rendered":"<p>Profesional en administraci\u00f3n de empresas con experiencia en el dise\u00f1o y evaluaci\u00f3n de programas de capacitaci\u00f3n. Buen manejo de relaciones interpersonales, trabajo en equipo, negociaci\u00f3n y liderazgo. Ha participado en varios proyectos institucionales durante su vida profesional: Obtenci\u00f3n de Acreditaci\u00f3n de Calidad en FUNDESPOL \u2013 ESPOL. Auditor\u00edas de seguimiento y recertificaci\u00f3n de Calidad CEC \u2013 [&hellip;]<\/p>\n","protected":false},"author":772,"featured_media":0,"parent":0,"menu_order":0,"comment_status":"open","ping_status":"open","template":"","meta":{"_monsterinsights_skip_tracking":false,"_monsterinsights_sitenote_active":false,"_monsterinsights_sitenote_note":"","_monsterinsights_sitenote_category":0,"footnotes":""},"class_list":["post-1","page","type-page","status-publish","hentry"],"_links":{"self":[{"href":"https:\/\/blog.espol.edu.ec\/aevera\/wp-json\/wp\/v2\/pages\/1","targetHints":{"allow":["GET"]}}],"collection":[{"href":"https:\/\/blog.espol.edu.ec\/aevera\/wp-json\/wp\/v2\/pages"}],"about":[{"href":"https:\/\/blog.espol.edu.ec\/aevera\/wp-json\/wp\/v2\/types\/page"}],"author":[{"embeddable":true,"href":"https:\/\/blog.espol.edu.ec\/aevera\/wp-json\/wp\/v2\/users\/772"}],"replies":[{"embeddable":true,"href":"https:\/\/blog.espol.edu.ec\/aevera\/wp-json\/wp\/v2\/comments?post=1"}],"version-history":[{"count":3,"href":"https:\/\/blog.espol.edu.ec\/aevera\/wp-json\/wp\/v2\/pages\/1\/revisions"}],"predecessor-version":[{"id":31,"href":"https:\/\/blog.espol.edu.ec\/aevera\/wp-json\/wp\/v2\/pages\/1\/revisions\/31"}],"wp:attachment":[{"href":"https:\/\/blog.espol.edu.ec\/aevera\/wp-json\/wp\/v2\/media?parent=1"}],"curies":[{"name":"wp","href":"https:\/\/api.w.org\/{rel}","templated":true}]}}

<p><a href="http://blog.espol.edu.ec/aevera/files/2008/12/foto-adriana.jpg" rel="attachment wp-att-30"><img loading="lazy" decoding="async" class="size-full wp-image-30 aligncenter" src="http://blog.espol.edu.ec/aevera/files/2008/12/foto-adriana.jpg" alt="foto adriana" width="200" height="200" srcset="https://blog.espol.edu.ec/aevera/files/2008/12/foto-adriana.jpg 200w, https://blog.espol.edu.ec/aevera/files/2008/12/foto-adriana-150x150.jpg 150w" sizes="auto, (max-width: 200px) 100vw, 200px" /></a></p>
<p>Profesional en administración de empresas con experiencia en el diseño y evaluación de programas de capacitación.</p>
<p>Buen manejo de relaciones interpersonales, trabajo en equipo, negociación y liderazgo.</p>
<p>Ha participado en varios proyectos institucionales durante su vida profesional:</p>
<p>Obtención de Acreditación de Calidad en <b>FUNDESPOL – ESPOL</b>.</p>
<p>Auditorías de seguimiento y recertificación de Calidad <b>CEC – ESPOL</b>.</p>
<p>Obtención de acreditación ante la Secretaría Técnica de Capacitación y Formación Profesional <b>SETEC</b>, en educación continua y competencia laboral.</p>
<p><a href="https://docs.google.com/presentation/d/1Yk5JrQZ42WnhDUp15A26aOCkNWV5KzqzAiv5kLp_bs4/present#slide=id.p">Ver presentación</a></p>

<p>Profesional en administración de empresas con experiencia en el diseño y evaluación de programas de capacitación. Buen manejo de relaciones interpersonales, trabajo en equipo, negociación y liderazgo. Ha participado en varios proyectos institucionales durante su vida profesional: Obtención de Acreditación de Calidad en FUNDESPOL – ESPOL. Auditorías de seguimiento y recertificación de Calidad CEC – [&hellip;]</p>
