{"id":24,"date":"2011-11-01T21:41:47","date_gmt":"2011-11-01T21:41:47","guid":{"rendered":"http:\/\/blog.espol.edu.ec\/afernand\/?page_id=24"},"modified":"2011-11-11T15:20:48","modified_gmt":"2011-11-11T15:20:48","slug":"bahia-de-caraquez","status":"publish","type":"page","link":"https:\/\/blog.espol.edu.ec\/afernand\/bahia-de-caraquez\/","title":{"rendered":"Museos de Guayaquil"},"content":{"rendered":"<p><iframe loading=\"lazy\" width=\"560\" height=\"315\" src=\"http:\/\/www.youtube.com\/embed\/gpanvzU6xFM\" frameborder=\"0\" allowfullscreen><\/iframe><br \/>\n<strong>Museo Nahim Isa\u00edas<\/strong><\/p>\n<p><em>Ubicado en la Plaza de la Administraci\u00f3n y beneficiado por el proceso de regeneraci\u00f3n urbana tiene como misi\u00f3n difundir el arte colonial ya que Nahim Isaias Barquet fue un fil\u00e1ntropo y coleccionista de arte ecuatoriano; quien ten\u00eda entre sus proyectos crear un museo en donde compartir las 2.500 piezas pict\u00f3ricas y escult\u00f3ricas de la Escuela Colonial Quite\u00f1a.<\/p>\n<p>En la actualidad estas obras han pasado a ser del Banco Central. El museo, cuenta adem\u00e1s con una exposici\u00f3n permanente de cosmogon\u00edas, que son los 4 elementos: fuego, tierra, agua y aire. Adem\u00e1s cuenta con un centro documental, sala de usos m\u00faltiples, tienda de souvenirs y un centro de Informaci\u00f3n Tur\u00edstica.<\/p>\n<p>Direcci\u00f3n : Pichincha y Clemente Ballen #500 ( Plaza de la Administraci\u00f3n)<br \/>\nMartes a s\u00e1bado 09h00 a 17h00<br \/>\nCosto solo se aplica a extranjeros<br \/>\nAdultos $1.50 , Ni\u00f1os, tercera edad, discapacitados y estudiantes $0.50<br \/>\nSabados Gratis para nacionales y extranjeros.<br \/>\nTelefonos 2324182-2324283<\/em><\/p>\n<p><iframe loading=\"lazy\" width=\"560\" height=\"315\" src=\"http:\/\/www.youtube.com\/embed\/m68k-LGVx7g\" frameborder=\"0\" allowfullscreen><\/iframe><br \/>\n<strong>Museo municipal de Guayaquil<\/strong><\/p>\n<p><em>El Museo Municipal de Guayaquil, es el m\u00e1s antiguo del Ecuador, fue creado inicialmente como museo industrial en 1863, pero realmente se instituy\u00f3 como tal en 1908, fue fundado por Don Camilo Destruge Illingworth, quien lo dirigi\u00f3 durante diecisiete a\u00f1os.<\/p>\n<p>El primer local del museo estuvo en el antiguo Cabildo, en una construcci\u00f3n de madera, la que podemos ver gracias a que se ha conservado en fotograf\u00edas. La segunda casa fue un art\u00edstico palacio, edificio con mamposter\u00eda de yeso, y el \u00faltimo traslado se dio gracias a la donaci\u00f3n del ciudadano norteamericano Joseph Gorellik.<\/p>\n<p>Posee la sala m\u00e1s grande de Guayaquil, apetecidas por pintores y escultores para exponer sus obras.  A lo largo del a\u00f1o tiene diversas exposiciones, siendo una de las m\u00e1s nombradas, el Sal\u00f3n de Julio, en el que se realiza una muestra de artes pl\u00e1sticas (entre otras) como una de las m\u00faltiples actividades por la fundaci\u00f3n de Guayaquil.<\/p>\n<p>El Museo Municipal presenta exposiciones variadas: arqueol\u00f3gicas con aproximadamente 2.000 objetos pertenecientes a culturas precolombinas de la costa y la sierra; colecciones de arte y objetos de la colonia como cuadros, retratos, monedas, medallas, libros con la particularidad de ser uno de los pocos museos de la ciudad que posee una exposici\u00f3n permanente de objetos pertenecientes al Guayaquil antiguo.<\/em><\/p>\n<p><iframe loading=\"lazy\" width=\"560\" height=\"315\" src=\"http:\/\/www.youtube.com\/embed\/aERj2ZVpw1w\" frameborder=\"0\" allowfullscreen><\/iframe><br \/>\n<strong>Museo de Julio Jaramillo<\/strong><\/p>\n<p><em>Preservar, enriquecer y difundir nuestro patrimonio musical a nuevas generaciones es el prop\u00f3sito de este museo, que lleva el nombre del cantante porte\u00f1o Julio Jaramillo Laurido, y est\u00e1 dedicado a honrar el arte musical guayasense.<\/p>\n<p>Enlazados costumbres y tradiciones, el museo nos invita a realizar un recorrido que inicia en la primera escuela de m\u00fasica fundada en nuestra urbe (1892) y va marcando la evoluci\u00f3n del arte musical y sus cultores m\u00e1s populares a largo del siglo XX.<br \/>\nComprende, adem\u00e1s, una visi\u00f3n hist\u00f3rica de la industria fonogr\u00e1fica en el mundo y el Ecuador; destacando el aporte de los pioneros de la radio fusi\u00f3n local y de la industria discogr\u00e1fica nacional.<\/p>\n<p>Direcci\u00f3n: edificio #3 2do piso, atenci\u00f3n Mi\u00e9rcoles a Domingo 10h00 a 17h00, Gratis <\/em><\/p>\n","protected":false},"excerpt":{"rendered":"<p>Museo Nahim Isa\u00edas Ubicado en la Plaza de la Administraci\u00f3n y beneficiado por el proceso de regeneraci\u00f3n urbana tiene como misi\u00f3n difundir el arte colonial ya que Nahim Isaias Barquet fue un fil\u00e1ntropo y coleccionista de arte ecuatoriano; quien ten\u00eda entre sus proyectos crear un museo en donde compartir las 2.500 piezas pict\u00f3ricas y escult\u00f3ricas [&hellip;]<\/p>\n","protected":false},"author":6941,"featured_media":0,"parent":0,"menu_order":0,"comment_status":"open","ping_status":"open","template":"","meta":{"footnotes":""},"class_list":["post-24","page","type-page","status-publish","hentry"],"_links":{"self":[{"href":"https:\/\/blog.espol.edu.ec\/afernand\/wp-json\/wp\/v2\/pages\/24","targetHints":{"allow":["GET"]}}],"collection":[{"href":"https:\/\/blog.espol.edu.ec\/afernand\/wp-json\/wp\/v2\/pages"}],"about":[{"href":"https:\/\/blog.espol.edu.ec\/afernand\/wp-json\/wp\/v2\/types\/page"}],"author":[{"embeddable":true,"href":"https:\/\/blog.espol.edu.ec\/afernand\/wp-json\/wp\/v2\/users\/6941"}],"replies":[{"embeddable":true,"href":"https:\/\/blog.espol.edu.ec\/afernand\/wp-json\/wp\/v2\/comments?post=24"}],"version-history":[{"count":6,"href":"https:\/\/blog.espol.edu.ec\/afernand\/wp-json\/wp\/v2\/pages\/24\/revisions"}],"predecessor-version":[{"id":60,"href":"https:\/\/blog.espol.edu.ec\/afernand\/wp-json\/wp\/v2\/pages\/24\/revisions\/60"}],"wp:attachment":[{"href":"https:\/\/blog.espol.edu.ec\/afernand\/wp-json\/wp\/v2\/media?parent=24"}],"curies":[{"name":"wp","href":"https:\/\/api.w.org\/{rel}","templated":true}]}}

<p><iframe loading="lazy" width="560" height="315" src="http://www.youtube.com/embed/gpanvzU6xFM" frameborder="0" allowfullscreen></iframe><br />
<strong>Museo Nahim Isaías</strong></p>
<p><em>Ubicado en la Plaza de la Administración y beneficiado por el proceso de regeneración urbana tiene como misión difundir el arte colonial ya que Nahim Isaias Barquet fue un filántropo y coleccionista de arte ecuatoriano; quien tenía entre sus proyectos crear un museo en donde compartir las 2.500 piezas pictóricas y escultóricas de la Escuela Colonial Quiteña.</p>
<p>En la actualidad estas obras han pasado a ser del Banco Central. El museo, cuenta además con una exposición permanente de cosmogonías, que son los 4 elementos: fuego, tierra, agua y aire. Además cuenta con un centro documental, sala de usos múltiples, tienda de souvenirs y un centro de Información Turística.</p>
<p>Dirección : Pichincha y Clemente Ballen #500 ( Plaza de la Administración)<br />
Martes a sábado 09h00 a 17h00<br />
Costo solo se aplica a extranjeros<br />
Adultos $1.50 , Niños, tercera edad, discapacitados y estudiantes $0.50<br />
Sabados Gratis para nacionales y extranjeros.<br />
Telefonos 2324182-2324283</em></p>
<p><iframe loading="lazy" width="560" height="315" src="http://www.youtube.com/embed/m68k-LGVx7g" frameborder="0" allowfullscreen></iframe><br />
<strong>Museo municipal de Guayaquil</strong></p>
<p><em>El Museo Municipal de Guayaquil, es el más antiguo del Ecuador, fue creado inicialmente como museo industrial en 1863, pero realmente se instituyó como tal en 1908, fue fundado por Don Camilo Destruge Illingworth, quien lo dirigió durante diecisiete años.</p>
<p>El primer local del museo estuvo en el antiguo Cabildo, en una construcción de madera, la que podemos ver gracias a que se ha conservado en fotografías. La segunda casa fue un artístico palacio, edificio con mampostería de yeso, y el último traslado se dio gracias a la donación del ciudadano norteamericano Joseph Gorellik.</p>
<p>Posee la sala más grande de Guayaquil, apetecidas por pintores y escultores para exponer sus obras.  A lo largo del año tiene diversas exposiciones, siendo una de las más nombradas, el Salón de Julio, en el que se realiza una muestra de artes plásticas (entre otras) como una de las múltiples actividades por la fundación de Guayaquil.</p>
<p>El Museo Municipal presenta exposiciones variadas: arqueológicas con aproximadamente 2.000 objetos pertenecientes a culturas precolombinas de la costa y la sierra; colecciones de arte y objetos de la colonia como cuadros, retratos, monedas, medallas, libros con la particularidad de ser uno de los pocos museos de la ciudad que posee una exposición permanente de objetos pertenecientes al Guayaquil antiguo.</em></p>
<p><iframe loading="lazy" width="560" height="315" src="http://www.youtube.com/embed/aERj2ZVpw1w" frameborder="0" allowfullscreen></iframe><br />
<strong>Museo de Julio Jaramillo</strong></p>
<p><em>Preservar, enriquecer y difundir nuestro patrimonio musical a nuevas generaciones es el propósito de este museo, que lleva el nombre del cantante porteño Julio Jaramillo Laurido, y está dedicado a honrar el arte musical guayasense.</p>
<p>Enlazados costumbres y tradiciones, el museo nos invita a realizar un recorrido que inicia en la primera escuela de música fundada en nuestra urbe (1892) y va marcando la evolución del arte musical y sus cultores más populares a largo del siglo XX.<br />
Comprende, además, una visión histórica de la industria fonográfica en el mundo y el Ecuador; destacando el aporte de los pioneros de la radio fusión local y de la industria discográfica nacional.</p>
<p>Dirección: edificio #3 2do piso, atención Miércoles a Domingo 10h00 a 17h00, Gratis </em></p>

<p>Museo Nahim Isaías Ubicado en la Plaza de la Administración y beneficiado por el proceso de regeneración urbana tiene como misión difundir el arte colonial ya que Nahim Isaias Barquet fue un filántropo y coleccionista de arte ecuatoriano; quien tenía entre sus proyectos crear un museo en donde compartir las 2.500 piezas pictóricas y escultóricas [&hellip;]</p>
