{"id":2,"date":"2010-11-08T18:16:18","date_gmt":"2010-11-08T18:16:18","guid":{"rendered":""},"modified":"2016-07-17T10:04:47","modified_gmt":"2016-07-17T15:04:47","slug":"acerca-de-mi","status":"publish","type":"page","link":"https:\/\/blog.espol.edu.ec\/ahmedperez\/acerca-de-mi\/","title":{"rendered":"Acerda de mi"},"content":{"rendered":"<p><strong><span style=\"color: #3366ff\">Un Blog diferente: RADIOAFICI\u00d3N, TECNOLOG\u00cdA, VIAJES, OPINIONES PROPIAS, OPEN SOURCE Y ALGO DE MENSAJER\u00cdA CIFRADA.<br \/>\n<\/span><\/strong><\/p>\n<p>Saludos a tod@s!!!<\/p>\n<p>Me llamo Ahmed Jayr P\u00e9rez, soy de la hermos\u00edsima ciudad de Guayaquil, Ecuador, actualmente soy estudiante de la ESPOL y trabajo en el negocio familiar, la gente siempre me pone menos a\u00f1os de los que tengo y por mi parte eso es GENIAL!<\/p>\n<p>Aqu\u00ed abajo encontrar\u00e1s unos puntos sobre mi y las dem\u00e1s cosas que hago:<\/p>\n<ul>\n<li>Radioaficionado, Callsign: HC2NAP (HC2AP).<\/li>\n<li>Socio del Guayaquil Radio Club<\/li>\n<li>Lider del equipo en desarrollo e investigacion del GRC.<\/li>\n<li>Trabajo en INGESIS S.A.<\/li>\n<li>Tengo conocimientos en IT Essentials, CCNA, CCDA, CCNP, QoS, Cableado estructurado NITROTEL, IPv6 y CEH.<\/li>\n<li>Algo de experiencia con servidores Linux y Windows.<\/li>\n<li>Certificado como t\u00e9cnico MOTOROLA (MOTOTRBO).<\/li>\n<li>Open Dive Water 1 y 2 PDIC.<\/li>\n<li>Casi todo el tiempo estoy viajando.<\/li>\n<li>Practico y doy clases de Mindfulness.<\/li>\n<li>Jugaba Baseball en Federaci\u00f3n ecuatoriana.<\/li>\n<li>Fui bombero voluntario en la ciudad de Guayaquil.<\/li>\n<li>Me gusta cuidar el medio ambiente.<\/li>\n<li>Le pongo buena onda a todo donde sea que est\u00e9 \ud83d\ude00<\/li>\n<\/ul>\n<p>No son muchas pero me ocupan casi todo mi tiempo.<\/p>\n<p>Disfruten mi blog!<\/p>\n<p>Namaste.<\/p>\n","protected":false},"excerpt":{"rendered":"<p>Un Blog diferente: RADIOAFICI\u00d3N, TECNOLOG\u00cdA, VIAJES, OPINIONES PROPIAS, OPEN SOURCE Y ALGO DE MENSAJER\u00cdA CIFRADA. Saludos a tod@s!!! Me llamo Ahmed Jayr P\u00e9rez, soy de la hermos\u00edsima ciudad de Guayaquil, Ecuador, actualmente soy estudiante de la ESPOL y trabajo en el negocio familiar, la gente siempre me pone menos a\u00f1os de los que tengo y [&hellip;]<\/p>\n","protected":false},"author":5448,"featured_media":0,"parent":0,"menu_order":0,"comment_status":"open","ping_status":"open","template":"","meta":{"footnotes":""},"class_list":["post-2","page","type-page","status-publish","hentry"],"_links":{"self":[{"href":"https:\/\/blog.espol.edu.ec\/ahmedperez\/wp-json\/wp\/v2\/pages\/2","targetHints":{"allow":["GET"]}}],"collection":[{"href":"https:\/\/blog.espol.edu.ec\/ahmedperez\/wp-json\/wp\/v2\/pages"}],"about":[{"href":"https:\/\/blog.espol.edu.ec\/ahmedperez\/wp-json\/wp\/v2\/types\/page"}],"author":[{"embeddable":true,"href":"https:\/\/blog.espol.edu.ec\/ahmedperez\/wp-json\/wp\/v2\/users\/5448"}],"replies":[{"embeddable":true,"href":"https:\/\/blog.espol.edu.ec\/ahmedperez\/wp-json\/wp\/v2\/comments?post=2"}],"version-history":[{"count":9,"href":"https:\/\/blog.espol.edu.ec\/ahmedperez\/wp-json\/wp\/v2\/pages\/2\/revisions"}],"predecessor-version":[{"id":329,"href":"https:\/\/blog.espol.edu.ec\/ahmedperez\/wp-json\/wp\/v2\/pages\/2\/revisions\/329"}],"wp:attachment":[{"href":"https:\/\/blog.espol.edu.ec\/ahmedperez\/wp-json\/wp\/v2\/media?parent=2"}],"curies":[{"name":"wp","href":"https:\/\/api.w.org\/{rel}","templated":true}]}}