{"id":55,"date":"2013-05-29T21:09:31","date_gmt":"2013-05-29T21:09:31","guid":{"rendered":"http:\/\/blog.espol.edu.ec\/alban\/?page_id=55"},"modified":"2013-05-29T21:09:31","modified_gmt":"2013-05-29T21:09:31","slug":"breve-introduccion","status":"publish","type":"page","link":"https:\/\/blog.espol.edu.ec\/alban\/breve-introduccion\/","title":{"rendered":"Breve introducci\u00f3n"},"content":{"rendered":"<p>Hola este es mi blog y est\u00e1 dise\u00f1ado para discutir acerca de la evoluci\u00f3n musical en la humanidad desde la prehistoria hasta la actualidad, comenzando con los cavern\u00edcolas, pasando con los griegos, egipcios, romanos y babilonios, luego por la creaci\u00f3n del pentagrama y las notas musicales, los cantos gregorianos, el renacimiento, la m\u00fasica del barroco, per\u00edodo cl\u00e1sico, romanticismo, el impresionismo y finalmente la m\u00fasica moderna y contempor\u00e1nea.<\/p>\n","protected":false},"excerpt":{"rendered":"<p>Hola este es mi blog y est\u00e1 dise\u00f1ado para discutir acerca de la evoluci\u00f3n musical en la humanidad desde la prehistoria hasta la actualidad, comenzando con los cavern\u00edcolas, pasando con los griegos, egipcios, romanos y babilonios, luego por la creaci\u00f3n del pentagrama y las notas musicales, los cantos gregorianos, el renacimiento, la m\u00fasica del barroco, [&hellip;]<\/p>\n","protected":false},"author":8482,"featured_media":0,"parent":0,"menu_order":0,"comment_status":"open","ping_status":"open","template":"","meta":{"footnotes":""},"class_list":["post-55","page","type-page","status-publish","hentry"],"_links":{"self":[{"href":"https:\/\/blog.espol.edu.ec\/alban\/wp-json\/wp\/v2\/pages\/55","targetHints":{"allow":["GET"]}}],"collection":[{"href":"https:\/\/blog.espol.edu.ec\/alban\/wp-json\/wp\/v2\/pages"}],"about":[{"href":"https:\/\/blog.espol.edu.ec\/alban\/wp-json\/wp\/v2\/types\/page"}],"author":[{"embeddable":true,"href":"https:\/\/blog.espol.edu.ec\/alban\/wp-json\/wp\/v2\/users\/8482"}],"replies":[{"embeddable":true,"href":"https:\/\/blog.espol.edu.ec\/alban\/wp-json\/wp\/v2\/comments?post=55"}],"version-history":[{"count":1,"href":"https:\/\/blog.espol.edu.ec\/alban\/wp-json\/wp\/v2\/pages\/55\/revisions"}],"predecessor-version":[{"id":56,"href":"https:\/\/blog.espol.edu.ec\/alban\/wp-json\/wp\/v2\/pages\/55\/revisions\/56"}],"wp:attachment":[{"href":"https:\/\/blog.espol.edu.ec\/alban\/wp-json\/wp\/v2\/media?parent=55"}],"curies":[{"name":"wp","href":"https:\/\/api.w.org\/{rel}","templated":true}]}}

Breve introducción

<p>Hola este es mi blog y está diseñado para discutir acerca de la evolución musical en la humanidad desde la prehistoria hasta la actualidad, comenzando con los cavernícolas, pasando con los griegos, egipcios, romanos y babilonios, luego por la creación del pentagrama y las notas musicales, los cantos gregorianos, el renacimiento, la música del barroco, período clásico, romanticismo, el impresionismo y finalmente la música moderna y contemporánea.</p>

<p>Hola este es mi blog y está diseñado para discutir acerca de la evolución musical en la humanidad desde la prehistoria hasta la actualidad, comenzando con los cavernícolas, pasando con los griegos, egipcios, romanos y babilonios, luego por la creación del pentagrama y las notas musicales, los cantos gregorianos, el renacimiento, la música del barroco, [&hellip;]</p>
