{"id":59,"date":"2013-05-29T21:23:33","date_gmt":"2013-05-29T21:23:33","guid":{"rendered":"http:\/\/blog.espol.edu.ec\/alban\/?page_id=59"},"modified":"2013-05-29T21:23:33","modified_gmt":"2013-05-29T21:23:33","slug":"musica-contemporanea","status":"publish","type":"page","link":"https:\/\/blog.espol.edu.ec\/alban\/musica-contemporanea\/","title":{"rendered":"M\u00fasica contempor\u00e1nea"},"content":{"rendered":"<h1><strong>M\u00fasica contempor\u00e1nea<\/strong><\/h1>\n<p>La m\u00fasica contempor\u00e1nea,\u00a0 se compone a lo largo de los \u00faltimos cincuenta a\u00f1os.<\/p>\n<p>Los cuatro estilos m\u00e1s importantes de la m\u00fasica contempor\u00e1neas son: el rock and roll, el pop, la m\u00fasica electr\u00f3nica y el hip hop.<br \/>\nEstilos y grupos<\/p>\n<p><span style=\"color: #339966\">Rock and Roll<\/span><\/p>\n<p>Es un estilo musical que surgi\u00f3 en los a\u00f1os cuarenta- cincuenta. Tiene un ritmo marcado y est\u00e1 basado en los distintos g\u00e9neros de la m\u00fasica folcl\u00f3rica de los Estados Unidos.<\/p>\n<p>El cantante m\u00e1s conocido de rock and roll es Elvis Presley, mientras que una de las bandas que compon\u00eda la m\u00fasica en este estilo es Bill Haley y sus Cometas (1962-1981), un grupo estadounidense.<\/p>\n<p><span style=\"color: #339966\">Pop<\/span><\/p>\n<p>Es un estilo de m\u00fasica que surgi\u00f3 en los a\u00f1os cincuenta. La m\u00fasica pop responde a una estructura de verso-estribillo-verso.<\/p>\n<p>Suele tener una melod\u00eda pegadiza y estar destinada a las masas populares, m\u00e1s que a las subculturas, y ser considerada lo contrario de la m\u00fasica docta o culta. Backstreet Boys es uno de los grupos de pop. Fue creado en 1993 en Florida.<\/p>\n<p><span style=\"color: #339966\">M\u00fasica electr\u00f3nica<\/span><\/p>\n<p>Es el estilo de m\u00fasica que emplea los instrumentos electr\u00f3nicos. Es habitual que utilice los sintetizadores midi para acompa\u00f1ar los instrumentos o reemplazarlos. Surgi\u00f3 en los a\u00f1os cincuenta.<\/p>\n<p>Hacia los a\u00f1os sesenta muchas bandas de rock comenzaron a incorporar los elementos de este tipo de m\u00fasica. La banda The Residents (creada en 1966 en San Francisco), entre otras, incorpora la m\u00fasica electr\u00f3nica en sus composiciones.<\/p>\n<p><span style=\"color: #339966\">Hip Hop<\/span><\/p>\n<p>Es un estilo de m\u00fasica cuyas ra\u00edces se encuentran en la m\u00fasica afroamericana y africana y que surgi\u00f3 en los a\u00f1os setenta, haci\u00e9ndose popular en Nueva York.<\/p>\n<p>A lo largo de los a\u00f1os ochenta, el hip hop se diversific\u00f3 y dio lugar a otros estilos, entre los que estaba el gangsta rap.<\/p>\n<p>Uno de los grupos de hip hop es Group 1 Crew; fue creada en Florida en 2006.<\/p>\n","protected":false},"excerpt":{"rendered":"<p>M\u00fasica contempor\u00e1nea La m\u00fasica contempor\u00e1nea,\u00a0 se compone a lo largo de los \u00faltimos cincuenta a\u00f1os. Los cuatro estilos m\u00e1s importantes de la m\u00fasica contempor\u00e1neas son: el rock and roll, el pop, la m\u00fasica electr\u00f3nica y el hip hop. Estilos y grupos Rock and Roll Es un estilo musical que surgi\u00f3 en los a\u00f1os cuarenta- cincuenta. [&hellip;]<\/p>\n","protected":false},"author":8482,"featured_media":0,"parent":0,"menu_order":0,"comment_status":"open","ping_status":"open","template":"","meta":{"footnotes":""},"class_list":["post-59","page","type-page","status-publish","hentry"],"_links":{"self":[{"href":"https:\/\/blog.espol.edu.ec\/alban\/wp-json\/wp\/v2\/pages\/59","targetHints":{"allow":["GET"]}}],"collection":[{"href":"https:\/\/blog.espol.edu.ec\/alban\/wp-json\/wp\/v2\/pages"}],"about":[{"href":"https:\/\/blog.espol.edu.ec\/alban\/wp-json\/wp\/v2\/types\/page"}],"author":[{"embeddable":true,"href":"https:\/\/blog.espol.edu.ec\/alban\/wp-json\/wp\/v2\/users\/8482"}],"replies":[{"embeddable":true,"href":"https:\/\/blog.espol.edu.ec\/alban\/wp-json\/wp\/v2\/comments?post=59"}],"version-history":[{"count":1,"href":"https:\/\/blog.espol.edu.ec\/alban\/wp-json\/wp\/v2\/pages\/59\/revisions"}],"predecessor-version":[{"id":60,"href":"https:\/\/blog.espol.edu.ec\/alban\/wp-json\/wp\/v2\/pages\/59\/revisions\/60"}],"wp:attachment":[{"href":"https:\/\/blog.espol.edu.ec\/alban\/wp-json\/wp\/v2\/media?parent=59"}],"curies":[{"name":"wp","href":"https:\/\/api.w.org\/{rel}","templated":true}]}}