{"id":16,"date":"2012-01-01T15:11:53","date_gmt":"2012-01-01T20:11:53","guid":{"rendered":"http:\/\/blog.espol.edu.ec\/alberto\/?page_id=16"},"modified":"2012-01-01T21:08:57","modified_gmt":"2012-01-02T02:08:57","slug":"libros","status":"publish","type":"page","link":"https:\/\/blog.espol.edu.ec\/alberto\/libros\/","title":{"rendered":"Libros"},"content":{"rendered":"<p style=\"text-align: center\"><strong>YACIMIENTOS<\/strong><\/p>\n<p style=\"text-align: left\"><a href=\"http:\/\/blog.espol.edu.ec\/alberto\/files\/2012\/01\/Escobar_F_-_Ingenieria_de_Yacimientos.pdf\">Escobar,_F_-_Ingenieria_de_Yacimientos<\/a><\/p>\n<p style=\"text-align: left\"><a href=\"http:\/\/blog.espol.edu.ec\/alberto\/files\/2012\/01\/Rodr\u00edguez-J.-R.-Ingenier\u00eda-B\u00e1sica-de-Yacimientos.pdf\">Rodr\u00edguez, J. R. - Ingenier\u00eda B\u00e1sica de Yacimientos<\/a><\/p>\n<p style=\"text-align: left\">\n<p style=\"text-align: left\"><a href=\"http:\/\/blog.espol.edu.ec\/alberto\/files\/2012\/01\/Fundamentals-of-Reservoir-Engineering-L.P.-Dake.pdf\">Fundamentals of Reservoir Engineering (L.P. Dake)<\/a><\/p>\n<p style=\"text-align: left\">\n","protected":false},"excerpt":{"rendered":"<p>YACIMIENTOS Escobar,_F_-_Ingenieria_de_Yacimientos Rodr\u00edguez, J. R. - Ingenier\u00eda B\u00e1sica de Yacimientos Fundamentals of Reservoir Engineering (L.P. Dake)<\/p>\n","protected":false},"author":618,"featured_media":0,"parent":0,"menu_order":0,"comment_status":"open","ping_status":"open","template":"","meta":{"footnotes":""},"class_list":["post-16","page","type-page","status-publish","hentry","nodate","item-wrap"],"_links":{"self":[{"href":"https:\/\/blog.espol.edu.ec\/alberto\/wp-json\/wp\/v2\/pages\/16","targetHints":{"allow":["GET"]}}],"collection":[{"href":"https:\/\/blog.espol.edu.ec\/alberto\/wp-json\/wp\/v2\/pages"}],"about":[{"href":"https:\/\/blog.espol.edu.ec\/alberto\/wp-json\/wp\/v2\/types\/page"}],"author":[{"embeddable":true,"href":"https:\/\/blog.espol.edu.ec\/alberto\/wp-json\/wp\/v2\/users\/618"}],"replies":[{"embeddable":true,"href":"https:\/\/blog.espol.edu.ec\/alberto\/wp-json\/wp\/v2\/comments?post=16"}],"version-history":[{"count":3,"href":"https:\/\/blog.espol.edu.ec\/alberto\/wp-json\/wp\/v2\/pages\/16\/revisions"}],"predecessor-version":[{"id":32,"href":"https:\/\/blog.espol.edu.ec\/alberto\/wp-json\/wp\/v2\/pages\/16\/revisions\/32"}],"wp:attachment":[{"href":"https:\/\/blog.espol.edu.ec\/alberto\/wp-json\/wp\/v2\/media?parent=16"}],"curies":[{"name":"wp","href":"https:\/\/api.w.org\/{rel}","templated":true}]}}