{"id":15,"date":"2009-06-30T18:17:42","date_gmt":"2009-06-30T22:17:42","guid":{"rendered":"http:\/\/blog.espol.edu.ec\/alelespi\/?page_id=15"},"modified":"2009-06-30T18:19:29","modified_gmt":"2009-06-30T22:19:29","slug":"glaciares-los-hielos-vivos","status":"publish","type":"page","link":"https:\/\/blog.espol.edu.ec\/alelespi\/glaciares-los-hielos-vivos\/","title":{"rendered":"Glaciares: los hielos vivos"},"content":{"rendered":"<p>A pesar de que la zona tur\u00edstica que rodea a los glaciares como El Perito Moreno suele tener un clima agradable, a medida que se avanza en la geograf\u00eda polar, el fr\u00edo se vuelve cada vez m\u00e1s extremo. Con temperaturas bajo cero durante todo el a\u00f1o, los polos no parecen el mejor lugar para criar a una familia, aunque muchas especies los han convertido en su h\u00e1bitat natural. En el caso de la Ant\u00e1rtida, concretamente en la reserva patag\u00f3nica adyacente, se pueden encontrar pumas y armadillos, mientras a unos kil\u00f3metros hacia adentro el panorama cambia completamente. En aguas ant\u00e1rticas se han catalogado aproximadamente 7.500 especies de peces, aves, mam\u00edferos marinos, artr\u00f3podos y moluscos. Sin embargo, y aunque te suenen como g\u00e9neros conocidos, cuanto m\u00e1s adentro del bloque polar se encuentran m\u00e1s at\u00edpica es su morfolog\u00eda. Dicho de otra manera, son cada vez m\u00e1s extra\u00f1os para adecuarse al agresivo h\u00e1bitat en el que viven.<\/p>\n<p>Quiz\u00e1s el \u00fanico efecto colateral positivo del calentamiento global sea el hecho de que los cient\u00edficos han podido descubrir m\u00e1s detalles y caracter\u00edsticas de los fondos marinos ant\u00e1rticos. Aunque su exploraci\u00f3n no supon\u00eda una prioridad hasta hace apenas unos siglos, la posibilidad que se presenta hoy en d\u00eda es \u00fanica. Debido al colapso de las grandes plataformas de hielo alrededor de la Pen\u00ednsula Ant\u00e1rtica, ahora podemos verla de una forma que no ocurr\u00eda desde hace 100.000 a\u00f1os. De todas formas, a\u00fan queda mucho por investigar y descubrir y es por ello que te invitamos a conocer m\u00e1s sobre los glaciares en esta Experiencia Discovery.<br \/>\n<object width=\"486\" height=\"412\" data=\"http:\/\/c.brightcove.com\/services\/viewer\/federated_f8\/1418520395\" type=\"application\/x-shockwave-flash\"><param name=\"name\" value=\"flashObj\" \/><param name=\"bgcolor\" value=\"#FFFFFF\" \/><param name=\"flashvars\" value=\"videoId=26743688001&amp;playerId=1418520395&amp;viewerSecureGatewayURL=https:\/\/console.brightcove.com\/services\/amfgateway&amp;servicesURL=http:\/\/services.brightcove.com\/services&amp;cdnURL=http:\/\/admin.brightcove.com&amp;domain=embed&amp;autoStart=false&amp;\" \/><param name=\"src\" value=\"http:\/\/c.brightcove.com\/services\/viewer\/federated_f8\/1418520395\" \/><\/object><\/p>\n","protected":false},"excerpt":{"rendered":"<p>A pesar de que la zona tur\u00edstica que rodea a los glaciares como El Perito Moreno suele tener un clima agradable, a medida que se avanza en la geograf\u00eda polar, el fr\u00edo se vuelve cada vez m\u00e1s extremo. Con temperaturas bajo cero durante todo el a\u00f1o, los polos no parecen el mejor lugar para criar [&hellip;]<\/p>\n","protected":false},"author":2640,"featured_media":0,"parent":0,"menu_order":0,"comment_status":"open","ping_status":"open","template":"","meta":{"footnotes":""},"class_list":["post-15","page","type-page","status-publish","hentry"],"_links":{"self":[{"href":"https:\/\/blog.espol.edu.ec\/alelespi\/wp-json\/wp\/v2\/pages\/15","targetHints":{"allow":["GET"]}}],"collection":[{"href":"https:\/\/blog.espol.edu.ec\/alelespi\/wp-json\/wp\/v2\/pages"}],"about":[{"href":"https:\/\/blog.espol.edu.ec\/alelespi\/wp-json\/wp\/v2\/types\/page"}],"author":[{"embeddable":true,"href":"https:\/\/blog.espol.edu.ec\/alelespi\/wp-json\/wp\/v2\/users\/2640"}],"replies":[{"embeddable":true,"href":"https:\/\/blog.espol.edu.ec\/alelespi\/wp-json\/wp\/v2\/comments?post=15"}],"version-history":[{"count":4,"href":"https:\/\/blog.espol.edu.ec\/alelespi\/wp-json\/wp\/v2\/pages\/15\/revisions"}],"predecessor-version":[{"id":18,"href":"https:\/\/blog.espol.edu.ec\/alelespi\/wp-json\/wp\/v2\/pages\/15\/revisions\/18"}],"wp:attachment":[{"href":"https:\/\/blog.espol.edu.ec\/alelespi\/wp-json\/wp\/v2\/media?parent=15"}],"curies":[{"name":"wp","href":"https:\/\/api.w.org\/{rel}","templated":true}]}}