{"id":27,"date":"2009-07-02T13:50:05","date_gmt":"2009-07-02T17:50:05","guid":{"rendered":"http:\/\/blog.espol.edu.ec\/alelespi\/?page_id=27"},"modified":"2009-07-02T13:53:44","modified_gmt":"2009-07-02T17:53:44","slug":"emelec","status":"publish","type":"page","link":"https:\/\/blog.espol.edu.ec\/alelespi\/emelec\/","title":{"rendered":"Emelec"},"content":{"rendered":"<div id=\"attachment_33\" style=\"width: 640px\" class=\"wp-caption alignnone\"><img loading=\"lazy\" decoding=\"async\" aria-describedby=\"caption-attachment-33\" class=\"size-full wp-image-33\" src=\"http:\/\/blog.espol.edu.ec\/alelespi\/files\/2009\/07\/emelec1.jpg\" alt=\"David Quiroz\" width=\"630\" height=\"422\" srcset=\"https:\/\/blog.espol.edu.ec\/alelespi\/files\/2009\/07\/emelec1.jpg 630w, https:\/\/blog.espol.edu.ec\/alelespi\/files\/2009\/07\/emelec1-300x200.jpg 300w\" sizes=\"auto, (max-width: 630px) 100vw, 630px\" \/><p id=\"caption-attachment-33\" class=\"wp-caption-text\">David Quiroz<\/p><\/div>\n<p>El volante del Club Sport Emelec David Quiroz, se\u00f1al\u00f3 que el primer objetivo ya se consigui\u00f3, clasificar a los cuadrangulares finales en esta primera etapa, por lo que ahora buscar\u00e1n ratificar la punta y conseguir un cupo a la Copa Sudamericana.<\/p>\n<p>\u201cYa lo hemos conseguido, ahora ya estamos pensando en lo que es la Sudamericana y depende de nosotros para conseguirlo\u201d, detall\u00f3 Quiroz al final del entrenamiento realizado en el complejo de Los Samanes.<\/p>\n<p>El jugador detall\u00f3 que este objetivo se consigui\u00f3 gracias a todos lo jugadores quienes d\u00eda a d\u00eda dan su mejor esfuerzo para lograr los resultados durante los partidos, adem\u00e1s se\u00f1al\u00f3 que se siente muy contento y motivado de jugar en Emelec donde ha encontrado todo el apoyo de compa\u00f1eros y cuerpo t\u00e9cnico.<\/p>\n<p>\u201cMuy motivado, con muchas ganas, la motivaci\u00f3n que tengo dentro de Emelec gracias a los compa\u00f1eros, cuerpo t\u00e9cnico, me han hecho que las cosas salgan bien.<\/p>\n<p>Por \u00faltimo sobre el siguiente rival, El Nacional de Quito, sabe que es un rival muy dif\u00edcil y que tienen que trabajar mucho esta semana para buscar los tres puntos este fin de semana en el estadio Capwell.<\/p>\n<p>\u201cS\u00ed, siempre complicado, El Nacional juega muy bien como visitante y hay que buscar el resultado y ganar y por eso tenemos que estar concentrados\u201d apunt\u00f3 el \u201cCholito\u201d Quiroz, como se lo conoce cari\u00f1osamente.<\/p>\n","protected":false},"excerpt":{"rendered":"<p>El volante del Club Sport Emelec David Quiroz, se\u00f1al\u00f3 que el primer objetivo ya se consigui\u00f3, clasificar a los cuadrangulares finales en esta primera etapa, por lo que ahora buscar\u00e1n ratificar la punta y conseguir un cupo a la Copa Sudamericana. \u201cYa lo hemos conseguido, ahora ya estamos pensando en lo que es la Sudamericana [&hellip;]<\/p>\n","protected":false},"author":2640,"featured_media":0,"parent":0,"menu_order":0,"comment_status":"open","ping_status":"open","template":"","meta":{"footnotes":""},"class_list":["post-27","page","type-page","status-publish","hentry"],"_links":{"self":[{"href":"https:\/\/blog.espol.edu.ec\/alelespi\/wp-json\/wp\/v2\/pages\/27","targetHints":{"allow":["GET"]}}],"collection":[{"href":"https:\/\/blog.espol.edu.ec\/alelespi\/wp-json\/wp\/v2\/pages"}],"about":[{"href":"https:\/\/blog.espol.edu.ec\/alelespi\/wp-json\/wp\/v2\/types\/page"}],"author":[{"embeddable":true,"href":"https:\/\/blog.espol.edu.ec\/alelespi\/wp-json\/wp\/v2\/users\/2640"}],"replies":[{"embeddable":true,"href":"https:\/\/blog.espol.edu.ec\/alelespi\/wp-json\/wp\/v2\/comments?post=27"}],"version-history":[{"count":5,"href":"https:\/\/blog.espol.edu.ec\/alelespi\/wp-json\/wp\/v2\/pages\/27\/revisions"}],"predecessor-version":[{"id":32,"href":"https:\/\/blog.espol.edu.ec\/alelespi\/wp-json\/wp\/v2\/pages\/27\/revisions\/32"}],"wp:attachment":[{"href":"https:\/\/blog.espol.edu.ec\/alelespi\/wp-json\/wp\/v2\/media?parent=27"}],"curies":[{"name":"wp","href":"https:\/\/api.w.org\/{rel}","templated":true}]}}