{"id":59,"date":"2009-07-05T18:00:43","date_gmt":"2009-07-05T22:00:43","guid":{"rendered":"http:\/\/blog.espol.edu.ec\/alelespi\/?page_id=59"},"modified":"2009-07-05T18:01:03","modified_gmt":"2009-07-05T22:01:03","slug":"redes-sociales-2","status":"publish","type":"page","link":"https:\/\/blog.espol.edu.ec\/alelespi\/redes-sociales-2\/","title":{"rendered":"Redes Sociales..."},"content":{"rendered":"<p><img loading=\"lazy\" decoding=\"async\" src=\"http:\/\/blog.espol.edu.ec\/alelespi\/files\/2009\/07\/redes-sociales.jpg\" alt=\"redes-sociales\" width=\"193\" height=\"178\" class=\"alignleft size-full wp-image-60\" \/>Las redes sociales en Internet han ganado su lugar de una manera vertiginosa convirti\u00e9ndose en promisorios negocios para empresas y sobretodo en lugares para encuentros humanos.<br \/>\nPara comprender un poco este fen\u00f3meno en crecimiento presuroso cabe citar en principio alguna definici\u00f3n b\u00e1sica que nos permita comprender que es una red social, c\u00f3mo funcionan en Internet y algunas nociones sobre su historia.<\/p>\n<p>Me pareci\u00f3 por dem\u00e1s interesante el trabajo del Dr. Gustavo Aruguete acerca de Redes Sociales. Le recomiendo a quienes deseen trascender la informaci\u00f3n elemental, cruda y repetitiva que suele difundirse sobre redes sociales en \u00e1mbitos inform\u00e1ticos bajarse los archivos que est\u00e1n disponibles en el sitio de Pr\u00e1cticas Grupales.<br \/>\n<object width=\"500\" height=\"405\"><param name=\"movie\" value=\"http:\/\/www.youtube.com\/v\/klln71HuAFQ&amp;hl=en&amp;fs=1&amp;color1=0x3a3a3a&amp;color2=0x999999&amp;border=1\"><\/param><param name=\"allowFullScreen\" value=\"true\"><\/param><param name=\"allowscriptaccess\" value=\"always\"><\/param><embed src=\"http:\/\/www.youtube.com\/v\/klln71HuAFQ&amp;hl=en&amp;fs=1&amp;color1=0x3a3a3a&amp;color2=0x999999&amp;border=1\" type=\"application\/x-shockwave-flash\" width=\"500\" height=\"405\"><\/embed><\/object><\/p>\n","protected":false},"excerpt":{"rendered":"<p>Las redes sociales en Internet han ganado su lugar de una manera vertiginosa convirti\u00e9ndose en promisorios negocios para empresas y sobretodo en lugares para encuentros humanos. Para comprender un poco este fen\u00f3meno en crecimiento presuroso cabe citar en principio alguna definici\u00f3n b\u00e1sica que nos permita comprender que es una red social, c\u00f3mo funcionan en Internet [&hellip;]<\/p>\n","protected":false},"author":2640,"featured_media":0,"parent":0,"menu_order":0,"comment_status":"open","ping_status":"open","template":"","meta":{"footnotes":""},"class_list":["post-59","page","type-page","status-publish","hentry"],"_links":{"self":[{"href":"https:\/\/blog.espol.edu.ec\/alelespi\/wp-json\/wp\/v2\/pages\/59","targetHints":{"allow":["GET"]}}],"collection":[{"href":"https:\/\/blog.espol.edu.ec\/alelespi\/wp-json\/wp\/v2\/pages"}],"about":[{"href":"https:\/\/blog.espol.edu.ec\/alelespi\/wp-json\/wp\/v2\/types\/page"}],"author":[{"embeddable":true,"href":"https:\/\/blog.espol.edu.ec\/alelespi\/wp-json\/wp\/v2\/users\/2640"}],"replies":[{"embeddable":true,"href":"https:\/\/blog.espol.edu.ec\/alelespi\/wp-json\/wp\/v2\/comments?post=59"}],"version-history":[{"count":3,"href":"https:\/\/blog.espol.edu.ec\/alelespi\/wp-json\/wp\/v2\/pages\/59\/revisions"}],"predecessor-version":[{"id":63,"href":"https:\/\/blog.espol.edu.ec\/alelespi\/wp-json\/wp\/v2\/pages\/59\/revisions\/63"}],"wp:attachment":[{"href":"https:\/\/blog.espol.edu.ec\/alelespi\/wp-json\/wp\/v2\/media?parent=59"}],"curies":[{"name":"wp","href":"https:\/\/api.w.org\/{rel}","templated":true}]}}