{"id":64,"date":"2009-07-05T18:07:45","date_gmt":"2009-07-05T22:07:45","guid":{"rendered":"http:\/\/blog.espol.edu.ec\/alelespi\/?page_id=64"},"modified":"2009-07-05T18:09:52","modified_gmt":"2009-07-05T22:09:52","slug":"%c2%bfque-es-un-foro","status":"publish","type":"page","link":"https:\/\/blog.espol.edu.ec\/alelespi\/redes-sociales-2\/%c2%bfque-es-un-foro\/","title":{"rendered":"\u00bfQu\u00e9 es un Foro?"},"content":{"rendered":"<p><img loading=\"lazy\" decoding=\"async\" src=\"http:\/\/blog.espol.edu.ec\/alelespi\/files\/2009\/07\/foro1-300x195.jpg\" alt=\"foro1\" width=\"300\" height=\"195\" class=\"alignleft size-medium wp-image-65\" srcset=\"https:\/\/blog.espol.edu.ec\/alelespi\/files\/2009\/07\/foro1-300x195.jpg 300w, https:\/\/blog.espol.edu.ec\/alelespi\/files\/2009\/07\/foro1.jpg 592w\" sizes=\"auto, (max-width: 300px) 100vw, 300px\" \/>En Internet, un foro, tambi\u00e9n conocido como foro de mensajes, foro de opini\u00f3n o foro de discusi\u00f3n, es una aplicaci\u00f3n web que da soporte a discusiones u opiniones en l\u00ednea.<\/p>\n<p>Son los descendientes modernos de los sistemas de noticias BBS (Bulletin Board System) y Usenet, muy populares en los a\u00f1os 1980 y 1990. Por lo general los foros en Internet existen como un complemento a un sitio web invitando a los usuarios a discutir o compartir informaci\u00f3n relevante a la tem\u00e1tica del sitio, en discusi\u00f3n libre e informal, con lo cual se llega a for<\/p>\n<p>Es interesante que muchos foros en Internet tienden a fomentar la creaci\u00f3n de comunidades con reglas propias y, en algunos casos, inclusive un propio lenguaje formando una subcultura. Se llegan a organizar eventos sociales que pueden llegar a involucrar viajes internacionales masivos. Tampoco es dif\u00edcil encontrar gente que ha comenzado una relaci\u00f3n (a distancia muchas veces) con gente que conoci\u00f3 en un foro, e inclusive se conocen casos que terminaron en matrimonio.<\/p>\n<p>M\u00e1s all\u00e1 de que son una herramienta en Internet, los foros generan una gran cantidad de escritos; pero en contraste con otras tecnolog\u00edas modernas basadas en Internet, como la mensajer\u00eda instant\u00e1nea (conocida popularmente por ir en contra de la cultura, en su acepci\u00f3n de conocimientos generales y vocabulario); muchos de los miembros de los foros realmente se preocupan por la calidad de los textos tanto en contenido como en redacci\u00f3n, ortograf\u00eda, gram\u00e1tica y otras caracter\u00edsticas del lenguaje escrito, teniendo este tipo de usuarios un especial \u00e9nfasis en corregir a los chaters.<\/p>\n<p>Sin embargo, es tambi\u00e9n muy com\u00fan encontrarse foros de comunidades de Internet que utilizan en demas\u00eda t\u00e9rminos creados por ellos o nuevos significados para algunas frases; al punto que dificulta la interpretaci\u00f3n a un reci\u00e9n llegado (newbie).<\/p>\n<p>Algunas comunidades han encontrado en los foros una utilidad como herramienta para clasificar y almacenar enlaces de archivos distribuidos en P2P, P2M y descarga directa.<\/p>\n","protected":false},"excerpt":{"rendered":"<p>En Internet, un foro, tambi\u00e9n conocido como foro de mensajes, foro de opini\u00f3n o foro de discusi\u00f3n, es una aplicaci\u00f3n web que da soporte a discusiones u opiniones en l\u00ednea. Son los descendientes modernos de los sistemas de noticias BBS (Bulletin Board System) y Usenet, muy populares en los a\u00f1os 1980 y 1990. Por lo [&hellip;]<\/p>\n","protected":false},"author":2640,"featured_media":0,"parent":59,"menu_order":0,"comment_status":"open","ping_status":"open","template":"","meta":{"footnotes":""},"class_list":["post-64","page","type-page","status-publish","hentry"],"_links":{"self":[{"href":"https:\/\/blog.espol.edu.ec\/alelespi\/wp-json\/wp\/v2\/pages\/64","targetHints":{"allow":["GET"]}}],"collection":[{"href":"https:\/\/blog.espol.edu.ec\/alelespi\/wp-json\/wp\/v2\/pages"}],"about":[{"href":"https:\/\/blog.espol.edu.ec\/alelespi\/wp-json\/wp\/v2\/types\/page"}],"author":[{"embeddable":true,"href":"https:\/\/blog.espol.edu.ec\/alelespi\/wp-json\/wp\/v2\/users\/2640"}],"replies":[{"embeddable":true,"href":"https:\/\/blog.espol.edu.ec\/alelespi\/wp-json\/wp\/v2\/comments?post=64"}],"version-history":[{"count":4,"href":"https:\/\/blog.espol.edu.ec\/alelespi\/wp-json\/wp\/v2\/pages\/64\/revisions"}],"predecessor-version":[{"id":69,"href":"https:\/\/blog.espol.edu.ec\/alelespi\/wp-json\/wp\/v2\/pages\/64\/revisions\/69"}],"up":[{"embeddable":true,"href":"https:\/\/blog.espol.edu.ec\/alelespi\/wp-json\/wp\/v2\/pages\/59"}],"wp:attachment":[{"href":"https:\/\/blog.espol.edu.ec\/alelespi\/wp-json\/wp\/v2\/media?parent=64"}],"curies":[{"name":"wp","href":"https:\/\/api.w.org\/{rel}","templated":true}]}}