{"id":79,"date":"2009-07-05T18:24:24","date_gmt":"2009-07-05T22:24:24","guid":{"rendered":"http:\/\/blog.espol.edu.ec\/alelespi\/?page_id=79"},"modified":"2009-07-05T18:24:55","modified_gmt":"2009-07-05T22:24:55","slug":"%c2%bfque-es-wordpress","status":"publish","type":"page","link":"https:\/\/blog.espol.edu.ec\/alelespi\/redes-sociales-2\/%c2%bfque-es-un-blog\/%c2%bfque-es-wordpress\/","title":{"rendered":"\u00bfQu\u00e9 es WordPress?"},"content":{"rendered":"<p><img loading=\"lazy\" decoding=\"async\" src=\"http:\/\/blog.espol.edu.ec\/alelespi\/files\/2009\/07\/wordpress_administration-300x166.jpg\" alt=\"wordpress_administration\" width=\"300\" height=\"166\" class=\"alignleft size-medium wp-image-80\" srcset=\"https:\/\/blog.espol.edu.ec\/alelespi\/files\/2009\/07\/wordpress_administration-300x166.jpg 300w, https:\/\/blog.espol.edu.ec\/alelespi\/files\/2009\/07\/wordpress_administration.jpg 800w\" sizes=\"auto, (max-width: 300px) 100vw, 300px\" \/>WordPress es un sistema de gesti\u00f3n de contenido enfocado a la creaci\u00f3n de blogs (sitios web peri\u00f3dicamente actualizados). Desarrollado en PHP y MySQL, bajo licencia GPL, tiene como fundador a Matt Mullenweg. WordPress fue creado a partir del desaparecido b2\/cafelog y se ha convertido junto a Movable Type en el CMS m\u00e1s popular de la blogosfera. Las causas de su enorme crecimiento son, entre otras, su licencia, su facilidad de uso y sus caracter\u00edsticas como gestor de contenidos.<\/p>\n<p>Otro motivo a considerar sobre su \u00e9xito y extensi\u00f3n, es la enorme comunidad de desarrolladores y dise\u00f1adores, que se encargan de desarrollarlo en general o crear plugins y temas para la comunidad (que ascend\u00edan a 2.524 y 1.320 respectivamente en julio de 2008).<\/p>\n","protected":false},"excerpt":{"rendered":"<p>WordPress es un sistema de gesti\u00f3n de contenido enfocado a la creaci\u00f3n de blogs (sitios web peri\u00f3dicamente actualizados). Desarrollado en PHP y MySQL, bajo licencia GPL, tiene como fundador a Matt Mullenweg. WordPress fue creado a partir del desaparecido b2\/cafelog y se ha convertido junto a Movable Type en el CMS m\u00e1s popular de la [&hellip;]<\/p>\n","protected":false},"author":2640,"featured_media":0,"parent":70,"menu_order":0,"comment_status":"open","ping_status":"open","template":"","meta":{"footnotes":""},"class_list":["post-79","page","type-page","status-publish","hentry"],"_links":{"self":[{"href":"https:\/\/blog.espol.edu.ec\/alelespi\/wp-json\/wp\/v2\/pages\/79","targetHints":{"allow":["GET"]}}],"collection":[{"href":"https:\/\/blog.espol.edu.ec\/alelespi\/wp-json\/wp\/v2\/pages"}],"about":[{"href":"https:\/\/blog.espol.edu.ec\/alelespi\/wp-json\/wp\/v2\/types\/page"}],"author":[{"embeddable":true,"href":"https:\/\/blog.espol.edu.ec\/alelespi\/wp-json\/wp\/v2\/users\/2640"}],"replies":[{"embeddable":true,"href":"https:\/\/blog.espol.edu.ec\/alelespi\/wp-json\/wp\/v2\/comments?post=79"}],"version-history":[{"count":3,"href":"https:\/\/blog.espol.edu.ec\/alelespi\/wp-json\/wp\/v2\/pages\/79\/revisions"}],"predecessor-version":[{"id":83,"href":"https:\/\/blog.espol.edu.ec\/alelespi\/wp-json\/wp\/v2\/pages\/79\/revisions\/83"}],"up":[{"embeddable":true,"href":"https:\/\/blog.espol.edu.ec\/alelespi\/wp-json\/wp\/v2\/pages\/70"}],"wp:attachment":[{"href":"https:\/\/blog.espol.edu.ec\/alelespi\/wp-json\/wp\/v2\/media?parent=79"}],"curies":[{"name":"wp","href":"https:\/\/api.w.org\/{rel}","templated":true}]}}