{"id":89,"date":"2009-07-05T18:36:45","date_gmt":"2009-07-05T22:36:45","guid":{"rendered":"http:\/\/blog.espol.edu.ec\/alelespi\/?page_id=89"},"modified":"2009-07-05T18:37:08","modified_gmt":"2009-07-05T22:37:08","slug":"%c2%bfque-son-widgets","status":"publish","type":"page","link":"https:\/\/blog.espol.edu.ec\/alelespi\/redes-sociales-2\/%c2%bfque-es-un-blog\/%c2%bfque-son-widgets\/","title":{"rendered":"\u00bfQu\u00e9 son Widgets?"},"content":{"rendered":"<p><img loading=\"lazy\" decoding=\"async\" class=\"alignright size-medium wp-image-91\" src=\"http:\/\/blog.espol.edu.ec\/alelespi\/files\/2009\/07\/widget-300x235.jpg\" alt=\"widget\" width=\"300\" height=\"235\" srcset=\"https:\/\/blog.espol.edu.ec\/alelespi\/files\/2009\/07\/widget-300x235.jpg 300w, https:\/\/blog.espol.edu.ec\/alelespi\/files\/2009\/07\/widget.jpg 500w\" sizes=\"auto, (max-width: 300px) 100vw, 300px\" \/>Esta secci\u00f3n del art\u00edculo es para las aplicaciones llamadas widgets. Para los componentes de una interfaz de usuario vea esta secci\u00f3n: Los widget en el \u00e1mbito de la programaci\u00f3n gr\u00e1fica.<\/p>\n<p>En inform\u00e1tica, un widget es una peque\u00f1a aplicaci\u00f3n o programa, usualmente presentado en archivos o ficheros peque\u00f1os que son ejecutados por un motor de widgets o Widget Engine. Entre sus objetivos est\u00e1n los de dar f\u00e1cil acceso a funciones frecuentemente usadas y proveer de informaci\u00f3n visual. Sin embargo los widgets pueden hacer todo lo que la imaginaci\u00f3n desee e interactuar con servicios e informaci\u00f3n distribuida en Internet; pueden ser vistosos relojes en pantalla, notas, calculadoras, calendarios, agendas, juegos, ventanas con informaci\u00f3n del tiempo en su ciudad, etc\u00e9tera.<\/p>\n<p>Los widgets de escritorio tambi\u00e9n se conocen como gadgets, una nueva categor\u00eda de mini aplicaciones, dise\u00f1adas para proveer de informaci\u00f3n o mejorar una aplicaci\u00f3n o servicios de un ordenador o computadora, o bien cualquier tipo de interacci\u00f3n a trav\u00e9s del World Wide Web, por ejemplo una extensi\u00f3n de alguna aplicaci\u00f3n de negocios, que nos provea informaci\u00f3n en tiempo real del estatus del negocio u organizaci\u00f3n.<\/p>\n<p>Una caracter\u00edstica com\u00fan a los widgets, es que son de distribuci\u00f3n gratuita a trav\u00e9s de Internet. Aparecieron originalmente en el ambiente del sistema de accesorios de escritorio de Mac OS X, actualmente Yahoo! ofrece una colecci\u00f3n muy amplia de widgets para Windows XP y Mac OS X; a la vez que existe una creciente creaci\u00f3n de widgets para Windows Vista que aprovechan del nuevo motor gr\u00e1fico de este sistema conocido como WinFX, una biblioteca de tecnolog\u00edas para Windows Vista tambi\u00e9n disponible sin costo alguno para Windows 2000, XP y 2003.<\/p>\n<p>Tambi\u00e9n los hay para GNU\/Linux, utilizando el motor widget \"Superkaramba\", que permite la ejecuci\u00f3n de un sinn\u00famero de widgets disponibles desde muchas p\u00e1ginas en internet; su facilidad de programaci\u00f3n es sorprendente y al ser de c\u00f3digo abierto cualquier usuario puede personalizarlo a su gusto. Se espera que para finales del 2007, el escritorio KDE 4.0 pueda ejecutar widgets de Mac OS X.<\/p>\n<p><img loading=\"lazy\" decoding=\"async\" class=\"alignleft size-medium wp-image-90\" src=\"http:\/\/blog.espol.edu.ec\/alelespi\/files\/2009\/07\/widgets-on-desktop-300x200.jpg\" alt=\"widgets-on-desktop\" width=\"300\" height=\"200\" srcset=\"https:\/\/blog.espol.edu.ec\/alelespi\/files\/2009\/07\/widgets-on-desktop-300x200.jpg 300w, https:\/\/blog.espol.edu.ec\/alelespi\/files\/2009\/07\/widgets-on-desktop.jpg 800w\" sizes=\"auto, (max-width: 300px) 100vw, 300px\" \/>El modelo de mini aplicaciones de widgets, es muy atractivo por su relativamente f\u00e1cil desarrollo: muchos de los widgets, pueden ser creados con unas cuantas im\u00e1genes y con pocas l\u00edneas de c\u00f3digo, en lenguajes que van desde XML, pasando por JavaScript a Perl, y C# entre otros.<\/p>\n","protected":false},"excerpt":{"rendered":"<p>Esta secci\u00f3n del art\u00edculo es para las aplicaciones llamadas widgets. Para los componentes de una interfaz de usuario vea esta secci\u00f3n: Los widget en el \u00e1mbito de la programaci\u00f3n gr\u00e1fica. En inform\u00e1tica, un widget es una peque\u00f1a aplicaci\u00f3n o programa, usualmente presentado en archivos o ficheros peque\u00f1os que son ejecutados por un motor de widgets [&hellip;]<\/p>\n","protected":false},"author":2640,"featured_media":0,"parent":70,"menu_order":0,"comment_status":"open","ping_status":"open","template":"","meta":{"footnotes":""},"class_list":["post-89","page","type-page","status-publish","hentry"],"_links":{"self":[{"href":"https:\/\/blog.espol.edu.ec\/alelespi\/wp-json\/wp\/v2\/pages\/89","targetHints":{"allow":["GET"]}}],"collection":[{"href":"https:\/\/blog.espol.edu.ec\/alelespi\/wp-json\/wp\/v2\/pages"}],"about":[{"href":"https:\/\/blog.espol.edu.ec\/alelespi\/wp-json\/wp\/v2\/types\/page"}],"author":[{"embeddable":true,"href":"https:\/\/blog.espol.edu.ec\/alelespi\/wp-json\/wp\/v2\/users\/2640"}],"replies":[{"embeddable":true,"href":"https:\/\/blog.espol.edu.ec\/alelespi\/wp-json\/wp\/v2\/comments?post=89"}],"version-history":[{"count":4,"href":"https:\/\/blog.espol.edu.ec\/alelespi\/wp-json\/wp\/v2\/pages\/89\/revisions"}],"predecessor-version":[{"id":95,"href":"https:\/\/blog.espol.edu.ec\/alelespi\/wp-json\/wp\/v2\/pages\/89\/revisions\/95"}],"up":[{"embeddable":true,"href":"https:\/\/blog.espol.edu.ec\/alelespi\/wp-json\/wp\/v2\/pages\/70"}],"wp:attachment":[{"href":"https:\/\/blog.espol.edu.ec\/alelespi\/wp-json\/wp\/v2\/media?parent=89"}],"curies":[{"name":"wp","href":"https:\/\/api.w.org\/{rel}","templated":true}]}}