{"id":14850,"date":"2014-03-15T21:37:38","date_gmt":"2014-03-16T02:37:38","guid":{"rendered":"https:\/\/blog.espol.edu.ec\/algoritmos101\/?page_id=14850"},"modified":"2026-04-14T05:55:19","modified_gmt":"2026-04-14T10:55:19","slug":"fp-ejercicios-arreglos-vectores","status":"publish","type":"page","link":"https:\/\/blog.espol.edu.ec\/algoritmos101\/fprogramacion\/fp-ejercicios-arreglos-vectores\/","title":{"rendered":"Ejercicios - arreglos vectores"},"content":{"rendered":"\n<div class=\"wp-block-group alignfull is-style-section-1 has-global-padding is-content-justification-center is-layout-constrained wp-container-core-group-is-layout-2e14306a wp-block-group-is-layout-constrained is-style-section-1--1\" style=\"margin-top:0;margin-bottom:0;padding-top:var(--wp--preset--spacing--30);padding-bottom:var(--wp--preset--spacing--30)\">\n<div data-wp-context=\"{}\" data-wp-interactive=\"core\/query\" data-wp-key=\"9\" data-wp-router-region=\"query-9\" class=\"wp-block-query alignwide is-layout-flow wp-block-query-is-layout-flow\">\n<div class=\"wp-block-group is-nowrap is-layout-flex wp-container-core-group-is-layout-6c531013 wp-block-group-is-layout-flex\"><div class=\"wp-block-query-total\">95 resultados encontrados<\/div>\n\n<div class=\"wp-block-query-total\">Mostrando 1 \u2013 20 de 95<\/div><\/div>\n\n\n<nav class=\"aligncenter wp-block-query-pagination is-layout-flex wp-block-query-pagination-is-layout-flex\" aria-label=\"Paginaci\u00f3n\">\n\n\n<div class=\"wp-block-query-pagination-numbers\"><span data-wp-key=\"index-0\" aria-current=\"page\" class=\"page-numbers current\">1<\/span>\n<a data-wp-key=\"index-1\" data-wp-on--click=\"core\/query::actions.navigate\" class=\"page-numbers\" href=\"?query-9-page=2\">2<\/a>\n<a data-wp-key=\"index-2\" data-wp-on--click=\"core\/query::actions.navigate\" class=\"page-numbers\" href=\"?query-9-page=3\">3<\/a>\n<span data-wp-key=\"index-3\" class=\"page-numbers dots\">&hellip;<\/span>\n<a data-wp-key=\"index-4\" data-wp-on--click=\"core\/query::actions.navigate\" class=\"page-numbers\" href=\"?query-9-page=5\">5<\/a><\/div>\n\n<a data-wp-key=\"query-pagination-next\" data-wp-on--click=\"core\/query::actions.navigate\" data-wp-on-async--mouseenter=\"core\/query::actions.prefetch\" data-wp-watch=\"core\/query::callbacks.prefetch\" href=\"\/algoritmos101\/wp-json\/wp\/v2\/pages\/14850?query-9-page=2\" class=\"wp-block-query-pagination-next\">P\u00e1gina siguiente<\/a>\n<\/nav>\n\n<ul class=\"wp-block-post-template is-layout-flow wp-container-core-post-template-is-layout-3ee800f6 wp-block-post-template-is-layout-flow\"><li data-wp-key=\"post-template-item-7822\" class=\"wp-block-post post-7822 post type-post status-publish format-standard hentry category-fp-3eva20 tag-acumuladores tag-arreglos-vectores tag-diccionarios\">\n\n<div class=\"wp-block-group is-nowrap is-layout-flex wp-container-core-group-is-layout-f434bd35 wp-block-group-is-layout-flex\" style=\"border-bottom-width:1px;padding-top:20px;padding-bottom:20px\"><h3 class=\"has-text-align-left no-underline wp-block-post-title has-medium-font-size wp-container-content-9cfa9a5a\"><a href=\"https:\/\/blog.espol.edu.ec\/algoritmos101\/fp-3eva20\/3eva2019ti_t2-juego-del-ahorcado\/\" target=\"_self\" >3Eva2019TI_T2 Juego del ahorcado<\/a><\/h3>\n\n<div class=\"taxonomy-post_tag wp-block-post-terms\"><a href=\"https:\/\/blog.espol.edu.ec\/algoritmos101\/tag\/acumuladores\/\" rel=\"tag\">acumuladores y contadores<\/a><span class=\"wp-block-post-terms__separator\">, <\/span><a href=\"https:\/\/blog.espol.edu.ec\/algoritmos101\/tag\/arreglos-vectores\/\" rel=\"tag\">arreglos-vectores<\/a><span class=\"wp-block-post-terms__separator\">, <\/span><a href=\"https:\/\/blog.espol.edu.ec\/algoritmos101\/tag\/diccionarios\/\" rel=\"tag\">diccionarios<\/a><\/div><\/div>\n\n<\/li><li data-wp-key=\"post-template-item-2679\" class=\"wp-block-post post-2679 post type-post status-publish format-standard hentry category-fp-3eva20 tag-arreglos-vectores tag-funciones\">\n\n<div class=\"wp-block-group is-nowrap is-layout-flex wp-container-core-group-is-layout-f434bd35 wp-block-group-is-layout-flex\" style=\"border-bottom-width:1px;padding-top:20px;padding-bottom:20px\"><h3 class=\"has-text-align-left no-underline wp-block-post-title has-medium-font-size wp-container-content-9cfa9a5a\"><a href=\"https:\/\/blog.espol.edu.ec\/algoritmos101\/fp-3eva20\/3eva2015ti_t1-maquina-con-monedas\/\" target=\"_self\" >3Eva2015TI_T1 Maquina con monedas<\/a><\/h3>\n\n<div class=\"taxonomy-post_tag wp-block-post-terms\"><a href=\"https:\/\/blog.espol.edu.ec\/algoritmos101\/tag\/arreglos-vectores\/\" rel=\"tag\">arreglos-vectores<\/a><span class=\"wp-block-post-terms__separator\">, <\/span><a href=\"https:\/\/blog.espol.edu.ec\/algoritmos101\/tag\/funciones\/\" rel=\"tag\">funciones<\/a><\/div><\/div>\n\n<\/li><li data-wp-key=\"post-template-item-2649\" class=\"wp-block-post post-2649 post type-post status-publish format-standard hentry category-fp-3eva20 tag-aleatorios tag-arreglos-vectores tag-funciones\">\n\n<div class=\"wp-block-group is-nowrap is-layout-flex wp-container-core-group-is-layout-f434bd35 wp-block-group-is-layout-flex\" style=\"border-bottom-width:1px;padding-top:20px;padding-bottom:20px\"><h3 class=\"has-text-align-left no-underline wp-block-post-title has-medium-font-size wp-container-content-9cfa9a5a\"><a href=\"https:\/\/blog.espol.edu.ec\/algoritmos101\/fp-3eva20\/3eva2013ti_t2-sorteo-de-consejeros-para-estudiantes\/\" target=\"_self\" >3Eva2013TI_T2 sorteo de consejeros para estudiantes<\/a><\/h3>\n\n<div class=\"taxonomy-post_tag wp-block-post-terms\"><a href=\"https:\/\/blog.espol.edu.ec\/algoritmos101\/tag\/aleatorios\/\" rel=\"tag\">aleatorios<\/a><span class=\"wp-block-post-terms__separator\">, <\/span><a href=\"https:\/\/blog.espol.edu.ec\/algoritmos101\/tag\/arreglos-vectores\/\" rel=\"tag\">arreglos-vectores<\/a><span class=\"wp-block-post-terms__separator\">, <\/span><a href=\"https:\/\/blog.espol.edu.ec\/algoritmos101\/tag\/funciones\/\" rel=\"tag\">funciones<\/a><\/div><\/div>\n\n<\/li><li data-wp-key=\"post-template-item-2629\" class=\"wp-block-post post-2629 post type-post status-publish format-standard hentry category-fp-3eva20 tag-aleatorios tag-arreglos-vectores\">\n\n<div class=\"wp-block-group is-nowrap is-layout-flex wp-container-core-group-is-layout-f434bd35 wp-block-group-is-layout-flex\" style=\"border-bottom-width:1px;padding-top:20px;padding-bottom:20px\"><h3 class=\"has-text-align-left no-underline wp-block-post-title has-medium-font-size wp-container-content-9cfa9a5a\"><a href=\"https:\/\/blog.espol.edu.ec\/algoritmos101\/fp-3eva20\/3eva2012ti_t1-juego-tipo-bingo-con-fichas-rojas-y-azules\/\" target=\"_self\" >3Eva2012TI_T1 Juego tipo bingo con fichas rojas y azules<\/a><\/h3>\n\n<div class=\"taxonomy-post_tag wp-block-post-terms\"><a href=\"https:\/\/blog.espol.edu.ec\/algoritmos101\/tag\/aleatorios\/\" rel=\"tag\">aleatorios<\/a><span class=\"wp-block-post-terms__separator\">, <\/span><a href=\"https:\/\/blog.espol.edu.ec\/algoritmos101\/tag\/arreglos-vectores\/\" rel=\"tag\">arreglos-vectores<\/a><\/div><\/div>\n\n<\/li><li data-wp-key=\"post-template-item-2621\" class=\"wp-block-post post-2621 post type-post status-publish format-standard hentry category-fp-3eva20 tag-aleatorios tag-arreglos-vectores\">\n\n<div class=\"wp-block-group is-nowrap is-layout-flex wp-container-core-group-is-layout-f434bd35 wp-block-group-is-layout-flex\" style=\"border-bottom-width:1px;padding-top:20px;padding-bottom:20px\"><h3 class=\"has-text-align-left no-underline wp-block-post-title has-medium-font-size wp-container-content-9cfa9a5a\"><a href=\"https:\/\/blog.espol.edu.ec\/algoritmos101\/fp-3eva20\/3eva2011ti_t4-sortear-casos-para-jueces\/\" target=\"_self\" >3Eva2011TI_T4 Sortear casos para jueces<\/a><\/h3>\n\n<div class=\"taxonomy-post_tag wp-block-post-terms\"><a href=\"https:\/\/blog.espol.edu.ec\/algoritmos101\/tag\/aleatorios\/\" rel=\"tag\">aleatorios<\/a><span class=\"wp-block-post-terms__separator\">, <\/span><a href=\"https:\/\/blog.espol.edu.ec\/algoritmos101\/tag\/arreglos-vectores\/\" rel=\"tag\">arreglos-vectores<\/a><\/div><\/div>\n\n<\/li><li data-wp-key=\"post-template-item-4311\" class=\"wp-block-post post-4311 post type-post status-publish format-standard hentry category-fp-3eva10 tag-arreglos-vectores tag-listas tag-menu\">\n\n<div class=\"wp-block-group is-nowrap is-layout-flex wp-container-core-group-is-layout-f434bd35 wp-block-group-is-layout-flex\" style=\"border-bottom-width:1px;padding-top:20px;padding-bottom:20px\"><h3 class=\"has-text-align-left no-underline wp-block-post-title has-medium-font-size wp-container-content-9cfa9a5a\"><a href=\"https:\/\/blog.espol.edu.ec\/algoritmos101\/fp-3eva10\/3eva2007tiii_t3-control-de-parqueadero\/\" target=\"_self\" >3Eva2007TIII_T3 Control de parqueadero<\/a><\/h3>\n\n<div class=\"taxonomy-post_tag wp-block-post-terms\"><a href=\"https:\/\/blog.espol.edu.ec\/algoritmos101\/tag\/arreglos-vectores\/\" rel=\"tag\">arreglos-vectores<\/a><span class=\"wp-block-post-terms__separator\">, <\/span><a href=\"https:\/\/blog.espol.edu.ec\/algoritmos101\/tag\/listas\/\" rel=\"tag\">listas<\/a><span class=\"wp-block-post-terms__separator\">, <\/span><a href=\"https:\/\/blog.espol.edu.ec\/algoritmos101\/tag\/menu\/\" rel=\"tag\">men\u00fa<\/a><\/div><\/div>\n\n<\/li><li data-wp-key=\"post-template-item-4307\" class=\"wp-block-post post-4307 post type-post status-publish format-standard hentry category-fp-3eva10 tag-acumuladores tag-arreglos-vectores tag-lazos-bucles\">\n\n<div class=\"wp-block-group is-nowrap is-layout-flex wp-container-core-group-is-layout-f434bd35 wp-block-group-is-layout-flex\" style=\"border-bottom-width:1px;padding-top:20px;padding-bottom:20px\"><h3 class=\"has-text-align-left no-underline wp-block-post-title has-medium-font-size wp-container-content-9cfa9a5a\"><a href=\"https:\/\/blog.espol.edu.ec\/algoritmos101\/fp-3eva10\/3eva2007tiii_t1-fraccion-unica-funcion\/\" target=\"_self\" >3Eva2007TIII_T1 Fracci\u00f3n \u00fanica funci\u00f3n<\/a><\/h3>\n\n<div class=\"taxonomy-post_tag wp-block-post-terms\"><a href=\"https:\/\/blog.espol.edu.ec\/algoritmos101\/tag\/acumuladores\/\" rel=\"tag\">acumuladores y contadores<\/a><span class=\"wp-block-post-terms__separator\">, <\/span><a href=\"https:\/\/blog.espol.edu.ec\/algoritmos101\/tag\/arreglos-vectores\/\" rel=\"tag\">arreglos-vectores<\/a><span class=\"wp-block-post-terms__separator\">, <\/span><a href=\"https:\/\/blog.espol.edu.ec\/algoritmos101\/tag\/lazos-bucles\/\" rel=\"tag\">lazos-bucles-ciclos<\/a><\/div><\/div>\n\n<\/li><li data-wp-key=\"post-template-item-2559\" class=\"wp-block-post post-2559 post type-post status-publish format-standard hentry category-fp-3eva10 tag-arreglos-vectores tag-funciones\">\n\n<div class=\"wp-block-group is-nowrap is-layout-flex wp-container-core-group-is-layout-f434bd35 wp-block-group-is-layout-flex\" style=\"border-bottom-width:1px;padding-top:20px;padding-bottom:20px\"><h3 class=\"has-text-align-left no-underline wp-block-post-title has-medium-font-size wp-container-content-9cfa9a5a\"><a href=\"https:\/\/blog.espol.edu.ec\/algoritmos101\/fp-3eva10\/3eva2007ti_t3-tabla-de-valores-futuros-de-proyectos\/\" target=\"_self\" >3Eva2007TI_T3 Tabla de valores futuros de proyectos<\/a><\/h3>\n\n<div class=\"taxonomy-post_tag wp-block-post-terms\"><a href=\"https:\/\/blog.espol.edu.ec\/algoritmos101\/tag\/arreglos-vectores\/\" rel=\"tag\">arreglos-vectores<\/a><span class=\"wp-block-post-terms__separator\">, <\/span><a href=\"https:\/\/blog.espol.edu.ec\/algoritmos101\/tag\/funciones\/\" rel=\"tag\">funciones<\/a><\/div><\/div>\n\n<\/li><li data-wp-key=\"post-template-item-2550\" class=\"wp-block-post post-2550 post type-post status-publish format-standard hentry category-fp-3eva10 tag-arreglos-vectores tag-funciones\">\n\n<div class=\"wp-block-group is-nowrap is-layout-flex wp-container-core-group-is-layout-f434bd35 wp-block-group-is-layout-flex\" style=\"border-bottom-width:1px;padding-top:20px;padding-bottom:20px\"><h3 class=\"has-text-align-left no-underline wp-block-post-title has-medium-font-size wp-container-content-9cfa9a5a\"><a href=\"https:\/\/blog.espol.edu.ec\/algoritmos101\/fp-3eva10\/3eva2006tii_t3-numeros-primos-mas-cercanos\/\" target=\"_self\" >3Eva2006TII_T3 N\u00fameros Primos m\u00e1s cercanos<\/a><\/h3>\n\n<div class=\"taxonomy-post_tag wp-block-post-terms\"><a href=\"https:\/\/blog.espol.edu.ec\/algoritmos101\/tag\/arreglos-vectores\/\" rel=\"tag\">arreglos-vectores<\/a><span class=\"wp-block-post-terms__separator\">, <\/span><a href=\"https:\/\/blog.espol.edu.ec\/algoritmos101\/tag\/funciones\/\" rel=\"tag\">funciones<\/a><\/div><\/div>\n\n<\/li><li data-wp-key=\"post-template-item-2542\" class=\"wp-block-post post-2542 post type-post status-publish format-standard hentry category-fp-3eva10 tag-arreglos-vectores tag-funciones\">\n\n<div class=\"wp-block-group is-nowrap is-layout-flex wp-container-core-group-is-layout-f434bd35 wp-block-group-is-layout-flex\" style=\"border-bottom-width:1px;padding-top:20px;padding-bottom:20px\"><h3 class=\"has-text-align-left no-underline wp-block-post-title has-medium-font-size wp-container-content-9cfa9a5a\"><a href=\"https:\/\/blog.espol.edu.ec\/algoritmos101\/fp-3eva10\/3eva2006ti_t3-tabular-cuotas-y-saldo-de-deuda\/\" target=\"_self\" >3Eva2006TI_T3 Tabular cuotas y saldo de deuda<\/a><\/h3>\n\n<div class=\"taxonomy-post_tag wp-block-post-terms\"><a href=\"https:\/\/blog.espol.edu.ec\/algoritmos101\/tag\/arreglos-vectores\/\" rel=\"tag\">arreglos-vectores<\/a><span class=\"wp-block-post-terms__separator\">, <\/span><a href=\"https:\/\/blog.espol.edu.ec\/algoritmos101\/tag\/funciones\/\" rel=\"tag\">funciones<\/a><\/div><\/div>\n\n<\/li><li data-wp-key=\"post-template-item-2536\" class=\"wp-block-post post-2536 post type-post status-publish format-standard hentry category-fp-3eva10 tag-aleatorios tag-arreglos-vectores tag-funciones\">\n\n<div class=\"wp-block-group is-nowrap is-layout-flex wp-container-core-group-is-layout-f434bd35 wp-block-group-is-layout-flex\" style=\"border-bottom-width:1px;padding-top:20px;padding-bottom:20px\"><h3 class=\"has-text-align-left no-underline wp-block-post-title has-medium-font-size wp-container-content-9cfa9a5a\"><a href=\"https:\/\/blog.espol.edu.ec\/algoritmos101\/fp-3eva10\/3eva2005ti_t4-tabla-de-pozo-millonario\/\" target=\"_self\" >3Eva2005TI_T4 Tabla de Pozo millonario<\/a><\/h3>\n\n<div class=\"taxonomy-post_tag wp-block-post-terms\"><a href=\"https:\/\/blog.espol.edu.ec\/algoritmos101\/tag\/aleatorios\/\" rel=\"tag\">aleatorios<\/a><span class=\"wp-block-post-terms__separator\">, <\/span><a href=\"https:\/\/blog.espol.edu.ec\/algoritmos101\/tag\/arreglos-vectores\/\" rel=\"tag\">arreglos-vectores<\/a><span class=\"wp-block-post-terms__separator\">, <\/span><a href=\"https:\/\/blog.espol.edu.ec\/algoritmos101\/tag\/funciones\/\" rel=\"tag\">funciones<\/a><\/div><\/div>\n\n<\/li><li data-wp-key=\"post-template-item-2534\" class=\"wp-block-post post-2534 post type-post status-publish format-standard hentry category-fp-3eva10 tag-arreglos-vectores tag-funciones tag-listas\">\n\n<div class=\"wp-block-group is-nowrap is-layout-flex wp-container-core-group-is-layout-f434bd35 wp-block-group-is-layout-flex\" style=\"border-bottom-width:1px;padding-top:20px;padding-bottom:20px\"><h3 class=\"has-text-align-left no-underline wp-block-post-title has-medium-font-size wp-container-content-9cfa9a5a\"><a href=\"https:\/\/blog.espol.edu.ec\/algoritmos101\/fp-3eva10\/3eva2005ti_t3-calcular-millas-de-viajero\/\" target=\"_self\" >3Eva2005TI_T3 Calcular millas de viajero<\/a><\/h3>\n\n<div class=\"taxonomy-post_tag wp-block-post-terms\"><a href=\"https:\/\/blog.espol.edu.ec\/algoritmos101\/tag\/arreglos-vectores\/\" rel=\"tag\">arreglos-vectores<\/a><span class=\"wp-block-post-terms__separator\">, <\/span><a href=\"https:\/\/blog.espol.edu.ec\/algoritmos101\/tag\/funciones\/\" rel=\"tag\">funciones<\/a><span class=\"wp-block-post-terms__separator\">, <\/span><a href=\"https:\/\/blog.espol.edu.ec\/algoritmos101\/tag\/listas\/\" rel=\"tag\">listas<\/a><\/div><\/div>\n\n<\/li><li data-wp-key=\"post-template-item-2530\" class=\"wp-block-post post-2530 post type-post status-publish format-standard hentry category-fp-3eva10 tag-arreglos-vectores\">\n\n<div class=\"wp-block-group is-nowrap is-layout-flex wp-container-core-group-is-layout-f434bd35 wp-block-group-is-layout-flex\" style=\"border-bottom-width:1px;padding-top:20px;padding-bottom:20px\"><h3 class=\"has-text-align-left no-underline wp-block-post-title has-medium-font-size wp-container-content-9cfa9a5a\"><a href=\"https:\/\/blog.espol.edu.ec\/algoritmos101\/fp-3eva10\/3eva2005ti_t1-determinar-si-corresponde-a-relacion-o-funcion\/\" target=\"_self\" >3Eva2005TI_T1 Determinar si corresponde a relaci\u00f3n o funci\u00f3n<\/a><\/h3>\n\n<div class=\"taxonomy-post_tag wp-block-post-terms\"><a href=\"https:\/\/blog.espol.edu.ec\/algoritmos101\/tag\/arreglos-vectores\/\" rel=\"tag\">arreglos-vectores<\/a><\/div><\/div>\n\n<\/li><li data-wp-key=\"post-template-item-2525\" class=\"wp-block-post post-2525 post type-post status-publish format-standard hentry category-fp-3eva10 tag-arreglos-vectores tag-funciones\">\n\n<div class=\"wp-block-group is-nowrap is-layout-flex wp-container-core-group-is-layout-f434bd35 wp-block-group-is-layout-flex\" style=\"border-bottom-width:1px;padding-top:20px;padding-bottom:20px\"><h3 class=\"has-text-align-left no-underline wp-block-post-title has-medium-font-size wp-container-content-9cfa9a5a\"><a href=\"https:\/\/blog.espol.edu.ec\/algoritmos101\/fp-3eva10\/3eva2004tiii_t3-eleccion-de-representante-cualquier-candidato\/\" target=\"_self\" >3Eva2004TIII_T3 Elecci\u00f3n de representante, cualquier candidato<\/a><\/h3>\n\n<div class=\"taxonomy-post_tag wp-block-post-terms\"><a href=\"https:\/\/blog.espol.edu.ec\/algoritmos101\/tag\/arreglos-vectores\/\" rel=\"tag\">arreglos-vectores<\/a><span class=\"wp-block-post-terms__separator\">, <\/span><a href=\"https:\/\/blog.espol.edu.ec\/algoritmos101\/tag\/funciones\/\" rel=\"tag\">funciones<\/a><\/div><\/div>\n\n<\/li><li data-wp-key=\"post-template-item-2520\" class=\"wp-block-post post-2520 post type-post status-publish format-standard hentry category-fp-3eva10 tag-aleatorios tag-arreglos-vectores\">\n\n<div class=\"wp-block-group is-nowrap is-layout-flex wp-container-core-group-is-layout-f434bd35 wp-block-group-is-layout-flex\" style=\"border-bottom-width:1px;padding-top:20px;padding-bottom:20px\"><h3 class=\"has-text-align-left no-underline wp-block-post-title has-medium-font-size wp-container-content-9cfa9a5a\"><a href=\"https:\/\/blog.espol.edu.ec\/algoritmos101\/fp-3eva10\/3eva2004tiii_t1-carrera-de-ranas\/\" target=\"_self\" >3Eva2004TIII_T1 Carrera de ranas<\/a><\/h3>\n\n<div class=\"taxonomy-post_tag wp-block-post-terms\"><a href=\"https:\/\/blog.espol.edu.ec\/algoritmos101\/tag\/aleatorios\/\" rel=\"tag\">aleatorios<\/a><span class=\"wp-block-post-terms__separator\">, <\/span><a href=\"https:\/\/blog.espol.edu.ec\/algoritmos101\/tag\/arreglos-vectores\/\" rel=\"tag\">arreglos-vectores<\/a><\/div><\/div>\n\n<\/li><li data-wp-key=\"post-template-item-2514\" class=\"wp-block-post post-2514 post type-post status-publish format-standard hentry category-fp-3eva10 tag-arreglos-vectores\">\n\n<div class=\"wp-block-group is-nowrap is-layout-flex wp-container-core-group-is-layout-f434bd35 wp-block-group-is-layout-flex\" style=\"border-bottom-width:1px;padding-top:20px;padding-bottom:20px\"><h3 class=\"has-text-align-left no-underline wp-block-post-title has-medium-font-size wp-container-content-9cfa9a5a\"><a href=\"https:\/\/blog.espol.edu.ec\/algoritmos101\/fp-3eva10\/3eva2004ti_t2-realizar-el-producto-vectorial\/\" target=\"_self\" >3Eva2004TI_T2 Realizar el producto vectorial<\/a><\/h3>\n\n<div class=\"taxonomy-post_tag wp-block-post-terms\"><a href=\"https:\/\/blog.espol.edu.ec\/algoritmos101\/tag\/arreglos-vectores\/\" rel=\"tag\">arreglos-vectores<\/a><\/div><\/div>\n\n<\/li><li data-wp-key=\"post-template-item-2500\" class=\"wp-block-post post-2500 post type-post status-publish format-standard hentry category-fp-3eva10 tag-aleatorios tag-arreglos-vectores tag-listas\">\n\n<div class=\"wp-block-group is-nowrap is-layout-flex wp-container-core-group-is-layout-f434bd35 wp-block-group-is-layout-flex\" style=\"border-bottom-width:1px;padding-top:20px;padding-bottom:20px\"><h3 class=\"has-text-align-left no-underline wp-block-post-title has-medium-font-size wp-container-content-9cfa9a5a\"><a href=\"https:\/\/blog.espol.edu.ec\/algoritmos101\/fp-3eva10\/3eva2003ti_t5-calcular-area-fx-montecarlo\/\" target=\"_self\" >3Eva2003TI_T5 Calcular \u00e1rea de f(x) por Montecarlo<\/a><\/h3>\n\n<div class=\"taxonomy-post_tag wp-block-post-terms\"><a href=\"https:\/\/blog.espol.edu.ec\/algoritmos101\/tag\/aleatorios\/\" rel=\"tag\">aleatorios<\/a><span class=\"wp-block-post-terms__separator\">, <\/span><a href=\"https:\/\/blog.espol.edu.ec\/algoritmos101\/tag\/arreglos-vectores\/\" rel=\"tag\">arreglos-vectores<\/a><span class=\"wp-block-post-terms__separator\">, <\/span><a href=\"https:\/\/blog.espol.edu.ec\/algoritmos101\/tag\/listas\/\" rel=\"tag\">listas<\/a><\/div><\/div>\n\n<\/li><li data-wp-key=\"post-template-item-2489\" class=\"wp-block-post post-2489 post type-post status-publish format-standard hentry category-fp-3eva10 tag-arreglos-vectores tag-funciones\">\n\n<div class=\"wp-block-group is-nowrap is-layout-flex wp-container-core-group-is-layout-f434bd35 wp-block-group-is-layout-flex\" style=\"border-bottom-width:1px;padding-top:20px;padding-bottom:20px\"><h3 class=\"has-text-align-left no-underline wp-block-post-title has-medium-font-size wp-container-content-9cfa9a5a\"><a href=\"https:\/\/blog.espol.edu.ec\/algoritmos101\/fp-3eva10\/3eva2003ti_t1-raices-enteras-positivas-del-polinomio\/\" target=\"_self\" >3Eva2003TI_T1 Ra\u00edces enteras positivas del polinomio<\/a><\/h3>\n\n<div class=\"taxonomy-post_tag wp-block-post-terms\"><a href=\"https:\/\/blog.espol.edu.ec\/algoritmos101\/tag\/arreglos-vectores\/\" rel=\"tag\">arreglos-vectores<\/a><span class=\"wp-block-post-terms__separator\">, <\/span><a href=\"https:\/\/blog.espol.edu.ec\/algoritmos101\/tag\/funciones\/\" rel=\"tag\">funciones<\/a><\/div><\/div>\n\n<\/li><li data-wp-key=\"post-template-item-7559\" class=\"wp-block-post post-7559 post type-post status-publish format-standard hentry category-fp-2eva20 tag-arreglos-matrices tag-arreglos-vectores tag-funciones\">\n\n<div class=\"wp-block-group is-nowrap is-layout-flex wp-container-core-group-is-layout-f434bd35 wp-block-group-is-layout-flex\" style=\"border-bottom-width:1px;padding-top:20px;padding-bottom:20px\"><h3 class=\"has-text-align-left no-underline wp-block-post-title has-medium-font-size wp-container-content-9cfa9a5a\"><a href=\"https:\/\/blog.espol.edu.ec\/algoritmos101\/fp-2eva20\/2eva2018tii_t2-hielo-y-especies-en-artico-procesar\/\" target=\"_self\" >2Eva2018TII_T2 Hielo y especies en \u00c1rtico-Procesar<\/a><\/h3>\n\n<div class=\"taxonomy-post_tag wp-block-post-terms\"><a href=\"https:\/\/blog.espol.edu.ec\/algoritmos101\/tag\/arreglos-matrices\/\" rel=\"tag\">arreglos-matrices<\/a><span class=\"wp-block-post-terms__separator\">, <\/span><a href=\"https:\/\/blog.espol.edu.ec\/algoritmos101\/tag\/arreglos-vectores\/\" rel=\"tag\">arreglos-vectores<\/a><span class=\"wp-block-post-terms__separator\">, <\/span><a href=\"https:\/\/blog.espol.edu.ec\/algoritmos101\/tag\/funciones\/\" rel=\"tag\">funciones<\/a><\/div><\/div>\n\n<\/li><li data-wp-key=\"post-template-item-2999\" class=\"wp-block-post post-2999 post type-post status-publish format-standard hentry category-fp-2eva20 tag-aleatorios tag-arreglos-vectores tag-funciones\">\n\n<div class=\"wp-block-group is-nowrap is-layout-flex wp-container-core-group-is-layout-f434bd35 wp-block-group-is-layout-flex\" style=\"border-bottom-width:1px;padding-top:20px;padding-bottom:20px\"><h3 class=\"has-text-align-left no-underline wp-block-post-title has-medium-font-size wp-container-content-9cfa9a5a\"><a href=\"https:\/\/blog.espol.edu.ec\/algoritmos101\/fp-2eva20\/2eva2013ti_t1-funcion-sorteoentrekab\/\" target=\"_self\" >2Eva2013TI_T1 Funci\u00f3n sorteoentre(k,a,b)<\/a><\/h3>\n\n<div class=\"taxonomy-post_tag wp-block-post-terms\"><a href=\"https:\/\/blog.espol.edu.ec\/algoritmos101\/tag\/aleatorios\/\" rel=\"tag\">aleatorios<\/a><span class=\"wp-block-post-terms__separator\">, <\/span><a href=\"https:\/\/blog.espol.edu.ec\/algoritmos101\/tag\/arreglos-vectores\/\" rel=\"tag\">arreglos-vectores<\/a><span class=\"wp-block-post-terms__separator\">, <\/span><a href=\"https:\/\/blog.espol.edu.ec\/algoritmos101\/tag\/funciones\/\" rel=\"tag\">funciones<\/a><\/div><\/div>\n\n<\/li><\/ul>\n\n\n<div class=\"wp-block-group has-global-padding is-layout-constrained wp-block-group-is-layout-constrained\" style=\"padding-top:var(--wp--preset--spacing--20);padding-bottom:var(--wp--preset--spacing--20)\"><\/div>\n\n\n<nav class=\"aligncenter wp-block-query-pagination is-layout-flex wp-block-query-pagination-is-layout-flex\" aria-label=\"Paginaci\u00f3n\">\n\n\n<div class=\"wp-block-query-pagination-numbers\"><span data-wp-key=\"index-0\" aria-current=\"page\" class=\"page-numbers current\">1<\/span>\n<a data-wp-key=\"index-1\" data-wp-on--click=\"core\/query::actions.navigate\" class=\"page-numbers\" href=\"?query-9-page=2\">2<\/a>\n<a data-wp-key=\"index-2\" data-wp-on--click=\"core\/query::actions.navigate\" class=\"page-numbers\" href=\"?query-9-page=3\">3<\/a>\n<span data-wp-key=\"index-3\" class=\"page-numbers dots\">&hellip;<\/span>\n<a data-wp-key=\"index-4\" data-wp-on--click=\"core\/query::actions.navigate\" class=\"page-numbers\" href=\"?query-9-page=5\">5<\/a><\/div>\n\n<a data-wp-key=\"query-pagination-next\" data-wp-on--click=\"core\/query::actions.navigate\" data-wp-on-async--mouseenter=\"core\/query::actions.prefetch\" data-wp-watch=\"core\/query::callbacks.prefetch\" href=\"\/algoritmos101\/wp-json\/wp\/v2\/pages\/14850?query-9-page=2\" class=\"wp-block-query-pagination-next\">P\u00e1gina siguiente<\/a>\n<\/nav><\/div>\n<\/div>\n","protected":false},"excerpt":{"rendered":"","protected":false},"author":8043,"featured_media":0,"parent":5207,"menu_order":0,"comment_status":"closed","ping_status":"closed","template":"wp-custom-template-p-ginas-fp","meta":{"footnotes":""},"class_list":["post-14850","page","type-page","status-publish","hentry"],"_links":{"self":[{"href":"https:\/\/blog.espol.edu.ec\/algoritmos101\/wp-json\/wp\/v2\/pages\/14850","targetHints":{"allow":["GET"]}}],"collection":[{"href":"https:\/\/blog.espol.edu.ec\/algoritmos101\/wp-json\/wp\/v2\/pages"}],"about":[{"href":"https:\/\/blog.espol.edu.ec\/algoritmos101\/wp-json\/wp\/v2\/types\/page"}],"author":[{"embeddable":true,"href":"https:\/\/blog.espol.edu.ec\/algoritmos101\/wp-json\/wp\/v2\/users\/8043"}],"replies":[{"embeddable":true,"href":"https:\/\/blog.espol.edu.ec\/algoritmos101\/wp-json\/wp\/v2\/comments?post=14850"}],"version-history":[{"count":2,"href":"https:\/\/blog.espol.edu.ec\/algoritmos101\/wp-json\/wp\/v2\/pages\/14850\/revisions"}],"predecessor-version":[{"id":14880,"href":"https:\/\/blog.espol.edu.ec\/algoritmos101\/wp-json\/wp\/v2\/pages\/14850\/revisions\/14880"}],"up":[{"embeddable":true,"href":"https:\/\/blog.espol.edu.ec\/algoritmos101\/wp-json\/wp\/v2\/pages\/5207"}],"wp:attachment":[{"href":"https:\/\/blog.espol.edu.ec\/algoritmos101\/wp-json\/wp\/v2\/media?parent=14850"}],"curies":[{"name":"wp","href":"https:\/\/api.w.org\/{rel}","templated":true}]}}