{"id":17855,"date":"2016-10-15T13:06:35","date_gmt":"2016-10-15T18:06:35","guid":{"rendered":"https:\/\/blog.espol.edu.ec\/algoritmos101\/?page_id=17855"},"modified":"2026-04-05T23:51:41","modified_gmt":"2026-04-06T04:51:41","slug":"ss-ejercicios-ejemplos","status":"publish","type":"page","link":"https:\/\/blog.espol.edu.ec\/algoritmos101\/senales\/ss-ejercicios-ejemplos\/","title":{"rendered":"Ejercicios y Ejemplos SS"},"content":{"rendered":"<form role=\"search\" method=\"get\" action=\"https:\/\/blog.espol.edu.ec\/algoritmos101\/\" class=\"wp-block-search__button-only wp-block-search__searchfield-hidden wp-block-search__icon-button alignright wp-block-search\" \n\t\t data-wp-interactive=\"core\/search\"\n\t\t data-wp-context='{\"isSearchInputVisible\":false,\"inputId\":\"wp-block-search__input-1\",\"ariaLabelExpanded\":\"Enviar b\\u00fasqueda\",\"ariaLabelCollapsed\":\"Ampliar el campo de b\\u00fasqueda\"}'\n\t\t data-wp-class--wp-block-search__searchfield-hidden=\"!context.isSearchInputVisible\"\n\t\t data-wp-on-async--keydown=\"actions.handleSearchKeydown\"\n\t\t data-wp-on-async--focusout=\"actions.handleSearchFocusout\"\n\t\t><label class=\"wp-block-search__label screen-reader-text\" for=\"wp-block-search__input-1\" >Buscar<\/label><div class=\"wp-block-search__inside-wrapper \" ><input aria-hidden=\"true\" class=\"wp-block-search__input\" data-wp-bind--aria-hidden=\"!context.isSearchInputVisible\" data-wp-bind--tabindex=\"state.tabindex\" id=\"wp-block-search__input-1\" placeholder=\"\"  value=\"\" type=\"search\" name=\"s\" required \/><button  aria-expanded=\"false\"  class=\"wp-block-search__button has-icon wp-element-button\" data-wp-bind--aria-controls=\"state.ariaControls\" data-wp-bind--aria-expanded=\"context.isSearchInputVisible\" data-wp-bind--aria-label=\"state.ariaLabel\" data-wp-bind--type=\"state.type\" data-wp-on--click=\"actions.openSearchInput\"  ><svg class=\"search-icon\" viewBox=\"0 0 24 24\" width=\"24\" height=\"24\">\n\t\t\t\t\t<path d=\"M13 5c-3.3 0-6 2.7-6 6 0 1.4.5 2.7 1.3 3.7l-3.8 3.8 1.1 1.1 3.8-3.8c1 .8 2.3 1.3 3.7 1.3 3.3 0 6-2.7 6-6S16.3 5 13 5zm0 10.5c-2.5 0-4.5-2-4.5-4.5s2-4.5 4.5-4.5 4.5 2 4.5 4.5-2 4.5-4.5 4.5z\"><\/path>\n\t\t\t\t<\/svg><\/button><\/div><\/form>\n\n\n<div class=\"wp-block-columns alignwide are-vertically-aligned-top has-background is-layout-flex wp-container-core-columns-is-layout-28f84493 wp-block-columns-is-layout-flex\" style=\"background-color:#deffde\">\n<div class=\"wp-block-column is-vertically-aligned-top is-layout-flow wp-block-column-is-layout-flow\">\n<h2 class=\"wp-block-heading\" id=\"ejercicios\">Ejercicios - Evaluaciones<\/h2>\n\n\n\n<p><a href=\"https:\/\/blog.espol.edu.ec\/algoritmos101\/senales\/ss-ejercicios-1ra-evaluacion\/\" data-type=\"page\" data-id=\"17996\">Ejercicios 1ra Evaluaci\u00f3n<\/a><\/p>\n\n\n\n<p><a href=\"https:\/\/blog.espol.edu.ec\/algoritmos101\/senales\/ss-ejercicios-2da-evaluacion\/\" data-type=\"page\" data-id=\"17998\">Ejercicios 2da Evaluaci\u00f3n<\/a><\/p>\n\n\n\n<p><a href=\"https:\/\/blog.espol.edu.ec\/algoritmos101\/senales\/ss-ejercicios-3ra-evaluacion\/\" data-type=\"page\" data-id=\"18000\">Ejercicios 3ra Evaluaci\u00f3n<\/a><\/p>\n<\/div>\n\n\n\n<div class=\"wp-block-column is-vertically-aligned-top is-layout-flow wp-block-column-is-layout-flow\">\n<h2 class=\"wp-block-heading\" id=\"ejemplos\">Ejemplos -  Ejercicios resueltos<\/h2>\n\n\n\n<p><a href=\"https:\/\/blog.espol.edu.ec\/algoritmos101\/senales\/ss-ejemplos-1ra-evaluacion\/\" data-type=\"page\" data-id=\"18005\">Ejemplos 1ra Evaluaci\u00f3n<\/a><\/p>\n\n\n\n<p><a href=\"https:\/\/blog.espol.edu.ec\/algoritmos101\/senales\/ss-ejemplos-2da-evaluacion\/\" data-type=\"page\" data-id=\"18007\">Ejemplos 2da Evaluaci\u00f3n<\/a><\/p>\n\n\n\n<p><a href=\"https:\/\/blog.espol.edu.ec\/algoritmos101\/senales\/ss-ejemplos-3ra-evaluacion\/\" data-type=\"page\" data-id=\"18009\">Ejemplos 3ra Evaluaci\u00f3n<\/a><\/p>\n<\/div>\n<\/div>\n\n\n\n<hr class=\"wp-block-separator has-alpha-channel-opacity\" \/>\n","protected":false},"excerpt":{"rendered":"<p>Ejercicios - Evaluaciones Ejercicios 1ra Evaluaci\u00f3n Ejercicios 2da Evaluaci\u00f3n Ejercicios 3ra Evaluaci\u00f3n Ejemplos - Ejercicios resueltos Ejemplos 1ra Evaluaci\u00f3n Ejemplos 2da Evaluaci\u00f3n Ejemplos 3ra Evaluaci\u00f3n<\/p>\n","protected":false},"author":8043,"featured_media":0,"parent":17838,"menu_order":0,"comment_status":"closed","ping_status":"closed","template":"wp-custom-template-p-ginas-ss","meta":{"footnotes":""},"class_list":["post-17855","page","type-page","status-publish","hentry"],"_links":{"self":[{"href":"https:\/\/blog.espol.edu.ec\/algoritmos101\/wp-json\/wp\/v2\/pages\/17855","targetHints":{"allow":["GET"]}}],"collection":[{"href":"https:\/\/blog.espol.edu.ec\/algoritmos101\/wp-json\/wp\/v2\/pages"}],"about":[{"href":"https:\/\/blog.espol.edu.ec\/algoritmos101\/wp-json\/wp\/v2\/types\/page"}],"author":[{"embeddable":true,"href":"https:\/\/blog.espol.edu.ec\/algoritmos101\/wp-json\/wp\/v2\/users\/8043"}],"replies":[{"embeddable":true,"href":"https:\/\/blog.espol.edu.ec\/algoritmos101\/wp-json\/wp\/v2\/comments?post=17855"}],"version-history":[{"count":12,"href":"https:\/\/blog.espol.edu.ec\/algoritmos101\/wp-json\/wp\/v2\/pages\/17855\/revisions"}],"predecessor-version":[{"id":24027,"href":"https:\/\/blog.espol.edu.ec\/algoritmos101\/wp-json\/wp\/v2\/pages\/17855\/revisions\/24027"}],"up":[{"embeddable":true,"href":"https:\/\/blog.espol.edu.ec\/algoritmos101\/wp-json\/wp\/v2\/pages\/17838"}],"wp:attachment":[{"href":"https:\/\/blog.espol.edu.ec\/algoritmos101\/wp-json\/wp\/v2\/media?parent=17855"}],"curies":[{"name":"wp","href":"https:\/\/api.w.org\/{rel}","templated":true}]}}