{"id":18005,"date":"2016-10-16T15:24:31","date_gmt":"2016-10-16T20:24:31","guid":{"rendered":"https:\/\/blog.espol.edu.ec\/algoritmos101\/?page_id=18005"},"modified":"2026-04-06T07:01:30","modified_gmt":"2026-04-06T12:01:30","slug":"ss-ejemplos-1ra-evaluacion","status":"publish","type":"page","link":"https:\/\/blog.espol.edu.ec\/algoritmos101\/senales\/ss-ejemplos-1ra-evaluacion\/","title":{"rendered":"Ejemplos 1ra Evaluaci\u00f3n SS"},"content":{"rendered":"\n<div class=\"wp-block-group alignfull is-style-section-1 has-background has-global-padding is-content-justification-center is-layout-constrained wp-container-core-group-is-layout-2e14306a wp-block-group-is-layout-constrained is-style-section-1--1\" style=\"background-color:#deffde;margin-top:0;margin-bottom:0;padding-top:var(--wp--preset--spacing--30);padding-bottom:var(--wp--preset--spacing--30)\">\n<div data-wp-context=\"{}\" data-wp-interactive=\"core\/query\" data-wp-key=\"9\" data-wp-router-region=\"query-9\" class=\"wp-block-query alignwide is-layout-flow wp-block-query-is-layout-flow\">\n<div class=\"wp-block-group is-nowrap is-layout-flex wp-container-core-group-is-layout-6c531013 wp-block-group-is-layout-flex\"><div class=\"wp-block-query-total\">11 resultados encontrados<\/div>\n\n<div class=\"wp-block-query-total\">Mostrando 1 \u2013 11 de 11<\/div><\/div>\n\n\n\n\n<ul class=\"wp-block-post-template is-layout-flow wp-container-core-post-template-is-layout-3ee800f6 wp-block-post-template-is-layout-flow\"><li data-wp-key=\"post-template-item-1060\" class=\"wp-block-post post-1060 post type-post status-publish format-standard hentry category-ss-s1eva tag-senalessistemas\">\n\n<div class=\"wp-block-group is-nowrap is-layout-flex wp-container-core-group-is-layout-e021f648 wp-block-group-is-layout-flex\" style=\"border-bottom-width:1px;padding-top:var(--wp--preset--spacing--20);padding-bottom:var(--wp--preset--spacing--20)\"><h3 class=\"has-text-align-left no-underline wp-block-post-title has-medium-font-size wp-container-content-9cfa9a5a\"><a href=\"https:\/\/blog.espol.edu.ec\/algoritmos101\/ss-s1eva\/s1eva2016tii_t4-lti-dt-sistema-2do-orden\/\" target=\"_self\" >s1Eva2016TII_T4 LTI DT Sistema 2do orden<\/a><\/h3>\n\n<div class=\"taxonomy-post_tag wp-block-post-terms\"><a href=\"https:\/\/blog.espol.edu.ec\/algoritmos101\/tag\/senalessistemas\/\" rel=\"tag\">se\u00f1ales y sistemas<\/a><\/div><\/div>\n\n<\/li><li data-wp-key=\"post-template-item-1057\" class=\"wp-block-post post-1057 post type-post status-publish format-standard hentry category-ss-s1eva tag-senalessistemas\">\n\n<div class=\"wp-block-group is-nowrap is-layout-flex wp-container-core-group-is-layout-e021f648 wp-block-group-is-layout-flex\" style=\"border-bottom-width:1px;padding-top:var(--wp--preset--spacing--20);padding-bottom:var(--wp--preset--spacing--20)\"><h3 class=\"has-text-align-left no-underline wp-block-post-title has-medium-font-size wp-container-content-9cfa9a5a\"><a href=\"https:\/\/blog.espol.edu.ec\/algoritmos101\/ss-s1eva\/s1eva2016tii_t3-lti-dt-sistema-1erorden-constante-a\/\" target=\"_self\" >s1Eva2016TII_T3 LTI DT Sistema 1er orden con constante a<\/a><\/h3>\n\n<div class=\"taxonomy-post_tag wp-block-post-terms\"><a href=\"https:\/\/blog.espol.edu.ec\/algoritmos101\/tag\/senalessistemas\/\" rel=\"tag\">se\u00f1ales y sistemas<\/a><\/div><\/div>\n\n<\/li><li data-wp-key=\"post-template-item-1049\" class=\"wp-block-post post-1049 post type-post status-publish format-standard hentry category-ss-s1eva tag-senalessistemas\">\n\n<div class=\"wp-block-group is-nowrap is-layout-flex wp-container-core-group-is-layout-e021f648 wp-block-group-is-layout-flex\" style=\"border-bottom-width:1px;padding-top:var(--wp--preset--spacing--20);padding-bottom:var(--wp--preset--spacing--20)\"><h3 class=\"has-text-align-left no-underline wp-block-post-title has-medium-font-size wp-container-content-9cfa9a5a\"><a href=\"https:\/\/blog.espol.edu.ec\/algoritmos101\/ss-s1eva\/s1eva2016tii_t2-lti-ct-bloques-en-paralelo-serie-con-laplace\/\" target=\"_self\" >s1Eva2016TII_T2 LTI CT bloques en paralelo-serie con Laplace<\/a><\/h3>\n\n<div class=\"taxonomy-post_tag wp-block-post-terms\"><a href=\"https:\/\/blog.espol.edu.ec\/algoritmos101\/tag\/senalessistemas\/\" rel=\"tag\">se\u00f1ales y sistemas<\/a><\/div><\/div>\n\n<\/li><li data-wp-key=\"post-template-item-1028\" class=\"wp-block-post post-1028 post type-post status-publish format-standard hentry category-ss-s1eva tag-senalessistemas\">\n\n<div class=\"wp-block-group is-nowrap is-layout-flex wp-container-core-group-is-layout-e021f648 wp-block-group-is-layout-flex\" style=\"border-bottom-width:1px;padding-top:var(--wp--preset--spacing--20);padding-bottom:var(--wp--preset--spacing--20)\"><h3 class=\"has-text-align-left no-underline wp-block-post-title has-medium-font-size wp-container-content-9cfa9a5a\"><a href=\"https:\/\/blog.espol.edu.ec\/algoritmos101\/ss-s1eva\/s1eva2016tii_t1-lti-ct-sistema-en-paralelo-serie\/\" target=\"_self\" >s1Eva2016TII_T1 LTI CT Sistema en paralelo-serie<\/a><\/h3>\n\n<div class=\"taxonomy-post_tag wp-block-post-terms\"><a href=\"https:\/\/blog.espol.edu.ec\/algoritmos101\/tag\/senalessistemas\/\" rel=\"tag\">se\u00f1ales y sistemas<\/a><\/div><\/div>\n\n<\/li><li data-wp-key=\"post-template-item-17819\" class=\"wp-block-post post-17819 post type-post status-publish format-standard hentry category-ss-s1eva tag-senalessistemas\">\n\n<div class=\"wp-block-group is-nowrap is-layout-flex wp-container-core-group-is-layout-e021f648 wp-block-group-is-layout-flex\" style=\"border-bottom-width:1px;padding-top:var(--wp--preset--spacing--20);padding-bottom:var(--wp--preset--spacing--20)\"><h3 class=\"has-text-align-left no-underline wp-block-post-title has-medium-font-size wp-container-content-9cfa9a5a\"><a href=\"https:\/\/blog.espol.edu.ec\/algoritmos101\/ss-s1eva\/s1eva2012ti_t1-lti-ct-polosceros-hs-respuestadc\/\" target=\"_self\" >s1Eva2012TI_T1 LTI CT Polos y ceros de H(s) con respuesta DC conocida<\/a><\/h3>\n\n<div class=\"taxonomy-post_tag wp-block-post-terms\"><a href=\"https:\/\/blog.espol.edu.ec\/algoritmos101\/tag\/senalessistemas\/\" rel=\"tag\">se\u00f1ales y sistemas<\/a><\/div><\/div>\n\n<\/li><li data-wp-key=\"post-template-item-17818\" class=\"wp-block-post post-17818 post type-post status-publish format-standard hentry category-ss-s1eva tag-senalessistemas\">\n\n<div class=\"wp-block-group is-nowrap is-layout-flex wp-container-core-group-is-layout-e021f648 wp-block-group-is-layout-flex\" style=\"border-bottom-width:1px;padding-top:var(--wp--preset--spacing--20);padding-bottom:var(--wp--preset--spacing--20)\"><h3 class=\"has-text-align-left no-underline wp-block-post-title has-medium-font-size wp-container-content-9cfa9a5a\"><a href=\"https:\/\/blog.espol.edu.ec\/algoritmos101\/ss-s1eva\/s1eva2010tii_t3-lti-ct-hsbloques-paralelo-retraso\/\" target=\"_self\" >s1Eva2010TII_T3 LTI CT H(s) de bloques en paralelo y retraso<\/a><\/h3>\n\n<div class=\"taxonomy-post_tag wp-block-post-terms\"><a href=\"https:\/\/blog.espol.edu.ec\/algoritmos101\/tag\/senalessistemas\/\" rel=\"tag\">se\u00f1ales y sistemas<\/a><\/div><\/div>\n\n<\/li><li data-wp-key=\"post-template-item-17821\" class=\"wp-block-post post-17821 post type-post status-publish format-standard hentry category-ss-s1eva tag-senalessistemas\">\n\n<div class=\"wp-block-group is-nowrap is-layout-flex wp-container-core-group-is-layout-e021f648 wp-block-group-is-layout-flex\" style=\"border-bottom-width:1px;padding-top:var(--wp--preset--spacing--20);padding-bottom:var(--wp--preset--spacing--20)\"><h3 class=\"has-text-align-left no-underline wp-block-post-title has-medium-font-size wp-container-content-9cfa9a5a\"><a href=\"https:\/\/blog.espol.edu.ec\/algoritmos101\/ss-s1eva\/s1eva2010tii_t1-lti-ct-determinarht-entradaxt-salidayt\/\" target=\"_self\" >s1Eva2010TII_T1 LTI CT Determinar h(t) con entrada x(t) y salida y(t)<\/a><\/h3>\n\n<div class=\"taxonomy-post_tag wp-block-post-terms\"><a href=\"https:\/\/blog.espol.edu.ec\/algoritmos101\/tag\/senalessistemas\/\" rel=\"tag\">se\u00f1ales y sistemas<\/a><\/div><\/div>\n\n<\/li><li data-wp-key=\"post-template-item-2646\" class=\"wp-block-post post-2646 post type-post status-publish format-standard hentry category-ss-s1eva tag-senalessistemas\">\n\n<div class=\"wp-block-group is-nowrap is-layout-flex wp-container-core-group-is-layout-e021f648 wp-block-group-is-layout-flex\" style=\"border-bottom-width:1px;padding-top:var(--wp--preset--spacing--20);padding-bottom:var(--wp--preset--spacing--20)\"><h3 class=\"has-text-align-left no-underline wp-block-post-title has-medium-font-size wp-container-content-9cfa9a5a\"><a href=\"https:\/\/blog.espol.edu.ec\/algoritmos101\/ss-s1eva\/s1eva2009tii_t5-lti-dt-bloques-hz-en-serie\/\" target=\"_self\" >s1Eva2009TII_T5 LTI DT bloques H[z] en serie<\/a><\/h3>\n\n<div class=\"taxonomy-post_tag wp-block-post-terms\"><a href=\"https:\/\/blog.espol.edu.ec\/algoritmos101\/tag\/senalessistemas\/\" rel=\"tag\">se\u00f1ales y sistemas<\/a><\/div><\/div>\n\n<\/li><li data-wp-key=\"post-template-item-17820\" class=\"wp-block-post post-17820 post type-post status-publish format-standard hentry category-ss-s1eva tag-senalessistemas\">\n\n<div class=\"wp-block-group is-nowrap is-layout-flex wp-container-core-group-is-layout-e021f648 wp-block-group-is-layout-flex\" style=\"border-bottom-width:1px;padding-top:var(--wp--preset--spacing--20);padding-bottom:var(--wp--preset--spacing--20)\"><h3 class=\"has-text-align-left no-underline wp-block-post-title has-medium-font-size wp-container-content-9cfa9a5a\"><a href=\"https:\/\/blog.espol.edu.ec\/algoritmos101\/ss-s1eva\/s1eva2009tii_t3-lti-ct-ytdesdehtxt-terminos-escalon-desplazados\/\" target=\"_self\" >s1Eva2009TII_T3 LTI CT y(t) desde h(t) y x(t) con t\u00e9rminos escal\u00f3n desplazados<\/a><\/h3>\n\n<div class=\"taxonomy-post_tag wp-block-post-terms\"><a href=\"https:\/\/blog.espol.edu.ec\/algoritmos101\/tag\/senalessistemas\/\" rel=\"tag\">se\u00f1ales y sistemas<\/a><\/div><\/div>\n\n<\/li><li data-wp-key=\"post-template-item-17817\" class=\"wp-block-post post-17817 post type-post status-publish format-standard hentry category-ss-s1eva tag-senalessistemas\">\n\n<div class=\"wp-block-group is-nowrap is-layout-flex wp-container-core-group-is-layout-e021f648 wp-block-group-is-layout-flex\" style=\"border-bottom-width:1px;padding-top:var(--wp--preset--spacing--20);padding-bottom:var(--wp--preset--spacing--20)\"><h3 class=\"has-text-align-left no-underline wp-block-post-title has-medium-font-size wp-container-content-9cfa9a5a\"><a href=\"https:\/\/blog.espol.edu.ec\/algoritmos101\/ss-s1eva\/s1eva2009tii_t2-lti-dt-bloques-respuesta-impulso-y-paso\/\" target=\"_self\" >s1Eva2009TII_T2 LTI DT bloques, respuesta impulso y paso<\/a><\/h3>\n\n<div class=\"taxonomy-post_tag wp-block-post-terms\"><a href=\"https:\/\/blog.espol.edu.ec\/algoritmos101\/tag\/senalessistemas\/\" rel=\"tag\">se\u00f1ales y sistemas<\/a><\/div><\/div>\n\n<\/li><li data-wp-key=\"post-template-item-2220\" class=\"wp-block-post post-2220 post type-post status-publish format-standard hentry category-ss-s1eva tag-senalessistemas\">\n\n<div class=\"wp-block-group is-nowrap is-layout-flex wp-container-core-group-is-layout-e021f648 wp-block-group-is-layout-flex\" style=\"border-bottom-width:1px;padding-top:var(--wp--preset--spacing--20);padding-bottom:var(--wp--preset--spacing--20)\"><h3 class=\"has-text-align-left no-underline wp-block-post-title has-medium-font-size wp-container-content-9cfa9a5a\"><a href=\"https:\/\/blog.espol.edu.ec\/algoritmos101\/ss-s1eva\/s1eva2009tii_t1-lti-ct-diagrama-canonico-y-respuesta-a-impulso\/\" target=\"_self\" >s1Eva2009TII_T1 LTI CT diagrama can\u00f3nico y respuesta a impulso<\/a><\/h3>\n\n<div class=\"taxonomy-post_tag wp-block-post-terms\"><a href=\"https:\/\/blog.espol.edu.ec\/algoritmos101\/tag\/senalessistemas\/\" rel=\"tag\">se\u00f1ales y sistemas<\/a><\/div><\/div>\n\n<\/li><\/ul>\n\n\n<div class=\"wp-block-group has-global-padding is-layout-constrained wp-block-group-is-layout-constrained\" style=\"padding-top:var(--wp--preset--spacing--20);padding-bottom:var(--wp--preset--spacing--20)\"><\/div>\n\n\n<\/div>\n<\/div>\n\n\n\n<div class=\"wp-block-columns alignwide are-vertically-aligned-top has-background is-layout-flex wp-container-core-columns-is-layout-28f84493 wp-block-columns-is-layout-flex\" style=\"background-color:#deffde\">\n<div class=\"wp-block-column is-vertically-aligned-top is-layout-flow wp-block-column-is-layout-flow\">\n<h2 class=\"wp-block-heading\" id=\"ejercicios\">Ejercicios - Evaluaciones<\/h2>\n\n\n\n<p><a href=\"https:\/\/blog.espol.edu.ec\/algoritmos101\/senales\/ss-ejercicios-1ra-evaluacion\/\" data-type=\"page\" data-id=\"17996\">Ejercicios 1ra Evaluaci\u00f3n<\/a><\/p>\n\n\n\n<p><a href=\"https:\/\/blog.espol.edu.ec\/algoritmos101\/senales\/ss-ejercicios-2da-evaluacion\/\" data-type=\"page\" data-id=\"17998\">Ejercicios 2da Evaluaci\u00f3n<\/a><\/p>\n\n\n\n<p><a href=\"https:\/\/blog.espol.edu.ec\/algoritmos101\/senales\/ss-ejercicios-3ra-evaluacion\/\" data-type=\"page\" data-id=\"18000\">Ejercicios 3ra Evaluaci\u00f3n<\/a><\/p>\n<\/div>\n\n\n\n<div class=\"wp-block-column is-vertically-aligned-top is-layout-flow wp-block-column-is-layout-flow\">\n<h2 class=\"wp-block-heading\" id=\"ejemplos\">Ejemplos -  Ejercicios resueltos<\/h2>\n\n\n\n<p><a href=\"https:\/\/blog.espol.edu.ec\/algoritmos101\/senales\/ss-ejemplos-1ra-evaluacion\/\" data-type=\"page\" data-id=\"18005\">Ejemplos 1ra Evaluaci\u00f3n<\/a><\/p>\n\n\n\n<p><a href=\"https:\/\/blog.espol.edu.ec\/algoritmos101\/senales\/ss-ejemplos-2da-evaluacion\/\" data-type=\"page\" data-id=\"18007\">Ejemplos 2da Evaluaci\u00f3n<\/a><\/p>\n\n\n\n<p><a href=\"https:\/\/blog.espol.edu.ec\/algoritmos101\/senales\/ss-ejemplos-3ra-evaluacion\/\" data-type=\"page\" data-id=\"18009\">Ejemplos 3ra Evaluaci\u00f3n<\/a><\/p>\n<\/div>\n<\/div>\n","protected":false},"excerpt":{"rendered":"<p>Ejercicios - Evaluaciones Ejercicios 1ra Evaluaci\u00f3n Ejercicios 2da Evaluaci\u00f3n Ejercicios 3ra Evaluaci\u00f3n Ejemplos - Ejercicios resueltos Ejemplos 1ra Evaluaci\u00f3n Ejemplos 2da Evaluaci\u00f3n Ejemplos 3ra Evaluaci\u00f3n<\/p>\n","protected":false},"author":8043,"featured_media":0,"parent":17838,"menu_order":0,"comment_status":"closed","ping_status":"closed","template":"wp-custom-template-p-ginas-ss","meta":{"footnotes":""},"class_list":["post-18005","page","type-page","status-publish","hentry"],"_links":{"self":[{"href":"https:\/\/blog.espol.edu.ec\/algoritmos101\/wp-json\/wp\/v2\/pages\/18005","targetHints":{"allow":["GET"]}}],"collection":[{"href":"https:\/\/blog.espol.edu.ec\/algoritmos101\/wp-json\/wp\/v2\/pages"}],"about":[{"href":"https:\/\/blog.espol.edu.ec\/algoritmos101\/wp-json\/wp\/v2\/types\/page"}],"author":[{"embeddable":true,"href":"https:\/\/blog.espol.edu.ec\/algoritmos101\/wp-json\/wp\/v2\/users\/8043"}],"replies":[{"embeddable":true,"href":"https:\/\/blog.espol.edu.ec\/algoritmos101\/wp-json\/wp\/v2\/comments?post=18005"}],"version-history":[{"count":5,"href":"https:\/\/blog.espol.edu.ec\/algoritmos101\/wp-json\/wp\/v2\/pages\/18005\/revisions"}],"predecessor-version":[{"id":24052,"href":"https:\/\/blog.espol.edu.ec\/algoritmos101\/wp-json\/wp\/v2\/pages\/18005\/revisions\/24052"}],"up":[{"embeddable":true,"href":"https:\/\/blog.espol.edu.ec\/algoritmos101\/wp-json\/wp\/v2\/pages\/17838"}],"wp:attachment":[{"href":"https:\/\/blog.espol.edu.ec\/algoritmos101\/wp-json\/wp\/v2\/media?parent=18005"}],"curies":[{"name":"wp","href":"https:\/\/api.w.org\/{rel}","templated":true}]}}