{"id":58,"date":"2013-11-25T18:16:59","date_gmt":"2013-11-25T18:16:59","guid":{"rendered":"http:\/\/blog.espol.edu.ec\/allparam\/?page_id=58"},"modified":"2013-11-25T18:16:59","modified_gmt":"2013-11-25T18:16:59","slug":"diccionario-rastafari","status":"publish","type":"page","link":"https:\/\/blog.espol.edu.ec\/allparam\/diccionario-rastafari\/","title":{"rendered":"Diccionario Rastafari"},"content":{"rendered":"<p align=\"center\"><span style=\"color: #ffffff\"><i>ADONAI :<\/i><\/span><\/p>\n<blockquote>\n<p align=\"center\"><span style=\"color: #ffffff\">Jah Rastafari, el Padre de la creaci\u00f3n. Selassie I.<\/span><\/p>\n<\/blockquote>\n<p align=\"center\"><span style=\"color: #ffffff\"><i><b>ARMAGEDON :<\/b><\/i><\/span><\/p>\n<blockquote>\n<p align=\"center\"><span style=\"color: #ffffff\">La inevitable III guerra mundial que producir\u00e1 la repatriaci\u00f3n de los africanos y de todas las razas a su tierra de origen.<\/span><\/p>\n<\/blockquote>\n<p align=\"center\"><span style=\"color: #ffffff\"><i><b>BABYLON :<\/b><\/i><\/span><\/p>\n<blockquote>\n<p align=\"center\"><span style=\"color: #ffffff\">Babilonia. El corrupto sistema de la sociedad occidental y oriental constru\u00eddas sobre el capitalismo y el imperialismo, antes que sobre la vida humana. Tambi\u00e9n es usado para referirse a la polic\u00eda y al ej\u00e9rcito, quienes protegen al maligno sistema. A veces es usado para nombrar a Inglaterra, como el centro de la oscuridad y la maldad.<\/span><\/p>\n<\/blockquote>\n<p align=\"center\"><span style=\"color: #ffffff\"><i><b>BESTIAS :<\/b><\/i><\/span><\/p>\n<blockquote>\n<p align=\"center\"><span style=\"color: #ffffff\">La polic\u00eda. Basado en el libro de las Revelaciones 13:18, acerca de los n\u00fameros de la bestia (666\/999) en sus frentes y en su manos.<\/span><\/p>\n<\/blockquote>\n<p align=\"center\"><span style=\"color: #ffffff\"><i><b>BINGHIMAN :<\/b><\/i><\/span><\/p>\n<blockquote>\n<p align=\"center\"><span style=\"color: #ffffff\">Nombre dado a los hermanos que practican alabanzas y cantos a Jah, con tambores y ritmos de Nyabinghi.<\/span><\/p>\n<\/blockquote>\n<p align=\"center\"><span style=\"color: #ffffff\"><i><b>CADAVER :<\/b><\/i><\/span><\/p>\n<blockquote>\n<p align=\"center\"><span style=\"color: #ffffff\">Carne. Rastafari prefiere la natural comida (Ital Food) que es brindada por la voluntad de la vida, siendo innecesaria toda crueldad humana para con los animales.<\/span><\/p>\n<\/blockquote>\n<p align=\"center\"><span style=\"color: #ffffff\"><i><b>CESAR :<\/b><\/i><\/span><\/p>\n<blockquote>\n<p align=\"center\"><span style=\"color: #ffffff\">Dinero. San Lucas 20:25 \"entonces les dijo: Pues dad al C\u00e9sar lo que es de C\u00e9sar, y a Jah lo que es de Jah.\"<\/span><\/p>\n<\/blockquote>\n<p align=\"center\"><span style=\"color: #ffffff\"><i><b>CORONA :<\/b><\/i><\/span><\/p>\n<blockquote>\n<p align=\"center\"><span style=\"color: #ffffff\">Ver TAM. Los dreadlocks tambi\u00e9n son la corona de un Rasta.<\/span><\/p>\n<p align=\"center\"><span style=\"color: #ffffff\">\u00a0<\/span><\/p>\n<\/blockquote>\n<p align=\"center\"><span style=\"color: #ffffff\"><i><b>CULTUR :<\/b><\/i><\/span><\/p>\n<blockquote>\n<p align=\"center\"><span style=\"color: #ffffff\">Usado para nombrar a la cultura africana y a toda cultura originaria. Sabidur\u00eda cultural de Yo y Yo Rastafari.<\/span><\/p>\n<\/blockquote>\n<p align=\"center\"><span style=\"color: #ffffff\"><i><b>CUTCHIE\/CHALICE :<\/b><\/i><\/span><\/p>\n<blockquote>\n<p align=\"center\"><span style=\"color: #ffffff\">Sagrada pipa, para la ganja santificada al sacramento de Rastafari. Pipa de la paz para las meditaciones e iluminaciones en Yo y Yo.<\/span><\/p>\n<\/blockquote>\n<p align=\"center\"><span style=\"color: #ffffff\"><i><b>DREADLOCKS :<\/b><\/i><\/span><\/p>\n<blockquote>\n<p align=\"center\"><span style=\"color: #ffffff\">Pelo natural de los Rastas que no se peina y no se corta. J\u00f3venes que usan \"dreads\" para aproximarse a Rastafari. Yo y Yo sabe \"no todo dreadlock es un Rasta y no todo Rasta es un dreadlock\". Dreadlocks se lavan con productos naturales extra\u00eddos de plantas silvestres como manzanilla y aloe vera, mezclados con jugos de plantas de varios arbustos.<\/span><\/p>\n<\/blockquote>\n<p align=\"center\"><span style=\"color: #ffffff\"><b><i>DREADNUT :<\/i><\/b><\/span><\/p>\n<blockquote>\n<p align=\"center\"><span style=\"color: #ffffff\">Coco (del ingl\u00e9s coconut). La mayor\u00eda de los Rastas usan su leche como ingrediente base para cocinar. Se usa tambi\u00e9n para fortalecer y dar brillo a los Dreadlocks.<\/span><\/p>\n<\/blockquote>\n<p align=\"center\"><span style=\"color: #ffffff\"><i><b>DUNZA\/DUNZAI :<\/b><\/i><\/span><\/p>\n<blockquote>\n<p align=\"center\"><span style=\"color: #ffffff\">Dinero. Usado para comprar y vender la creaci\u00f3n de Dios, manteniendo en la esclavitud a quienes no lo tienen.<\/span><\/p>\n<\/blockquote>\n<p align=\"center\"><span style=\"color: #ffffff\"><i><b>GANJAH :<\/b><\/i><\/span><\/p>\n<blockquote>\n<p align=\"center\"><span style=\"color: #ffffff\">Hierba jamaiquina. Palabra derivada del r\u00edo Ganges de la India, desde donde se cree viene la marihuana. Hierba natural que jah nos da para dar salud a todas las naciones. Se aplica tambi\u00e9n como especie para cocinar y en la preparaci\u00f3n de bebidas medicinales, para el tratamiento de los enfriamientos, la fiebre, glaucoma, asma, piel irritada de los ni\u00f1os, entre otros usos.<\/span><\/p>\n<\/blockquote>\n<p align=\"center\"><span style=\"color: #ffffff\"><b><i>GANJAHR :<\/i><\/b><\/span><\/p>\n<blockquote>\n<p align=\"center\"><span style=\"color: #ffffff\">Acto de Fumar la Ganjah.<\/span><\/p>\n<\/blockquote>\n<p align=\"center\"><span style=\"color: #ffffff\"><i><b>IGLESIA TRIUNFANTE :<\/b><\/i><\/span><\/p>\n<blockquote>\n<p align=\"center\"><span style=\"color: #ffffff\">El templo del hombre, el cuerpo vivo en el que el hombre reside durante su vida terrenal.<\/span><\/p>\n<\/blockquote>\n<p align=\"center\"><span style=\"color: #ffffff\"><i><b>IRATION :<\/b><\/i><\/span><\/p>\n<blockquote>\n<p align=\"center\"><span style=\"color: #ffffff\">Creaci\u00f3n de Jah.<\/span><\/p>\n<p align=\"center\"><span style=\"color: #ffffff\">\u00a0<\/span><\/p>\n<\/blockquote>\n<p align=\"center\"><span style=\"color: #ffffff\"><i><b>IRIE :<\/b><\/i><\/span><\/p>\n<blockquote>\n<p align=\"center\"><span style=\"color: #ffffff\">Bienestar; sentimiento placentero de unidad con Jah y la Iration. Estar libre de las tensiones del sistema de Babylon. Lograr un estado de conexi\u00f3n entre Yo y Yo a trav\u00e9s de la Itaci\u00f3n. Saludo Cordial entre hermanos Rastas.<\/span><\/p>\n<\/blockquote>\n<p align=\"center\"><span style=\"color: #ffffff\"><i><b>ISRAEL\/ISREAL :<\/b><\/i><\/span><\/p>\n<blockquote>\n<p align=\"center\"><span style=\"color: #ffffff\">La raza africana. Usado para nombrar a los africanos quienes no son rastafari.<\/span><\/p>\n<\/blockquote>\n<p align=\"center\"><span style=\"color: #ffffff\"><i><b>ITAL :<\/b><\/i><\/span><\/p>\n<blockquote>\n<p align=\"center\"><span style=\"color: #ffffff\">Vital, puro, saludable; libre de todo elemento artificial.<\/span><\/p>\n<\/blockquote>\n<p align=\"center\"><span style=\"color: #ffffff\"><i><b>ITAZION :<\/b><\/i><\/span><\/p>\n<blockquote>\n<p align=\"center\"><span style=\"color: #ffffff\">Meditaci\u00f3n (medi: estado medio; I: estado de altura y real profundidad)<\/span><\/p>\n<\/blockquote>\n<p align=\"center\"><span style=\"color: #ffffff\"><i><b>ITHIOPIA :<\/b><\/i><\/span><\/p>\n<blockquote>\n<p align=\"center\"><span style=\"color: #ffffff\">Etiop\u00eda africana y el continente africano como fue conocido en tiempos de sus or\u00edgenes.<\/span><\/p>\n<\/blockquote>\n<p align=\"center\"><span style=\"color: #ffffff\"><i><b>IYABINGHI :<\/b><\/i><\/span><\/p>\n<blockquote>\n<p align=\"center\"><span style=\"color: #ffffff\">Nyabinghi, la cual es la fundaci\u00f3n de la forma de vida de Rastafari. Palacio espiritual y musical. La interpretaci\u00f3n popular de Nyabinghi es \"muerte a los opresores blancos y nagros\". La congregaci\u00f3n espiritual Nyabinghi reunida en los especiales d\u00edas para celebrar los eventos de la historia Rastafari y en algunas ocasiones en que la congregaci\u00f3n decide reunirse.<\/span><\/p>\n<\/blockquote>\n<p align=\"center\"><span style=\"color: #ffffff\"><i><b>JAH :<\/b><\/i><\/span><\/p>\n<blockquote>\n<p align=\"center\"><span style=\"color: #ffffff\">Nombre de Dios en su septuag\u00e9sima segunda encarnaci\u00f3n en la tierra, en la persona de haile Selassie I. Su nombre invoca el poder del TodoPoderoso. Salmo 68:4 \"Cantad a Dios, cantad Salmos a su nombre; exaltad al que cabalga sobre los ciel\u00f1os. JAH es su nombre; alegraos delante de \u00c9l.\"<\/span><\/p>\n<\/blockquote>\n<p align=\"center\"><span style=\"color: #ffffff\"><i><b>JAH GUIA :<\/b><\/i><\/span><\/p>\n<blockquote>\n<p align=\"center\"><span style=\"color: #ffffff\">Significa que el juicio y el poder de jah est\u00e1n en Yo y Yo, vayas donde vayas.<\/span><\/p>\n<\/blockquote>\n<p align=\"center\"><span style=\"color: #ffffff\"><i><b>JAH LOVE :<\/b><\/i><\/span><\/p>\n<blockquote>\n<p align=\"center\"><span style=\"color: #ffffff\">El gran amor de Jah que tiene para sus hijos.<\/span><\/p>\n<p align=\"center\"><span style=\"color: #ffffff\">\u00a0<\/span><\/p>\n<\/blockquote>\n<p align=\"center\"><span style=\"color: #ffffff\"><i><b>JAH MAN :<\/b><\/i><\/span><\/p>\n<blockquote>\n<p align=\"center\"><span style=\"color: #ffffff\">Rastafari. Como el hombre de Jah.<\/span><\/p>\n<\/blockquote>\n<p align=\"center\"><span style=\"color: #ffffff\"><i><b>LIVITY :<\/b><\/i><\/span><\/p>\n<blockquote>\n<p align=\"center\"><span style=\"color: #ffffff\">F\u00e9 viviente.<\/span><\/p>\n<\/blockquote>\n<p align=\"center\"><span style=\"color: #ffffff\"><i><b>MAKKA :<\/b><\/i><\/span><\/p>\n<blockquote>\n<p align=\"center\"><span style=\"color: #ffffff\">Un especial tipo de hierba.<\/span><\/p>\n<\/blockquote>\n<p align=\"center\"><span style=\"color: #ffffff\"><i><b>NATTY DREAD :<\/b><\/i><\/span><\/p>\n<blockquote>\n<p align=\"center\"><span style=\"color: #ffffff\">J\u00f3venes inspirados en el camino de Rastafari. Tambi\u00e9n es el que usa sus Dreadlocks j\u00f3venes (cortos).<\/span><\/p>\n<\/blockquote>\n<p align=\"center\"><span style=\"color: #ffffff\"><i><b>NEGUS :<\/b><\/i><\/span><\/p>\n<blockquote>\n<p align=\"center\"><span style=\"color: #ffffff\">Rey. Palabra amh\u00e1rica (etiop\u00eda); usada para referirse a Selassie I. Tambi\u00e9n ha sido tomado por hermanos Rastas para ser bautizados con este y otros nombres africanos, dejando sus babil\u00f3nicos e ingleses nombres.<\/span><\/p>\n<\/blockquote>\n<p align=\"center\"><span style=\"color: #ffffff\"><i><b>PACTO :<\/b><\/i><\/span><\/p>\n<blockquote>\n<p align=\"center\"><span style=\"color: #ffffff\">Usado para referirse a los Dreadlocks del Rasta, los que son un pacto sellado entre Yo y Yo y el todopoderoso.<\/span><\/p>\n<\/blockquote>\n<p align=\"center\"><span style=\"color: #ffffff\"><i><b>PADRE :<\/b><\/i><\/span><\/p>\n<blockquote>\n<p align=\"center\"><span style=\"color: #ffffff\">Jah Rastafari, Selassie I. El m\u00e1s alto.<\/span><\/p>\n<\/blockquote>\n<p align=\"center\"><span style=\"color: #ffffff\"><i><b>PAN REAL :<\/b><\/i><\/span><\/p>\n<blockquote>\n<p align=\"center\"><span style=\"color: #ffffff\">Tambi\u00e9n \"Pan de los Reyes\". Hierba sagrada de especial calidad y cantidad.<\/span><\/p>\n<\/blockquote>\n<p align=\"center\"><span style=\"color: #ffffff\"><i><b>POLITRUKO\/POLITRUKERIA :<\/b><\/i><\/span><\/p>\n<blockquote>\n<p align=\"center\"><span style=\"color: #ffffff\">Pol\u00edticos. Ellos viven haciendo trucos a espaldas del pueblo. Est\u00e1n llenos de vanidad e irresponsabilidad.<\/span><\/p>\n<\/blockquote>\n<p align=\"center\"><span style=\"color: #ffffff\"><i><b>PRIMERA LUZ :<\/b><\/i><\/span><\/p>\n<blockquote>\n<p align=\"center\"><span style=\"color: #ffffff\">Para referirse al \"ma\u00f1ana\".<\/span><\/p>\n<\/blockquote>\n<p align=\"center\"><span style=\"color: #ffffff\"><i><b>PRIMERA NOCHE :<\/b><\/i><\/span><\/p>\n<blockquote>\n<p align=\"center\"><span style=\"color: #ffffff\">Para referirse a la noche anterior. Anoche.<\/span><\/p>\n<\/blockquote>\n<p align=\"center\"><span style=\"color: #ffffff\"><i><b>PRINCESA :<\/b><\/i><\/span><\/p>\n<blockquote>\n<p align=\"center\"><span style=\"color: #ffffff\">Ni\u00f1a o adolescente Rastafari.<\/span><\/p>\n<\/blockquote>\n<p align=\"center\"><span style=\"color: #ffffff\"><i><b>PRINCIPE :<\/b><\/i><\/span><\/p>\n<blockquote>\n<p align=\"center\"><span style=\"color: #ffffff\">Semilla de Israel. Ni\u00f1o o Joven Rastafari.<\/span><\/p>\n<\/blockquote>\n<p align=\"center\"><span style=\"color: #ffffff\"><i><b>RAS :<\/b><\/i><\/span><\/p>\n<blockquote>\n<p align=\"center\"><span style=\"color: #ffffff\">Palabra amh\u00e1rica que significa \"cabeza\", \"jefe\" o \"rey\". Es usado por el Rasta para anteponerlo a su nombre de pila.<\/span><\/p>\n<p align=\"center\"><span style=\"color: #ffffff\">\u00a0<\/span><\/p>\n<\/blockquote>\n<p align=\"center\"><span style=\"color: #ffffff\"><i><b>RAS TAFARI :<\/b><\/i><\/span><\/p>\n<blockquote>\n<p align=\"center\"><span style=\"color: #ffffff\">El nombre del Emperador antes de que fuese coronado.<\/span><\/p>\n<\/blockquote>\n<p align=\"center\"><span style=\"color: #ffffff\"><i><b>RASTA :<\/b><\/i><\/span><\/p>\n<blockquote>\n<p align=\"center\"><span style=\"color: #ffffff\">Nombre por el cual, el pueblo llama al Ras Tafari.<\/span><\/p>\n<\/blockquote>\n<p align=\"center\"><span style=\"color: #ffffff\"><i><b>RASTAFARI :<\/b><\/i><\/span><\/p>\n<blockquote>\n<p align=\"center\"><span style=\"color: #ffffff\">Nombre de los hijos espirituales y de la hermandad Haile Selassie I, quienes toman el nombre de su padre Ras Tafari.<\/span><\/p>\n<\/blockquote>\n<p align=\"center\"><span style=\"color: #ffffff\"><i><b>REINA :<\/b><\/i><\/span><\/p>\n<blockquote>\n<p align=\"center\"><span style=\"color: #ffffff\">Titulo dado a la mujer adulta Rastafari. Se usa generalmente como saludo de los hermanos a las hermanas.<\/span><\/p>\n<\/blockquote>\n<p align=\"center\"><span style=\"color: #ffffff\"><i><b>REINA OMEGA :<\/b><\/i><\/span><\/p>\n<blockquote>\n<p align=\"center\"><span style=\"color: #ffffff\">La Reina Madre de la Creaci\u00f3n, simbolizada por la luna y personificada en la Emperatriz Meneum de Ithipia. Se da este nombre a las hijas espirituales de la Reina Omega, a la mujer Rastafari. Es el m\u00e1s alto t\u00edtulo que una mujer rasta puede tener. Cada mujer Rasta es saludada en el nombre de la Reina Omega como cada Rastaman en el nombre del Rey Alpha.<\/span><\/p>\n<\/blockquote>\n<p align=\"center\"><span style=\"color: #ffffff\"><i><b>REPATRIACI\u00d3N :<\/b><\/i><\/span><\/p>\n<blockquote>\n<p align=\"center\"><span style=\"color: #ffffff\">El retorno de todos los africanos a su tierra de origen y de los Rastafari, al este de Africa, en especial a Etiop\u00eda. Tambi\u00e9n es la repatriaci\u00f3n de todas las razas a la tierra de donde fueron arrancados por el sistema colonial.<\/span><\/p>\n<\/blockquote>\n<p align=\"center\"><span style=\"color: #ffffff\"><i><b>SISTA :<\/b><\/i><\/span><\/p>\n<blockquote>\n<p align=\"center\"><span style=\"color: #ffffff\">Viene de \"sister\" (hermana). Se usa para nombrar a toda mujer.<\/span><\/p>\n<\/blockquote>\n<p align=\"center\"><span style=\"color: #ffffff\"><i><b>TAM :<\/b><\/i><\/span><\/p>\n<blockquote>\n<p align=\"center\"><span style=\"color: #ffffff\">Coloridas boinas tejidas y usadas por los Rastas. Usualmente con los colores Rojo, Amarillo, Verde y Negro. Un tam es conocido tambi\u00e9n como \"corona\".<\/span><\/p>\n<\/blockquote>\n<p align=\"center\"><span style=\"color: #ffffff\"><i><b>TEMPLO :<\/b><\/i><\/span><\/p>\n<blockquote>\n<p align=\"center\"><span style=\"color: #ffffff\">El cuerpo humano. Juan 2:19 \"Respondi\u00f3 Jes\u00fas y les dijo: Destruid este templo y en tres d\u00edas los levantar\u00e9.\"<\/span><\/p>\n<\/blockquote>\n<p align=\"center\"><span style=\"color: #ffffff\"><i><b>TEOCRACIA :<\/b><\/i><\/span><\/p>\n<blockquote>\n<p align=\"center\"><span style=\"color: #ffffff\">Gobierno Rastafari, con Jah como l\u00edder. En 1976, sobre 80 congregaciones Rastafari levantaron sus razonamientos. El Santo Gobierno Teocr\u00e1tico de Jah Rastafari fue declarado por un consejo de 13 personas, las que obtuvieron una serie de acuerdos con el Primer Ministro jamaiquino de entonces, Sr. Manley, sentando las bases para una mutua cooperaci\u00f3n entre ambos gobiernos.<\/span><\/p>\n<\/blockquote>\n<p align=\"center\"><span style=\"color: #ffffff\"><i><b>WOLF\/ZORRO :<\/b><\/i><\/span><\/p>\n<blockquote>\n<p align=\"center\"><span style=\"color: #ffffff\">Un impostor de la Fe Rastafari que solo usa dreadlocks y muestra contrarias se\u00f1ales a los principios de verdad y rectitud. \"Por sus obras los conocer\u00e9is\"<\/span><\/p>\n<\/blockquote>\n<p align=\"center\"><span style=\"color: #ffffff\"><i><b>ZION :<\/b><\/i><\/span><\/p>\n<blockquote>\n<p align=\"center\"><span style=\"color: #ffffff\">Africa y Ethip\u00eda. Lugar de repatriaci\u00f3n a traves del profetizado \u00e9xodo desde Babilonia. El retorno a la correcta forma de vida.<\/span><\/p>\n<\/blockquote>\n","protected":false},"excerpt":{"rendered":"<p>ADONAI : Jah Rastafari, el Padre de la creaci\u00f3n. Selassie I. ARMAGEDON : La inevitable III guerra mundial que producir\u00e1 la repatriaci\u00f3n de los africanos y de todas las razas a su tierra de origen. BABYLON : Babilonia. El corrupto sistema de la sociedad occidental y oriental constru\u00eddas sobre el capitalismo y el imperialismo, antes [&hellip;]<\/p>\n","protected":false},"author":8902,"featured_media":0,"parent":0,"menu_order":0,"comment_status":"open","ping_status":"open","template":"","meta":{"footnotes":""},"class_list":["post-58","page","type-page","status-publish","hentry"],"_links":{"self":[{"href":"https:\/\/blog.espol.edu.ec\/allparam\/wp-json\/wp\/v2\/pages\/58","targetHints":{"allow":["GET"]}}],"collection":[{"href":"https:\/\/blog.espol.edu.ec\/allparam\/wp-json\/wp\/v2\/pages"}],"about":[{"href":"https:\/\/blog.espol.edu.ec\/allparam\/wp-json\/wp\/v2\/types\/page"}],"author":[{"embeddable":true,"href":"https:\/\/blog.espol.edu.ec\/allparam\/wp-json\/wp\/v2\/users\/8902"}],"replies":[{"embeddable":true,"href":"https:\/\/blog.espol.edu.ec\/allparam\/wp-json\/wp\/v2\/comments?post=58"}],"version-history":[{"count":2,"href":"https:\/\/blog.espol.edu.ec\/allparam\/wp-json\/wp\/v2\/pages\/58\/revisions"}],"predecessor-version":[{"id":60,"href":"https:\/\/blog.espol.edu.ec\/allparam\/wp-json\/wp\/v2\/pages\/58\/revisions\/60"}],"wp:attachment":[{"href":"https:\/\/blog.espol.edu.ec\/allparam\/wp-json\/wp\/v2\/media?parent=58"}],"curies":[{"name":"wp","href":"https:\/\/api.w.org\/{rel}","templated":true}]}}