{"id":64,"date":"2013-11-25T18:36:56","date_gmt":"2013-11-25T18:36:56","guid":{"rendered":"http:\/\/blog.espol.edu.ec\/allparam\/?page_id=64"},"modified":"2013-11-25T18:36:56","modified_gmt":"2013-11-25T18:36:56","slug":"estructura-moderna","status":"publish","type":"page","link":"https:\/\/blog.espol.edu.ec\/allparam\/estructura-moderna\/","title":{"rendered":"Estructura Moderna"},"content":{"rendered":"<p style=\"text-align: justify\"><span style=\"color: #ffffff\">Rastafari, m\u00e1s que una religi\u00f3n, es un orden de vida\u00a0 que tiene principios y normas de convivincia . La mayor\u00eda de los rastafaris no se identifican con ninguna secta o denominaci\u00f3n, aunque hay tres grupos primarios dentro del movimiento: los\u00a0<a title=\"Nyahbinghi\" href=\"http:\/\/es.wikipedia.org\/wiki\/Nyahbinghi\"><span style=\"color: #ffffff\">Nyahbinghi<\/span><\/a>,\u00a0<a title=\"Boboshanti (a\u00fan no redactado)\" href=\"http:\/\/es.wikipedia.org\/w\/index.php?title=Boboshanti&amp;action=edit&amp;redlink=1\"><span style=\"color: #ffffff\">Boboshanti<\/span><\/a>\u00a0-tambi\u00e9n llamados Bobo dread- y las 12 tribus de Israel. Se distinguen por su particularidad en la manera en que alcanzan la comprensi\u00f3n de la verdad absoluta (Jah), y coinciden en la idea econ\u00f3mico-filos\u00f3fica de que Babilonia o Babylon (el sistema capitalista), degrada los valores fundamentales de la humanidad y su devastaci\u00f3n expansiva da\u00f1a seriamente el ecosistema y el medio ambiente.<\/span><\/p>\n<p style=\"text-align: justify\"><span style=\"color: #ffffff\">Ellos luchan por la repatriaci\u00f3n de los negros a su natal Etiop\u00eda, y otros luchan porque las adaptaciones que sufre la biblia se realicen, pero sin que su contenido sea alterado por los blancos (hombres de mal; no por su color de piel) quienes a diario la alteran para su beneficio.<\/span><\/p>\n<p style=\"text-align: justify\"><span style=\"color: #ffffff\">Por otra parte los rastas no son racistas, se identifican con un sin n\u00famero de filosof\u00edas tanto occidentales como africanas, muchos van m\u00e1s all\u00e1 del pensamiento b\u00e1sico rastafari, ya que rastafari no est\u00e1 en contra de la evoluci\u00f3n y el pensamiento libre, los anhelos rastafari son de libertad mental, espiritual y terrenal.<\/span><\/p>\n","protected":false},"excerpt":{"rendered":"<p>Rastafari, m\u00e1s que una religi\u00f3n, es un orden de vida\u00a0 que tiene principios y normas de convivincia . La mayor\u00eda de los rastafaris no se identifican con ninguna secta o denominaci\u00f3n, aunque hay tres grupos primarios dentro del movimiento: los\u00a0Nyahbinghi,\u00a0Boboshanti\u00a0-tambi\u00e9n llamados Bobo dread- y las 12 tribus de Israel. Se distinguen por su particularidad en [&hellip;]<\/p>\n","protected":false},"author":8902,"featured_media":0,"parent":0,"menu_order":0,"comment_status":"open","ping_status":"open","template":"","meta":{"footnotes":""},"class_list":["post-64","page","type-page","status-publish","hentry"],"_links":{"self":[{"href":"https:\/\/blog.espol.edu.ec\/allparam\/wp-json\/wp\/v2\/pages\/64","targetHints":{"allow":["GET"]}}],"collection":[{"href":"https:\/\/blog.espol.edu.ec\/allparam\/wp-json\/wp\/v2\/pages"}],"about":[{"href":"https:\/\/blog.espol.edu.ec\/allparam\/wp-json\/wp\/v2\/types\/page"}],"author":[{"embeddable":true,"href":"https:\/\/blog.espol.edu.ec\/allparam\/wp-json\/wp\/v2\/users\/8902"}],"replies":[{"embeddable":true,"href":"https:\/\/blog.espol.edu.ec\/allparam\/wp-json\/wp\/v2\/comments?post=64"}],"version-history":[{"count":1,"href":"https:\/\/blog.espol.edu.ec\/allparam\/wp-json\/wp\/v2\/pages\/64\/revisions"}],"predecessor-version":[{"id":65,"href":"https:\/\/blog.espol.edu.ec\/allparam\/wp-json\/wp\/v2\/pages\/64\/revisions\/65"}],"wp:attachment":[{"href":"https:\/\/blog.espol.edu.ec\/allparam\/wp-json\/wp\/v2\/media?parent=64"}],"curies":[{"name":"wp","href":"https:\/\/api.w.org\/{rel}","templated":true}]}}