{"id":35,"date":"2011-05-30T04:16:17","date_gmt":"2011-05-30T04:16:17","guid":{"rendered":"http:\/\/blog.espol.edu.ec\/almagarc\/?page_id=35"},"modified":"2011-06-01T04:14:39","modified_gmt":"2011-06-01T04:14:39","slug":"fiestas-populares","status":"publish","type":"page","link":"https:\/\/blog.espol.edu.ec\/almagarc\/fiestas-populares\/","title":{"rendered":"D'Kultura"},"content":{"rendered":"<p style=\"text-align: center\"><img loading=\"lazy\" decoding=\"async\" class=\"size-medium wp-image-47 aligncenter\" title=\"D'Kultura Logo copy\" src=\"http:\/\/blog.espol.edu.ec\/almagarc\/files\/2011\/05\/DKultura-Logo-copy-e1306901344980-300x107.jpg\" alt=\"\" width=\"300\" height=\"107\" srcset=\"https:\/\/blog.espol.edu.ec\/almagarc\/files\/2011\/05\/DKultura-Logo-copy-e1306901344980-300x107.jpg 300w, https:\/\/blog.espol.edu.ec\/almagarc\/files\/2011\/05\/DKultura-Logo-copy-e1306901344980.jpg 494w\" sizes=\"auto, (max-width: 300px) 100vw, 300px\" \/><\/p>\n<blockquote>\n<p style=\"text-align: center\"><strong><em>\"Nuestras Ra\u00edces, Nuestras Ideolog\u00edas, Nuestra Pasi\u00f3n\" \u00a0 \u00a0<span style=\"font-weight: normal\">(Alexia Garc\u00eda)<\/span><\/em><\/strong><\/p>\n<\/blockquote>\n<p><a href=\"http:\/\/www.d-kultura.com\" target=\"_blank\">D\u2019Kultura<\/a> es una cofrad\u00eda de Guayaquile\u00f1os cuya gesti\u00f3n principal \u00a0 es la de mantener, promulgar y difundir la cultura e identidad de Guayaquil y la interculturalidad del Ecuador con un acercamiento primordial a los j\u00f3venes de ra\u00edces ecuatorianas que se encuentran en el exterior.<\/p>\n<p>La cofrad\u00eda fue creada por la fam\u00edlia Garc\u00eda Espinoza cuyos miembros vienen gestando desde el a\u00f1o 2003 actividades auto financiadas\u00a0 de difusi\u00f3n cultural en especial de la historia y tradiciones del Ecuador a trav\u00e9s de las ferias estudiantiles realizadas en las ciudades de Guayaquil, Nueva York y Martha\u2019s Vineyard. Destacandose el ah\u00ednco y motivaci\u00f3n ejercida por la Ing. Bella Espinoza de Garc\u00eda conjuntamente con su hija se\u00f1orita Alexia Garc\u00eda Espinoza para el desarrollo de un intercambio de tradiciones entre dichas ciudades, desplegaron eventos como: Conferencias Anuales \u201cEcuador mi pa\u00eds\u201d en el Edgartown School, exposici\u00f3nes \u201cAmazon\u00eda Ecuatoriana: Etnias y Cultura Shuar\u201d, \u201cContinente Americano: Estados Unidos y Brasil\u201d\u00a0 en la U.E.M.A - Guayaquil, presentaciones art\u00edsticas de danzas y diversas coreograf\u00edas in\u00e9ditas del folkl\u00f3r ecuatoriano como tambi\u00e9n de \u00e1rabe, hawaiana, brasilera y ritmos latinos interpretadas por y de la autor\u00eda de Alexia Garc\u00eda.<\/p>\n<p>En la actualidad, D\u2019Kultura est\u00e1 presidida por Alexia Garc\u00eda quien espera introducir a su p\u00fablico al conocimiento general de otras manifestaciones culturales a trav\u00e9s de entrevistas, presentaciones, exposiciones, ferias y dem\u00e1s formas de difusi\u00f3n.<\/p>\n<p style=\"text-align: center\"><a href=\"http:\/\/blog.espol.edu.ec\/almagarc\/files\/2011\/05\/DKultura-promo.jpg\"><img loading=\"lazy\" decoding=\"async\" class=\"aligncenter size-full wp-image-49\" title=\"D'Kultura promo\" src=\"http:\/\/blog.espol.edu.ec\/almagarc\/files\/2011\/05\/DKultura-promo.jpg\" alt=\"\" width=\"590\" height=\"382\" srcset=\"https:\/\/blog.espol.edu.ec\/almagarc\/files\/2011\/05\/DKultura-promo.jpg 738w, https:\/\/blog.espol.edu.ec\/almagarc\/files\/2011\/05\/DKultura-promo-300x194.jpg 300w\" sizes=\"auto, (max-width: 590px) 100vw, 590px\" \/><\/a><\/p>\n","protected":false},"excerpt":{"rendered":"<p>\"Nuestras Ra\u00edces, Nuestras Ideolog\u00edas, Nuestra Pasi\u00f3n\" \u00a0 \u00a0(Alexia Garc\u00eda) D\u2019Kultura es una cofrad\u00eda de Guayaquile\u00f1os cuya gesti\u00f3n principal \u00a0 es la de mantener, promulgar y difundir la cultura e identidad de Guayaquil y la interculturalidad del Ecuador con un acercamiento primordial a los j\u00f3venes de ra\u00edces ecuatorianas que se encuentran en el exterior. La cofrad\u00eda [&hellip;]<\/p>\n","protected":false},"author":5755,"featured_media":0,"parent":0,"menu_order":0,"comment_status":"open","ping_status":"open","template":"","meta":{"footnotes":""},"class_list":["post-35","page","type-page","status-publish","hentry"],"_links":{"self":[{"href":"https:\/\/blog.espol.edu.ec\/almagarc\/wp-json\/wp\/v2\/pages\/35","targetHints":{"allow":["GET"]}}],"collection":[{"href":"https:\/\/blog.espol.edu.ec\/almagarc\/wp-json\/wp\/v2\/pages"}],"about":[{"href":"https:\/\/blog.espol.edu.ec\/almagarc\/wp-json\/wp\/v2\/types\/page"}],"author":[{"embeddable":true,"href":"https:\/\/blog.espol.edu.ec\/almagarc\/wp-json\/wp\/v2\/users\/5755"}],"replies":[{"embeddable":true,"href":"https:\/\/blog.espol.edu.ec\/almagarc\/wp-json\/wp\/v2\/comments?post=35"}],"version-history":[{"count":7,"href":"https:\/\/blog.espol.edu.ec\/almagarc\/wp-json\/wp\/v2\/pages\/35\/revisions"}],"predecessor-version":[{"id":51,"href":"https:\/\/blog.espol.edu.ec\/almagarc\/wp-json\/wp\/v2\/pages\/35\/revisions\/51"}],"wp:attachment":[{"href":"https:\/\/blog.espol.edu.ec\/almagarc\/wp-json\/wp\/v2\/media?parent=35"}],"curies":[{"name":"wp","href":"https:\/\/api.w.org\/{rel}","templated":true}]}}