{"id":114,"date":"2014-11-02T01:28:46","date_gmt":"2014-11-02T01:28:46","guid":{"rendered":"http:\/\/blog.espol.edu.ec\/ambailon\/?page_id=114"},"modified":"2014-11-10T22:51:01","modified_gmt":"2014-11-10T22:51:01","slug":"el-pasillo-ecuatoriano-a-traves-de-julio-jaramillo","status":"publish","type":"page","link":"https:\/\/blog.espol.edu.ec\/ambailon\/el-pasillo-ecuatoriano-a-traves-de-julio-jaramillo\/","title":{"rendered":"Pasillo Ecuatoriano"},"content":{"rendered":"<p><strong>\u00a0 \u00a0 \u00a0 \u00a0 \u00a0 \u00a0 \u00a0 \u00a0 \u00a0 \u00a0 \u00a0 \u00a0 \u00a0 <\/strong><\/p>\n<h1 style=\"text-align: center\"><span style=\"color: #800080\"><strong>EL PASILLO ECUATORIANO A TRAV\u00c9S DE JULIO JARAMILLO<\/strong><\/span><\/h1>\n<h4 style=\"text-align: justify\"><span style=\"color: #003366\"><strong>Adoptado como un miembro aut\u00f3ctono de nuestra patria \u201cEL PASILLO ECUATORIANO\u201d acogedor g\u00e9nero musical que deslumbra al ser escuchado\u00a0 es considerado un s\u00edmbolo musical\u00a0 nacional.<\/strong><\/span><\/h4>\n<h4 style=\"text-align: justify\"><span style=\"color: #003366\"><strong>\u00a0Han pasado a\u00f1os y con ellos generaciones \u00ad\u00ad con el que se recuerda y se reconoce el <\/strong><strong>1 de octubre de 1935 como el d\u00eda del pasillo ecuatoriano en honor al natalicio de Julio Jaramillo \u00abEl ruise\u00f1or de Am\u00e9rica\u00bb<\/strong><\/span><\/h4>\n<h4 style=\"text-align: justify\"><span style=\"color: #003366\"><strong>Son sus inmortales letras que cautivaron y seguir\u00e1n cautivando del cual\u00a0ha llegado a <\/strong><strong>cada lugar\u00a0del mundo este simb\u00f3lico\u00a0ritmo.<\/strong><\/span><\/h4>\n<h4 style=\"text-align: justify\"><span style=\"color: #003366\"><strong>Es inevitable mencionar a los grandes representantes de este g\u00e9nero como Julio Jaramillo, Carlos Ortiz, Marco Tulio Hidrovo, Carlos Guerra, Miguel \u00c1ngel Cazares, Francisco Paredes Herrera, Rafael Carpio Abad, Salvador Bustamante, Carlos Sol\u00eds, Constantino Mendoza Moreira, Segundo Luis Moreno, Gerardo Guevara, Nicasio Safadi, Enrique Ib\u00e1\u00f1ez Mora, entre otros.<\/strong><\/span><\/h4>\n<h4 style=\"text-align: justify\"><span style=\"color: #003366\"><strong>Pero no \u00a0solo es recordar a los autores e int\u00e9rpretes, sino tambi\u00e9n a inolvidables tonadas como Pasional, Invernal, \u00c1ngel de Luz, Guayaquil de mis amores, Aguacate, Manab\u00ed, Alma en los labios, Alma Gemela, Fatalidad, etc.<\/strong><\/span><\/h4>\n<h4 style=\"text-align: justify\"><span style=\"color: #003366\"><strong>Nuestro pasillo evoca nostalgia, alegr\u00eda, recuerdos, grandes sentimientos encontrados en un solo g\u00e9nero.<\/strong><\/span><\/h4>\n<h4 style=\"text-align: justify\"><span style=\"color: #003366\"><strong>\u00a0\u201cTodo lo que es m\u00fasica es esp\u00edritu, todo lo que es esp\u00edritu es arte y quien no siente el pasillo dentro de su sangre es porque no tiene esp\u00edritu\u201d.<\/strong><\/span><\/h4>\n<p>&nbsp;<\/p>\n<p style=\"text-align: center\"><a href=\"http:\/\/blog.espol.edu.ec\/ambailon\/files\/2014\/11\/J.J-F.jpg\"><img loading=\"lazy\" decoding=\"async\" class=\"wp-image-172 alignleft\" src=\"http:\/\/blog.espol.edu.ec\/ambailon\/files\/2014\/11\/J.J-F-300x300.jpg\" alt=\"J.J-F\" width=\"327\" height=\"327\" srcset=\"https:\/\/blog.espol.edu.ec\/ambailon\/files\/2014\/11\/J.J-F-300x300.jpg 300w, https:\/\/blog.espol.edu.ec\/ambailon\/files\/2014\/11\/J.J-F-150x150.jpg 150w, https:\/\/blog.espol.edu.ec\/ambailon\/files\/2014\/11\/J.J-F.jpg 945w\" sizes=\"auto, (max-width: 327px) 100vw, 327px\" \/><\/a><\/p>\n<p style=\"text-align: center\"><a href=\"http:\/\/blog.espol.edu.ec\/ambailon\/files\/2014\/11\/DSC04143.jpg\"><img loading=\"lazy\" decoding=\"async\" class=\"alignnone  wp-image-56\" src=\"http:\/\/blog.espol.edu.ec\/ambailon\/files\/2014\/11\/DSC04143-230x300.jpg\" alt=\"DSC04143\" width=\"255\" height=\"333\" srcset=\"https:\/\/blog.espol.edu.ec\/ambailon\/files\/2014\/11\/DSC04143-230x300.jpg 230w, https:\/\/blog.espol.edu.ec\/ambailon\/files\/2014\/11\/DSC04143-787x1024.jpg 787w, https:\/\/blog.espol.edu.ec\/ambailon\/files\/2014\/11\/DSC04143.jpg 1959w\" sizes=\"auto, (max-width: 255px) 100vw, 255px\" \/><\/a><\/p>\n","protected":false},"excerpt":{"rendered":"<p>\u00a0 \u00a0 \u00a0 \u00a0 \u00a0 \u00a0 \u00a0 \u00a0 \u00a0 \u00a0 \u00a0 \u00a0 \u00a0 EL PASILLO ECUATORIANO A TRAV\u00c9S DE JULIO JARAMILLO Adoptado como un miembro aut\u00f3ctono de nuestra patria \u201cEL PASILLO ECUATORIANO\u201d acogedor g\u00e9nero musical que deslumbra al ser escuchado\u00a0 es considerado un s\u00edmbolo musical\u00a0 nacional. \u00a0Han pasado a\u00f1os y con ellos generaciones \u00ad\u00ad con &hellip; <\/p>\n<p><a class=\"more-link btn\" href=\"https:\/\/blog.espol.edu.ec\/ambailon\/el-pasillo-ecuatoriano-a-traves-de-julio-jaramillo\/\">Seguir leyendo<\/a><\/p>\n","protected":false},"author":9371,"featured_media":0,"parent":0,"menu_order":0,"comment_status":"open","ping_status":"open","template":"","meta":{"footnotes":""},"class_list":["post-114","page","type-page","status-publish","hentry","nodate","item-wrap"],"_links":{"self":[{"href":"https:\/\/blog.espol.edu.ec\/ambailon\/wp-json\/wp\/v2\/pages\/114","targetHints":{"allow":["GET"]}}],"collection":[{"href":"https:\/\/blog.espol.edu.ec\/ambailon\/wp-json\/wp\/v2\/pages"}],"about":[{"href":"https:\/\/blog.espol.edu.ec\/ambailon\/wp-json\/wp\/v2\/types\/page"}],"author":[{"embeddable":true,"href":"https:\/\/blog.espol.edu.ec\/ambailon\/wp-json\/wp\/v2\/users\/9371"}],"replies":[{"embeddable":true,"href":"https:\/\/blog.espol.edu.ec\/ambailon\/wp-json\/wp\/v2\/comments?post=114"}],"version-history":[{"count":13,"href":"https:\/\/blog.espol.edu.ec\/ambailon\/wp-json\/wp\/v2\/pages\/114\/revisions"}],"predecessor-version":[{"id":204,"href":"https:\/\/blog.espol.edu.ec\/ambailon\/wp-json\/wp\/v2\/pages\/114\/revisions\/204"}],"wp:attachment":[{"href":"https:\/\/blog.espol.edu.ec\/ambailon\/wp-json\/wp\/v2\/media?parent=114"}],"curies":[{"name":"wp","href":"https:\/\/api.w.org\/{rel}","templated":true}]}}

<p><strong>                          </strong></p>
<h1 style="text-align: center"><span style="color: #800080"><strong>EL PASILLO ECUATORIANO A TRAVÉS DE JULIO JARAMILLO</strong></span></h1>
<h4 style="text-align: justify"><span style="color: #003366"><strong>Adoptado como un miembro autóctono de nuestra patria “EL PASILLO ECUATORIANO” acogedor género musical que deslumbra al ser escuchado  es considerado un símbolo musical  nacional.</strong></span></h4>
<h4 style="text-align: justify"><span style="color: #003366"><strong> Han pasado años y con ellos generaciones ­­ con el que se recuerda y se reconoce el </strong><strong>1 de octubre de 1935 como el día del pasillo ecuatoriano en honor al natalicio de Julio Jaramillo «El ruiseñor de América»</strong></span></h4>
<h4 style="text-align: justify"><span style="color: #003366"><strong>Son sus inmortales letras que cautivaron y seguirán cautivando del cual ha llegado a </strong><strong>cada lugar del mundo este simbólico ritmo.</strong></span></h4>
<h4 style="text-align: justify"><span style="color: #003366"><strong>Es inevitable mencionar a los grandes representantes de este género como Julio Jaramillo, Carlos Ortiz, Marco Tulio Hidrovo, Carlos Guerra, Miguel Ángel Cazares, Francisco Paredes Herrera, Rafael Carpio Abad, Salvador Bustamante, Carlos Solís, Constantino Mendoza Moreira, Segundo Luis Moreno, Gerardo Guevara, Nicasio Safadi, Enrique Ibáñez Mora, entre otros.</strong></span></h4>
<h4 style="text-align: justify"><span style="color: #003366"><strong>Pero no  solo es recordar a los autores e intérpretes, sino también a inolvidables tonadas como Pasional, Invernal, Ángel de Luz, Guayaquil de mis amores, Aguacate, Manabí, Alma en los labios, Alma Gemela, Fatalidad, etc.</strong></span></h4>
<h4 style="text-align: justify"><span style="color: #003366"><strong>Nuestro pasillo evoca nostalgia, alegría, recuerdos, grandes sentimientos encontrados en un solo género.</strong></span></h4>
<h4 style="text-align: justify"><span style="color: #003366"><strong> “Todo lo que es música es espíritu, todo lo que es espíritu es arte y quien no siente el pasillo dentro de su sangre es porque no tiene espíritu”.</strong></span></h4>
<p>&nbsp;</p>
<p style="text-align: center"><a href="http://blog.espol.edu.ec/ambailon/files/2014/11/J.J-F.jpg"><img loading="lazy" decoding="async" class="wp-image-172 alignleft" src="http://blog.espol.edu.ec/ambailon/files/2014/11/J.J-F-300x300.jpg" alt="J.J-F" width="327" height="327" srcset="https://blog.espol.edu.ec/ambailon/files/2014/11/J.J-F-300x300.jpg 300w, https://blog.espol.edu.ec/ambailon/files/2014/11/J.J-F-150x150.jpg 150w, https://blog.espol.edu.ec/ambailon/files/2014/11/J.J-F.jpg 945w" sizes="auto, (max-width: 327px) 100vw, 327px" /></a></p>
<p style="text-align: center"><a href="http://blog.espol.edu.ec/ambailon/files/2014/11/DSC04143.jpg"><img loading="lazy" decoding="async" class="alignnone  wp-image-56" src="http://blog.espol.edu.ec/ambailon/files/2014/11/DSC04143-230x300.jpg" alt="DSC04143" width="255" height="333" srcset="https://blog.espol.edu.ec/ambailon/files/2014/11/DSC04143-230x300.jpg 230w, https://blog.espol.edu.ec/ambailon/files/2014/11/DSC04143-787x1024.jpg 787w, https://blog.espol.edu.ec/ambailon/files/2014/11/DSC04143.jpg 1959w" sizes="auto, (max-width: 255px) 100vw, 255px" /></a></p>

<p>                          EL PASILLO ECUATORIANO A TRAVÉS DE JULIO JARAMILLO Adoptado como un miembro autóctono de nuestra patria “EL PASILLO ECUATORIANO” acogedor género musical que deslumbra al ser escuchado  es considerado un símbolo musical  nacional.  Han pasado años y con ellos generaciones ­­ con &hellip; </p>
<p><a class="more-link btn" href="https://blog.espol.edu.ec/ambailon/el-pasillo-ecuatoriano-a-traves-de-julio-jaramillo/">Seguir leyendo</a></p>
