{"id":37,"date":"2013-11-17T02:35:51","date_gmt":"2013-11-17T02:35:51","guid":{"rendered":"http:\/\/blog.espol.edu.ec\/andresfernando4\/?page_id=37"},"modified":"2013-11-23T00:55:37","modified_gmt":"2013-11-23T00:55:37","slug":"problemas-actuales-que-ocurren-en-nuestro-planeta","status":"publish","type":"page","link":"https:\/\/blog.espol.edu.ec\/andresfernando4\/problemas-actuales-que-ocurren-en-nuestro-planeta\/","title":{"rendered":"Problemas actuales que ocurren en nuestro planeta .-"},"content":{"rendered":"<p>Hay clara evidencia de que nuestro planeta est\u00e1 colapsando, la temperatura del planeta ha estado aumentando debido a la quema constante de combustibles para nuestras m\u00e1quinas y f\u00e1bricas, esto ha provocado el derretimiento de los glaciares de la Tierra lo que ha liberado agua a la atm\u00f3sfera haciendo crecer a los r\u00edos, mares y provocando fuertes lluvias. As\u00ed mismo los recursos naturales est\u00e1n escaseando, por lo que hay especies que se extinguen todos los d\u00edas y con ello los eslabones de las bio cadenas naturales se han afectado. El excesivo consumo ha provocado la contaminaci\u00f3n del agua lo que junto con el acinamiento en las grandes ciudades ha creado las condiciones perfectas para hacernos vulnerables a nuevos virus, que encuentran en un mundo altamente contaminado y sobre poblado el caldo de cultivo ideal para su desarrollo.<\/p>\n<p><a href=\"http:\/\/blog.espol.edu.ec\/andresfernando4\/files\/2013\/11\/contaminacion.jpg\"><img loading=\"lazy\" decoding=\"async\" class=\"aligncenter size-full wp-image-38\" alt=\"contaminacion\" src=\"http:\/\/blog.espol.edu.ec\/andresfernando4\/files\/2013\/11\/contaminacion.jpg\" width=\"217\" height=\"232\" \/><\/a><\/p>\n<p>En todos los pa\u00edses hay problemas por la posesi\u00f3n de tierras, hay tambi\u00e9n un creciente desempleo, hambre y pobreza, pues los recursos son m\u00e1s escasos cada d\u00eda.<\/p>\n<p>Todos estos no son problemas aislados, sino efectos de un mismo problema.<\/p>\n<p><a href=\"http:\/\/blog.espol.edu.ec\/andresfernando4\/files\/2013\/11\/desierto.jpg\"><img loading=\"lazy\" decoding=\"async\" class=\"aligncenter size-medium wp-image-68\" alt=\"desierto\" src=\"http:\/\/blog.espol.edu.ec\/andresfernando4\/files\/2013\/11\/desierto-300x277.jpg\" width=\"300\" height=\"277\" srcset=\"https:\/\/blog.espol.edu.ec\/andresfernando4\/files\/2013\/11\/desierto-300x277.jpg 300w, https:\/\/blog.espol.edu.ec\/andresfernando4\/files\/2013\/11\/desierto.jpg 388w\" sizes=\"auto, (max-width: 300px) 100vw, 300px\" \/><\/a><\/p>\n<p>En la Tierra existen miles de especies vivientes pero solamente una, el ser humano, consume el 40% de los recursos del mundo. Cada diez segundos desaparece el equivalente a cinco campos de f\u00fatbol de bosques y selvas. Cada diez segundos se extingue una especie animal. Cada diez segundos llegan veinticinco personas m\u00e1s de las que mueren los cuales reclamar\u00e1n pronto \"sus derechos\" haciendo que todos estos efectos muy pronto sean mayores, porque desafortunadamente muchos siguen pensando que la \u00fanica manera que tienen para trascender es reproduci\u00e9ndose.<\/p>\n","protected":false},"excerpt":{"rendered":"<p>Hay clara evidencia de que nuestro planeta est\u00e1 colapsando, la temperatura del planeta ha estado aumentando debido a la quema constante de combustibles para nuestras m\u00e1quinas y f\u00e1bricas, esto ha provocado el derretimiento de los glaciares de la Tierra lo que ha liberado agua a la atm\u00f3sfera haciendo crecer a los r\u00edos, mares y provocando [&hellip;]<\/p>\n","protected":false},"author":8779,"featured_media":0,"parent":0,"menu_order":0,"comment_status":"open","ping_status":"open","template":"","meta":{"footnotes":""},"class_list":["post-37","page","type-page","status-publish","hentry"],"_links":{"self":[{"href":"https:\/\/blog.espol.edu.ec\/andresfernando4\/wp-json\/wp\/v2\/pages\/37","targetHints":{"allow":["GET"]}}],"collection":[{"href":"https:\/\/blog.espol.edu.ec\/andresfernando4\/wp-json\/wp\/v2\/pages"}],"about":[{"href":"https:\/\/blog.espol.edu.ec\/andresfernando4\/wp-json\/wp\/v2\/types\/page"}],"author":[{"embeddable":true,"href":"https:\/\/blog.espol.edu.ec\/andresfernando4\/wp-json\/wp\/v2\/users\/8779"}],"replies":[{"embeddable":true,"href":"https:\/\/blog.espol.edu.ec\/andresfernando4\/wp-json\/wp\/v2\/comments?post=37"}],"version-history":[{"count":3,"href":"https:\/\/blog.espol.edu.ec\/andresfernando4\/wp-json\/wp\/v2\/pages\/37\/revisions"}],"predecessor-version":[{"id":70,"href":"https:\/\/blog.espol.edu.ec\/andresfernando4\/wp-json\/wp\/v2\/pages\/37\/revisions\/70"}],"wp:attachment":[{"href":"https:\/\/blog.espol.edu.ec\/andresfernando4\/wp-json\/wp\/v2\/media?parent=37"}],"curies":[{"name":"wp","href":"https:\/\/api.w.org\/{rel}","templated":true}]}}