{"id":81,"date":"2013-11-23T22:04:19","date_gmt":"2013-11-23T22:04:19","guid":{"rendered":"http:\/\/blog.espol.edu.ec\/andresfernando4\/?page_id=81"},"modified":"2013-11-23T22:37:22","modified_gmt":"2013-11-23T22:37:22","slug":"el-planeta-tierra-en-unos-millones-de-anos","status":"publish","type":"page","link":"https:\/\/blog.espol.edu.ec\/andresfernando4\/el-planeta-tierra-en-unos-millones-de-anos\/","title":{"rendered":"El planeta en un futuro lejano (diapositiva)..."},"content":{"rendered":"<p>En \u00e9sta p\u00e1gina encontraremos una diapositiva hecha por m\u00ed donde resalta los factores que influir\u00e1n en el futuro de la tierra a largo plazo ( unos millones de a\u00f1os en el futuro) , es decir lo que le suceder\u00e1 al planeta , las causas , consecuencias , las razones , los problemas , etc .<\/p>\n<p>Espero que les guste la diapositiva y les sirva<\/p>\n<p>Aqu\u00ed el link : <a title=\"El planeta Tierra en millones de a\u00f1os\" href=\"http:\/\/es.slideshare.net\/andreferin\/andrs-infante-alarcn-el-futuro-de-la-tierra-a-largo-plazo\" target=\"_blank\">El futuro de la Tierra a largo plazo<\/a><\/p>\n<p>MUCHAS GRACIAS \ud83d\ude42<\/p>\n<p><iframe loading=\"lazy\" src=\"http:\/\/www.slideshare.net\/slideshow\/embed_code\/28561327\" width=\"597\" height=\"486\" frameborder=\"0\" allowfullscreen> <\/iframe> <\/p>\n<div style=\"margin-bottom:5px\"> <strong> <a href=\"https:\/\/es.slideshare.net\/andreferin\/andrs-infante-alarcn-el-futuro-de-la-tierra-a-largo-plazo\" title=\"Andr\u00e9s infante alarc\u00f3n - El futuro de la tierra a largo plazo\" target=\"_blank\">Andr\u00e9s infante alarc\u00f3n - El futuro de la tierra a largo plazo<\/a> <\/strong> from <strong><a href=\"http:\/\/www.slideshare.net\/andreferin\" target=\"_blank\">andreferin<\/a><\/strong> <\/div>\n","protected":false},"excerpt":{"rendered":"<p>En \u00e9sta p\u00e1gina encontraremos una diapositiva hecha por m\u00ed donde resalta los factores que influir\u00e1n en el futuro de la tierra a largo plazo ( unos millones de a\u00f1os en el futuro) , es decir lo que le suceder\u00e1 al planeta , las causas , consecuencias , las razones , los problemas , etc . [&hellip;]<\/p>\n","protected":false},"author":8779,"featured_media":0,"parent":0,"menu_order":0,"comment_status":"open","ping_status":"open","template":"","meta":{"footnotes":""},"class_list":["post-81","page","type-page","status-publish","hentry"],"_links":{"self":[{"href":"https:\/\/blog.espol.edu.ec\/andresfernando4\/wp-json\/wp\/v2\/pages\/81","targetHints":{"allow":["GET"]}}],"collection":[{"href":"https:\/\/blog.espol.edu.ec\/andresfernando4\/wp-json\/wp\/v2\/pages"}],"about":[{"href":"https:\/\/blog.espol.edu.ec\/andresfernando4\/wp-json\/wp\/v2\/types\/page"}],"author":[{"embeddable":true,"href":"https:\/\/blog.espol.edu.ec\/andresfernando4\/wp-json\/wp\/v2\/users\/8779"}],"replies":[{"embeddable":true,"href":"https:\/\/blog.espol.edu.ec\/andresfernando4\/wp-json\/wp\/v2\/comments?post=81"}],"version-history":[{"count":8,"href":"https:\/\/blog.espol.edu.ec\/andresfernando4\/wp-json\/wp\/v2\/pages\/81\/revisions"}],"predecessor-version":[{"id":92,"href":"https:\/\/blog.espol.edu.ec\/andresfernando4\/wp-json\/wp\/v2\/pages\/81\/revisions\/92"}],"wp:attachment":[{"href":"https:\/\/blog.espol.edu.ec\/andresfernando4\/wp-json\/wp\/v2\/media?parent=81"}],"curies":[{"name":"wp","href":"https:\/\/api.w.org\/{rel}","templated":true}]}}

<p>En ésta página encontraremos una diapositiva hecha por mí donde resalta los factores que influirán en el futuro de la tierra a largo plazo ( unos millones de años en el futuro) , es decir lo que le sucederá al planeta , las causas , consecuencias , las razones , los problemas , etc .</p>
<p>Espero que les guste la diapositiva y les sirva</p>
<p>Aquí el link : <a title="El planeta Tierra en millones de años" href="http://es.slideshare.net/andreferin/andrs-infante-alarcn-el-futuro-de-la-tierra-a-largo-plazo" target="_blank">El futuro de la Tierra a largo plazo</a></p>
<p>MUCHAS GRACIAS 🙂</p>
<p><iframe loading="lazy" src="http://www.slideshare.net/slideshow/embed_code/28561327" width="597" height="486" frameborder="0" allowfullscreen> </iframe> </p>
<div style="margin-bottom:5px"> <strong> <a href="https://es.slideshare.net/andreferin/andrs-infante-alarcn-el-futuro-de-la-tierra-a-largo-plazo" title="Andrés infante alarcón - El futuro de la tierra a largo plazo" target="_blank">Andrés infante alarcón - El futuro de la tierra a largo plazo</a> </strong> from <strong><a href="http://www.slideshare.net/andreferin" target="_blank">andreferin</a></strong> </div>

<p>En ésta página encontraremos una diapositiva hecha por mí donde resalta los factores que influirán en el futuro de la tierra a largo plazo ( unos millones de años en el futuro) , es decir lo que le sucederá al planeta , las causas , consecuencias , las razones , los problemas , etc . [&hellip;]</p>
