{"id":100,"date":"2012-11-07T09:35:22","date_gmt":"2012-11-07T14:35:22","guid":{"rendered":"http:\/\/blog.espol.edu.ec\/andresitop\/?page_id=100"},"modified":"2012-11-07T09:35:23","modified_gmt":"2012-11-07T14:35:23","slug":"su-gente","status":"publish","type":"page","link":"https:\/\/blog.espol.edu.ec\/andresitop\/?page_id=100","title":{"rendered":"SU GENTE"},"content":{"rendered":"<p><strong>En general las costumbres en Galapagos son muy similares a aquellas practicadas en el Ecuador, la gente es muy c\u00e1lida, amig<\/strong><strong>able y los galapague\u00f1os est\u00e1n siempre dispuestos a ayudar a los visitantes.<\/strong><\/p>\n<p>La poblaci\u00f3n de G<a href=\"http:\/\/blog.espol.edu.ec\/andresitop\/?attachment_id=101\" rel=\"attachment wp-att-101\"><img loading=\"lazy\" decoding=\"async\" class=\"alignleft size-thumbnail wp-image-101\" src=\"http:\/\/blog.espol.edu.ec\/andresitop\/files\/2012\/11\/20120322180656-direccion-provincial-de-cultura-de-galapagos-160x160.jpg\" alt=\"\" width=\"160\" height=\"160\" \/><\/a>alapagos es de alrededor de 20.000 personas. Los hombres y los ni\u00f1os gustan de jugar f\u00fatbol y m\u00e1s a\u00fan sabiendo que la selecci\u00f3n Ecuatoriana ha clasificado por 2 ocasiones al mundial de f\u00fatbol.<\/p>\n<p>El Ecuavoley es tambi\u00e9n un deporte muy popular en Galapagos, es simplemente un partido de Volley pero se juega un poco diferente al juego de volley tradicional.<\/p>\n<p>La bola es una pelota de f\u00fatbol y solo hay 3 jugadores por equipo, el resto de las reglas es similar al volley internacional.<\/p>\n<p>La cultura de Galapagos es una mezcla entre la gente que arrib\u00f3 a las islas desde la Sierra, el Oriente (la selva) y la Costa del Ecuador.<\/p>\n<p>&nbsp;<\/p>\n<p>La gente y cient\u00edfico<a href=\"http:\/\/blog.espol.edu.ec\/andresitop\/?attachment_id=104\" rel=\"attachment wp-att-104\"><img loading=\"lazy\" decoding=\"async\" class=\"alignleft  wp-image-104\" src=\"http:\/\/blog.espol.edu.ec\/andresitop\/files\/2012\/11\/right-testimonials.jpg\" alt=\"\" width=\"160\" height=\"130\" \/><\/a>s especialmente de Estados Unidos y de algunos pa\u00edses de Europa han formado parte o han aportado tambi\u00e9n a la cultura de Galapagos.<\/p>\n<p>La gente de la Sierra del Ecuador tiende a hablar mas pausadamente que la gente de la costa del pa\u00eds quienes hablan mucho m\u00e1s r\u00e1pido y con un tono de voz mas elevado.<\/p>\n<p>En las Islas Galapagos solo existen 4 Islas habitadas por seres humanos, estas son: Santa Cruz, Isabela, Floreana, y San Cristobal.<\/p>\n<p>&nbsp;<\/p>\n<p>&nbsp;<\/p>\n<p>&nbsp;<\/p>\n<p>La ciudad mas <a href=\"http:\/\/blog.espol.edu.ec\/andresitop\/?attachment_id=102\" rel=\"attachment wp-att-102\"><img loading=\"lazy\" decoding=\"async\" class=\"alignleft size-thumbnail wp-image-102\" src=\"http:\/\/blog.espol.edu.ec\/andresitop\/files\/2012\/11\/Beach-buddies-160x160.jpg\" alt=\"\" width=\"160\" height=\"160\" \/><\/a>importante es Puerto Ayora que es la capital de la Isla Santa Cruz y tiene alrededor de 4.000 habitantes.<\/p>\n<p>El Parque Nacional Galapagos y la muy renombrada Fundacion Charles Darwin est\u00e1n situadas en esta ciudad.<\/p>\n<p>La Islas Galapagos fueron anexadas al Ecuador en 1832 y <a href=\"http:\/\/blog.espol.edu.ec\/andresitop\/?attachment_id=105\" rel=\"attachment wp-att-105\"><img loading=\"lazy\" decoding=\"async\" class=\" wp-image-105 alignright\" src=\"http:\/\/blog.espol.edu.ec\/andresitop\/files\/2012\/11\/sugente2-160x160.jpg\" alt=\"\" width=\"176\" height=\"204\" \/><\/a>posteriormente colonizadas por habitantes de este pa\u00eds.Los nombres en Ingl\u00e9s de cada una de las Islas Galapagos fueron cambiados por nombres en Espa\u00f1ol.<\/p>\n<p>&nbsp;<\/p>\n<p>Como parte de la cultura de Galapagos se cuenta que hace mucho tiempo la Isla Floreana se transform\u00f3 en una colonia penal, al igual que la Isla San Cristobal<\/p>\n<p>Una de las m\u00e1s comunes historias cuenta que los prisioneros eran forzados a construir una pared con rocas sin ning\u00fan prop\u00f3sito en especial.<\/p>\n<p>Este muro aun se preserva y fue bautizado con el nombre de El Muro de Lagrimas.<\/p>\n<p>&nbsp;<\/p>\n","protected":false},"excerpt":{"rendered":"<p>En general las costumbres en Galapagos son muy similares a aquellas practicadas en el Ecuador, la gente es muy c\u00e1lida, amigable y los galapague\u00f1os est\u00e1n siempre dispuestos a ayudar a los visitantes. La poblaci\u00f3n de Galapagos es de alrededor de 20.000 personas. Los hombres y los ni\u00f1os gustan de jugar f\u00fatbol y m\u00e1s a\u00fan sabiendo &hellip; <\/p>\n<p><a class=\"more-link btn\" href=\"https:\/\/blog.espol.edu.ec\/andresitop\/?page_id=100\">Seguir leyendo<\/a><\/p>\n","protected":false},"author":8214,"featured_media":0,"parent":0,"menu_order":0,"comment_status":"open","ping_status":"open","template":"","meta":{"footnotes":""},"class_list":["post-100","page","type-page","status-publish","hentry","nodate","item-wrap"],"_links":{"self":[{"href":"https:\/\/blog.espol.edu.ec\/andresitop\/index.php?rest_route=\/wp\/v2\/pages\/100","targetHints":{"allow":["GET"]}}],"collection":[{"href":"https:\/\/blog.espol.edu.ec\/andresitop\/index.php?rest_route=\/wp\/v2\/pages"}],"about":[{"href":"https:\/\/blog.espol.edu.ec\/andresitop\/index.php?rest_route=\/wp\/v2\/types\/page"}],"author":[{"embeddable":true,"href":"https:\/\/blog.espol.edu.ec\/andresitop\/index.php?rest_route=\/wp\/v2\/users\/8214"}],"replies":[{"embeddable":true,"href":"https:\/\/blog.espol.edu.ec\/andresitop\/index.php?rest_route=%2Fwp%2Fv2%2Fcomments&post=100"}],"version-history":[{"count":3,"href":"https:\/\/blog.espol.edu.ec\/andresitop\/index.php?rest_route=\/wp\/v2\/pages\/100\/revisions"}],"predecessor-version":[{"id":108,"href":"https:\/\/blog.espol.edu.ec\/andresitop\/index.php?rest_route=\/wp\/v2\/pages\/100\/revisions\/108"}],"wp:attachment":[{"href":"https:\/\/blog.espol.edu.ec\/andresitop\/index.php?rest_route=%2Fwp%2Fv2%2Fmedia&parent=100"}],"curies":[{"name":"wp","href":"https:\/\/api.w.org\/{rel}","templated":true}]}}