{"id":25,"date":"2012-11-06T14:33:28","date_gmt":"2012-11-06T19:33:28","guid":{"rendered":"http:\/\/blog.espol.edu.ec\/andresitop\/?page_id=25"},"modified":"2012-11-07T12:23:37","modified_gmt":"2012-11-07T17:23:37","slug":"fauna","status":"publish","type":"page","link":"https:\/\/blog.espol.edu.ec\/andresitop\/?page_id=25","title":{"rendered":"FAUNA"},"content":{"rendered":"<p><a class=\"alignnone  wp-image-27\">\u00a0\u00a0 \u00a0 \u00a0 \u00a0 \u00a0 \u00a0 \u00a0 \u00a0 \u00a0 \u00a0 \u00a0 \u00a0 \u00a0 \u00a0 \u00a0 \u00a0 \u00a0\u00a0\u00a0<\/a><a class=\"alignnone  wp-image-27\"> \u00a0 \u00a0 \u00a0 \u00a0 \u00a0 \u00a0 \u00a0 \u00a0 \u00a0 \u00a0 \u00a0 \u00a0 \u00a0 \u00a0 \u00a0 \u00a0 \u00a0 \u00a0 \u00a0 \u00a0 \u00a0 \u00a0 \u00a0 \u00a0 \u00a0 \u00a0 \u00a0 \u00a0 \u00a0\u00a0<\/a><\/p>\n<p><a class=\"alignnone  wp-image-27\"> \u00a0 <\/a><a href=\"http:\/\/blog.espol.edu.ec\/andresitop\/?attachment_id=27\" rel=\"attachment wp-att-27\"><img loading=\"lazy\" decoding=\"async\" class=\"alignnone  wp-image-27\" src=\"http:\/\/blog.espol.edu.ec\/andresitop\/files\/2012\/11\/galapago-tortuga.jpg\" alt=\"\" width=\"215\" height=\"182\" \/>\u00a0\u00a0\u00a0\u00a0\u00a0\u00a0\u00a0\u00a0\u00a0\u00a0\u00a0\u00a0\u00a0\u00a0\u00a0\u00a0\u00a0\u00a0\u00a0\u00a0\u00a0\u00a0\u00a0\u00a0\u00a0\u00a0\u00a0\u00a0\u00a0\u00a0\u00a0\u00a0\u00a0\u00a0\u00a0\u00a0\u00a0\u00a0\u00a0\u00a0\u00a0\u00a0\u00a0\u00a0 <\/a><a class=\"alignnone  wp-image-27\"><img loading=\"lazy\" decoding=\"async\" class=\"alignnone  wp-image-29\" src=\"http:\/\/blog.espol.edu.ec\/andresitop\/files\/2012\/11\/tortuga-galapago-foto.jpg\" alt=\"\" width=\"227\" height=\"184\" \/><\/a><\/p>\n<p>&nbsp;<\/p>\n<p>&nbsp;<\/p>\n<p>Tortuga gal\u00e1pago Las tortugas Gal\u00e1pagos, cuyo nombre cient\u00edfico es el de Geochelone nigra, son las tortugas m\u00e1s grandes que existen (m\u00e1s de 400 Kilos) y la m\u00e1s antigua debe tener m\u00e1s de 170 a\u00f1os.<br \/>\nEstas tortugas gigantes estuvieron distribuidas por todos los continentes, excepto Australia y la Ant\u00e1rtica, pero hoy en d\u00eda solo podemos encontrarlas en zonas delimitadas como las islas oce\u00e1nicas de Las Gal\u00e1pagos y en la isla Aldagra de las Saychelles.<br \/>\nViven principalmente cerca de la costa sobre suelos c\u00e1lidos y secos de lava ba\u00f1ados por el Oc\u00e9ano Pac\u00edfico.<br \/>\nPueden alcanzar una longitud superior al metro y llegan a sobrepasar los 250 kilos.<br \/>\nEn Gal\u00e1pagos se han reconocido m\u00e1s de 15 subespecies de esta tortuga, aunque a d\u00eda de hoy solo sobreviven 11 y todas ellas en peligro de extinci\u00f3n como<br \/>\nTortuga gal\u00e1pago Las tortugas Gal\u00e1pagos, cuyo nombre cient\u00edfico es el de Geochelone nigra, son las tortugas m\u00e1s grandes que existen (m\u00e1s de 400 Kilos) y la m\u00e1s antigua debe tener m\u00e1s de 170 a\u00f1os.<br \/>\nEstas tortugas gigantes estuvieron distribuidas por todos los continentes, excepto Australia y la Ant\u00e1rtica, pero hoy en d\u00eda solo podemos encontrarlas en zonas delimitadas como las islas oce\u00e1nicas de Las Gal\u00e1pagos y en la isla Aldagra de las Saychelles.<br \/>\nViven principalmente cerca de la costa sobre suelos c\u00e1lidos y secos de lava ba\u00f1ados por el Oc\u00e9ano Pac\u00edfico.<br \/>\nPueden alcanzar una longitud superior al metro y llegan a sobrepasar los 250 kilos.<br \/>\nEn Gal\u00e1pagos se han reconocido m\u00e1s de 15 subespecies de esta tortuga, aunque a d\u00eda de hoy solo sobreviven 11 y todas ellas en peligro de extinci\u00f3n como consecuencia de la caza, la destrucci\u00f3n de su h\u00e1bitat, etc.<\/p>\n<p>Se tiene conocimiento de tortugas que han sobrevivido hasta 14 meses sin comida ni agua.<br \/>\nFotos de Tortugas Gal\u00e1pagos<\/p>\n<p>Las distintas subespecies de esta particular tortuga se diferencian en aspectos como la forma del caparaz\u00f3n, el tama\u00f1o, la longitud del cuello o la longitud de las extremidades.<br \/>\nFoto de tortuga gigante gal\u00e1pagos<\/p>\n<p>Tortuga gal\u00e1pagosconsecuencia de la caza, la destrucci\u00f3n de su h\u00e1bitat, etc.<\/p>\n<p>Se tiene conocimiento de tortugas que han sobrevivido hasta 14 meses sin comida ni agua.<br \/>\nFotos de Tortugas Gal\u00e1pagos<\/p>\n<p>Las distintas subespecies de esta particular tortuga se diferencian en aspectos como la forma del caparaz\u00f3n, el tama\u00f1o, la longitud del cuello o la longitud de las extremidades.<br \/>\nFoto de tortuga gigante gal\u00e1pagos<\/p>\n<p>Tortuga gal\u00e1pagos.<\/p>\n<p><a href=\"http:\/\/blog.espol.edu.ec\/andresitop\/?attachment_id=30\" rel=\"attachment wp-att-30\"><img loading=\"lazy\" decoding=\"async\" class=\"aligncenter size-medium wp-image-30\" src=\"http:\/\/blog.espol.edu.ec\/andresitop\/files\/2012\/11\/5_img_galapago-1-300x225.jpg\" alt=\"\" width=\"300\" height=\"225\" srcset=\"https:\/\/blog.espol.edu.ec\/andresitop\/files\/2012\/11\/5_img_galapago-1-300x225.jpg 300w, https:\/\/blog.espol.edu.ec\/andresitop\/files\/2012\/11\/5_img_galapago-1.jpg 400w\" sizes=\"auto, (max-width: 300px) 100vw, 300px\" \/><\/a><\/p>\n<p>&nbsp;<\/p>\n<p>&nbsp;<\/p>\n<p><strong>\u00a0\u00a0\u00a0\u00a0\u00a0\u00a0\u00a0\u00a0\u00a0\u00a0\u00a0\u00a0\u00a0\u00a0\u00a0\u00a0\u00a0\u00a0\u00a0\u00a0\u00a0\u00a0\u00a0\u00a0\u00a0\u00a0\u00a0\u00a0\u00a0\u00a0\u00a0\u00a0\u00a0\u00a0\u00a0\u00a0\u00a0\u00a0\u00a0\u00a0\u00a0\u00a0\u00a0\u00a0\u00a0\u00a0\u00a0\u00a0\u00a0\u00a0\u00a0\u00a0\u00a0\u00a0\u00a0\u00a0\u00a0\u00a0\u00a0 Contenplen las Maravillas de nuestro pa\u00eds<\/strong><\/p>\n<p align=\"justify\"><strong>REPTILES<\/strong><\/p>\n<p align=\"justify\"><strong>Iguana Marina (<em>Amblyrhynchus cristatus<\/em>)<\/strong><\/p>\n<div><img loading=\"lazy\" decoding=\"async\" src=\"http:\/\/www.crucerogalapagos.com\/fotos\/galapagos_iguanamarina.jpg\" alt=\"Iguana Marina de Galapagos\" width=\"150\" height=\"96\" \/><\/div>\n<p align=\"justify\">Uno de los reptiles m\u00e1s extra\u00f1os y \u00fanicos de Gal\u00e1pagos es la Iguana marina, la \u00fanica iguana acu\u00e1tica en el mundo. Ellos pueden nadar a una profundidad de 20m, anaerobically baja temperaturas de sus cuerpos les permite quedarse debajo del agua hasta 1hr. a la vez, son capaces de descargar la sal de exceso de sus narices excepcionalmente cuadradas. La iguana marina de Gal\u00e1pagos se alimenta casi completamente sobre de algas que se encuentra entre la marea o debajo de la superficie del mar. O encima o debajo del mar, el alimento consiste en peque\u00f1as algas rojas o verdes.<\/p>\n<p align=\"justify\"><strong>Lava Lizards (<em>Tropidurus spp<\/em>)<\/strong><\/p>\n<div><img loading=\"lazy\" decoding=\"async\" src=\"http:\/\/www.crucerogalapagos.com\/fotos\/galapagos_lavalizard.jpg\" alt=\"Lagarto de Lava de Galapagos\" width=\"150\" height=\"96\" \/><\/div>\n<p align=\"justify\">Siete especie de lagarto end\u00e9micos se encuentran en las islas. Presentan aspecto similar al de las iguanas distinguiendose por sus crestas poco desarrolladas y menor tama\u00f1o, suelen combatir golpeandose entre si y lanz\u00e1ndose escupitajos. Las hembras tienen gargantas llamativas rojas y naranja. Ellos son muy territoriales. Lo lagartos de lava se alimentan de saltamontes, salamanquesas. Los lagartos de lava son encontrados en las Isla Santa Fe y en la isla Seymour Norte.<\/p>\n<p align=\"justify\"><strong>MAMIFEROS<\/strong><\/p>\n<p align=\"justify\"><strong>Sea Lions (<em>Zalophus californianus<\/em>)<\/strong><\/p>\n<div><img loading=\"lazy\" decoding=\"async\" src=\"http:\/\/www.crucerogalapagos.com\/fotos\/galapagos_leondemar_8.jpg\" alt=\"Leon Marino de Galapagos\" width=\"150\" height=\"96\" \/><\/div>\n<p align=\"justify\">El mam\u00edfero de Gal\u00e1pagos es el le\u00f3n de mar. Pesando hasta 250kg, posan para turistas, haciendo surf una olas, desliz\u00e1ndose por el agua con una aleta en el aire, Aunque los leones de mar sean generalmente juguetones. Los lobos marinos se encuentran principalmente en las islas Plaza Sur, Santiago y Fernandina. En la isla Genovesa est\u00e1n las focas peleteras que son las \u00fanicas de este tipo que viven en agua tropicales.<\/p>\n<p align=\"justify\"><strong>Focas (<em>Arctocephalus galapagonesis<\/em>)<\/strong><\/p>\n<div><img loading=\"lazy\" decoding=\"async\" src=\"http:\/\/www.crucerogalapagos.com\/fotos\/galapagos_furseal.jpg\" alt=\"Foca de Galapagos\" width=\"150\" height=\"96\" \/><\/div>\n<p align=\"justify\">La foca de G\u00e1lapagos son peque\u00f1o. El macho adultos pesa aproximadamente 70 kilogramos, hembras adultas 28 kg. Los bebes nacen con una piel lisa y sedosa a la cual la piel se desarrolla alrededor de 6 meses. Esto los hizo objetivos principales para cazadores en el siglo 18o. La foca de Gal\u00e1pagos se alimenta principalmente sobre cefal\u00f3podos y peque\u00f1as colonias de pescados. La alimentaci\u00f3n ocurre principalmente de noche.<\/p>\n<p align=\"justify\"><strong>Vida Marina <\/strong><\/p>\n<div><img loading=\"lazy\" decoding=\"async\" src=\"http:\/\/www.crucerogalapagos.com\/fotos\/galapagos_vidamarina.jpg\" alt=\"Vida Marina de Galapagos\" width=\"150\" height=\"96\" \/><\/div>\n<p align=\"justify\">La vida marina de Gal\u00e1pagos es muy variada, abundante y maravillosa, por lo cual las islas son consideradas una de las siete maravillas submarinas del mundo. La 16 especie de ballena incluye la esperma, joroba, azul, y orcas. Tambien hay siete especie de delf\u00edn, que es concentran de la costa occidental de la Isla Isabela y con frecuencia son vistos brincando y nadando cerca de los cruceros. Doce especie de tibur\u00f3n, incluyendo el hammerhead y tibur\u00f3n de fil\u00f3n negro-tipped, y cinco especie de rayos. Mucha otra especie depende de la vida de marina de Gal\u00e1pagos para su alimento, como los p\u00e1jaros de mar que se alimentan de pescados, y las iguanas marinas que se alimentan de algas que crecen en el inferior del mar.<\/p>\n<p>&nbsp;<\/p>\n","protected":false},"excerpt":{"rendered":"<p>\u00a0\u00a0 \u00a0 \u00a0 \u00a0 \u00a0 \u00a0 \u00a0 \u00a0 \u00a0 \u00a0 \u00a0 \u00a0 \u00a0 \u00a0 \u00a0 \u00a0 \u00a0\u00a0\u00a0 \u00a0 \u00a0 \u00a0 \u00a0 \u00a0 \u00a0 \u00a0 \u00a0 \u00a0 \u00a0 \u00a0 \u00a0 \u00a0 \u00a0 \u00a0 \u00a0 \u00a0 \u00a0 \u00a0 \u00a0 \u00a0 \u00a0 \u00a0 \u00a0 \u00a0 \u00a0 \u00a0 \u00a0 \u00a0\u00a0 \u00a0 \u00a0\u00a0\u00a0\u00a0\u00a0\u00a0\u00a0\u00a0\u00a0\u00a0\u00a0\u00a0\u00a0\u00a0\u00a0\u00a0\u00a0\u00a0\u00a0\u00a0\u00a0\u00a0\u00a0\u00a0\u00a0\u00a0\u00a0\u00a0\u00a0\u00a0\u00a0\u00a0\u00a0\u00a0\u00a0\u00a0\u00a0\u00a0\u00a0\u00a0\u00a0\u00a0\u00a0\u00a0 &nbsp; &nbsp; Tortuga gal\u00e1pago Las tortugas Gal\u00e1pagos, &hellip; <\/p>\n<p><a class=\"more-link btn\" href=\"https:\/\/blog.espol.edu.ec\/andresitop\/?page_id=25\">Seguir leyendo<\/a><\/p>\n","protected":false},"author":8214,"featured_media":0,"parent":0,"menu_order":0,"comment_status":"open","ping_status":"open","template":"","meta":{"footnotes":""},"class_list":["post-25","page","type-page","status-publish","hentry","nodate","item-wrap"],"_links":{"self":[{"href":"https:\/\/blog.espol.edu.ec\/andresitop\/index.php?rest_route=\/wp\/v2\/pages\/25","targetHints":{"allow":["GET"]}}],"collection":[{"href":"https:\/\/blog.espol.edu.ec\/andresitop\/index.php?rest_route=\/wp\/v2\/pages"}],"about":[{"href":"https:\/\/blog.espol.edu.ec\/andresitop\/index.php?rest_route=\/wp\/v2\/types\/page"}],"author":[{"embeddable":true,"href":"https:\/\/blog.espol.edu.ec\/andresitop\/index.php?rest_route=\/wp\/v2\/users\/8214"}],"replies":[{"embeddable":true,"href":"https:\/\/blog.espol.edu.ec\/andresitop\/index.php?rest_route=%2Fwp%2Fv2%2Fcomments&post=25"}],"version-history":[{"count":14,"href":"https:\/\/blog.espol.edu.ec\/andresitop\/index.php?rest_route=\/wp\/v2\/pages\/25\/revisions"}],"predecessor-version":[{"id":28,"href":"https:\/\/blog.espol.edu.ec\/andresitop\/index.php?rest_route=\/wp\/v2\/pages\/25\/revisions\/28"}],"wp:attachment":[{"href":"https:\/\/blog.espol.edu.ec\/andresitop\/index.php?rest_route=%2Fwp%2Fv2%2Fmedia&parent=25"}],"curies":[{"name":"wp","href":"https:\/\/api.w.org\/{rel}","templated":true}]}}