{"id":81,"date":"2012-11-07T08:00:38","date_gmt":"2012-11-07T13:00:38","guid":{"rendered":"http:\/\/blog.espol.edu.ec\/andresitop\/?page_id=81"},"modified":"2012-11-07T09:13:21","modified_gmt":"2012-11-07T14:13:21","slug":"flora-2","status":"publish","type":"page","link":"https:\/\/blog.espol.edu.ec\/andresitop\/?page_id=81","title":{"rendered":"FLORA"},"content":{"rendered":"<p align=\"center\"><strong>Plantas de Gal\u00e1pagos<\/strong><\/p>\n<p>Las Islas Gal\u00e1pagos tienen 600 especies de plantas. El archipi\u00e9lago tiene un \u00e1rea relativamente peque\u00f1a de tierra de 3.000 millas cuadradas.<\/p>\n<p><strong>PLANTAS COSTERAS DE LA ZONA<\/strong><\/p>\n<p><strong>Mangle Negro<\/strong><\/p>\n<p>Tiene <a href=\"http:\/\/blog.espol.edu.ec\/andresitop\/?attachment_id=82\" rel=\"attachment wp-att-82\"><img loading=\"lazy\" decoding=\"async\" class=\"alignleft size-full wp-image-82\" src=\"http:\/\/blog.espol.edu.ec\/andresitop\/files\/2012\/11\/flora.jpg\" alt=\"\" width=\"188\" height=\"212\" \/><\/a>las hojas tolerantes a la sal m\u00e1s alta de todos las hojas de mangles y equipado con gl\u00e1ndulas especiales que extraen sal. Los \u00e1rboles crecen a 65 pies (20 m) de la altura; las ramas de extensi\u00f3n largas son cubiertas por una corteza marrona oscura. El mangle negro tiene la sal m\u00e1s alta equipada con gl\u00e1ndulas especiales que emiten la sal.<\/p>\n<p>&nbsp;<\/p>\n<p>&nbsp;<\/p>\n<p>&nbsp;<\/p>\n<p>&nbsp;<\/p>\n<p>&nbsp;<\/p>\n<p><strong>Mangle Rojo<\/strong><\/p>\n<p>&nbsp;<\/p>\n<p>El Mangle Rojo es e<strong><a href=\"http:\/\/blog.espol.edu.ec\/andresitop\/?attachment_id=83\" rel=\"attachment wp-att-83\"><img loading=\"lazy\" decoding=\"async\" class=\"alignleft  wp-image-83\" src=\"http:\/\/blog.espol.edu.ec\/andresitop\/files\/2012\/11\/Mangle-rojo.jpg\" alt=\"\" width=\"281\" height=\"179\" \/><\/a><\/strong>l m\u00e1s com\u00fan en el Galapagos llamado as\u00ed por su madera rojiza. Esta especie es usada en el mundo entero como una fuente de carb\u00f3n de le\u00f1a y taninos para el funcionamiento de cuero. Los \u00e1rboles crecen a 72 pies (22 m) de la altura, mangles a\u00fan rojos tambi\u00e9n pueden ser vistos como peque\u00f1os arbustos.<\/p>\n<p><strong>\u00a0<\/strong><\/p>\n<p><strong>\u00a0<\/strong><\/p>\n<p>&nbsp;<\/p>\n<p>&nbsp;<\/p>\n<p><strong>Mangle de Bot\u00f3<\/strong><strong>n<\/strong><\/p>\n<p><strong>\u00a0<\/strong><\/p>\n<p>El Mangle de Bot\u00f3n o Buttonwood no son un mangle verdadero, a\u00fan este \u00e1rbol por lo general es encontrado en las elevaciones de mangle m\u00e1s altas. Ellos tienen la corteza oscura gris y el permiso que es oval, curtido y alisa verde o bruscamente puntiagudo con gl\u00e1ndulas de sal en la base.<\/p>\n<p><strong>\u00a0<\/strong><\/p>\n<p><strong>Mangle Blanco<\/strong><\/p>\n<p>El Mangle Blanc<strong><a href=\"http:\/\/blog.espol.edu.ec\/andresitop\/?attachment_id=84\" rel=\"attachment wp-att-84\"><img loading=\"lazy\" decoding=\"async\" class=\"alignleft size-full wp-image-84\" src=\"http:\/\/blog.espol.edu.ec\/andresitop\/files\/2012\/11\/Corales1.jpg\" alt=\"\" width=\"200\" height=\"171\" \/><\/a><\/strong>o se convierte en un arbusto con ra\u00edces a\u00e9reas cerca del agua. Ellos prosperan en \u00e1reas con inundaciones infrecuentes por la marea. Las hojas son lisas, oblongas y en colores verdes claras con puntas marcadas.<\/p>\n<p>&nbsp;<\/p>\n<p>&nbsp;<\/p>\n<p>&nbsp;<\/p>\n<p>&nbsp;<\/p>\n<p><strong>Gloria de Ma\u00f1ana de Playa<\/strong><\/p>\n<p>Esta vid qu<strong><a href=\"http:\/\/blog.espol.edu.ec\/andresitop\/?attachment_id=91\" rel=\"attachment wp-att-91\"><img loading=\"lazy\" decoding=\"async\" class=\"alignleft size-thumbnail wp-image-91\" src=\"http:\/\/blog.espol.edu.ec\/andresitop\/files\/2012\/11\/10901344-manana-playa-glory-ipomoea-flores-tailandia3-160x160.jpg\" alt=\"\" width=\"160\" height=\"160\" \/><\/a><\/strong>e se arrastra es com\u00fan sobre la mayor parte de las \u00e1reas de duna. Las flores de gloria en la ma\u00f1ana est\u00e1n entre las m\u00e1s grandes en Islas Gal\u00e1pagos. Esta especie es importante en dunas de arena.<\/p>\n<p>&nbsp;<\/p>\n<p>&nbsp;<\/p>\n<p>&nbsp;<\/p>\n<p>&nbsp;<\/p>\n<p>&nbsp;<\/p>\n<p><strong>SaltBush<\/strong><\/p>\n<p>El saltbush es un arbusto que se extiende, que a menudo forma matorrales densos a lo largo de los litorales perfectos para que las fragatas y pel\u00edcano aniden. Algunas gu\u00edas llamar\u00e1n Cryptocarpus, parte de su nombre latino (cient\u00edfico).<\/p>\n<p><strong>Sesuvium<\/strong><\/p>\n<p>Dependiendo la estaci\u00f3n, la vegetaci\u00f3n de tierra de sesuvium cambia su color de intenso verde en la estaci\u00f3n lluviosa a la naranja y p\u00farpura en la estaci\u00f3n seca. Las flores peque\u00f1as, en forma de estrella son bastante distintivas. Es visto cerca de la orilla de las islas, es m\u00e1s notablemente en la Isla Plaza Sur.<\/p>\n<p><strong>PLANTAS \u00c1RIDAS DE LA ZONA<\/strong><\/p>\n<p><strong>Cactus de Candelabro<\/strong><\/p>\n<p>El cactus de candelabro es bien defendido con una barrera de espinas en su tallo inferior. Las flores verdes o rojas son 1 - 2 pulgadas (2-6 cm), que abre antes del alba, se desarrolla en una fruta de los mismos colores. F\u00e1cilmente es observado sobre las rocas en la Bah\u00eda Academia, fuera de la ciudad de Puerto Ayora, en la Isla Santa Cruz.<\/p>\n<p><strong>Cactus de Lava<\/strong><\/p>\n<p>El cactus de lava es considerado la planta de colonizador \"o un pionero\". Con un tipped brillante amarillo y formas de micr\u00f3fono, las formaciones clumped. La planta tiene espinas suaves peludas y crece en grupos a una altura de aproximadamente de dos pies (60 cm). El nuevo crecimiento es amarillo, dando vuelta a marr\u00f3n, que se oscurece en color gris con la edad. El Cactu de Lava puede ser encontrado en la Isla Fernandina, Genovesa, Isabela, Pinta, Santiago y en la Isla Bartolome.<\/p>\n<p><strong>Cactus de Pera Espinoso<\/strong><\/p>\n<p style=\"text-align: center\">El Cacto de Pera Espinoso (Opuntia) es el cactus m\u00e1s com\u00fan en las islas. Con sus flores amarillas crece como un arbusto, excepto en las islas donde los herb\u00edvoros son una amenaza entonces los troncos pueden crecer a 5 pies alto. El Cactus de Pera Espinoso es la grapa de las iguanas de yierra y la dieta de las tortugas.<\/p>\n","protected":false},"excerpt":{"rendered":"<p>Plantas de Gal\u00e1pagos Las Islas Gal\u00e1pagos tienen 600 especies de plantas. El archipi\u00e9lago tiene un \u00e1rea relativamente peque\u00f1a de tierra de 3.000 millas cuadradas. PLANTAS COSTERAS DE LA ZONA Mangle Negro Tiene las hojas tolerantes a la sal m\u00e1s alta de todos las hojas de mangles y equipado con gl\u00e1ndulas especiales que extraen sal. Los &hellip; <\/p>\n<p><a class=\"more-link btn\" href=\"https:\/\/blog.espol.edu.ec\/andresitop\/?page_id=81\">Seguir leyendo<\/a><\/p>\n","protected":false},"author":8214,"featured_media":0,"parent":0,"menu_order":0,"comment_status":"open","ping_status":"open","template":"","meta":{"footnotes":""},"class_list":["post-81","page","type-page","status-publish","hentry","nodate","item-wrap"],"_links":{"self":[{"href":"https:\/\/blog.espol.edu.ec\/andresitop\/index.php?rest_route=\/wp\/v2\/pages\/81","targetHints":{"allow":["GET"]}}],"collection":[{"href":"https:\/\/blog.espol.edu.ec\/andresitop\/index.php?rest_route=\/wp\/v2\/pages"}],"about":[{"href":"https:\/\/blog.espol.edu.ec\/andresitop\/index.php?rest_route=\/wp\/v2\/types\/page"}],"author":[{"embeddable":true,"href":"https:\/\/blog.espol.edu.ec\/andresitop\/index.php?rest_route=\/wp\/v2\/users\/8214"}],"replies":[{"embeddable":true,"href":"https:\/\/blog.espol.edu.ec\/andresitop\/index.php?rest_route=%2Fwp%2Fv2%2Fcomments&post=81"}],"version-history":[{"count":7,"href":"https:\/\/blog.espol.edu.ec\/andresitop\/index.php?rest_route=\/wp\/v2\/pages\/81\/revisions"}],"predecessor-version":[{"id":99,"href":"https:\/\/blog.espol.edu.ec\/andresitop\/index.php?rest_route=\/wp\/v2\/pages\/81\/revisions\/99"}],"wp:attachment":[{"href":"https:\/\/blog.espol.edu.ec\/andresitop\/index.php?rest_route=%2Fwp%2Fv2%2Fmedia&parent=81"}],"curies":[{"name":"wp","href":"https:\/\/api.w.org\/{rel}","templated":true}]}}