{"id":30,"date":"2009-01-22T00:36:38","date_gmt":"2009-01-22T05:36:38","guid":{"rendered":"http:\/\/blog.espol.edu.ec\/andrey\/?page_id=30"},"modified":"2009-01-22T00:36:38","modified_gmt":"2009-01-22T05:36:38","slug":"estadio-monumental","status":"publish","type":"page","link":"https:\/\/blog.espol.edu.ec\/andrey\/estadio-monumental\/","title":{"rendered":"Estadio Monumental"},"content":{"rendered":"<p>Este escenario deportivo fue construido por gesti\u00f3n de varias personas, entre ellas, el ex-presidente de la instituci\u00f3n, el Ing. Isidro Romero Carbo. Debido al esfuerzo de empresarios, profesionales y dirigentes, y junto con la Compa\u00f1\u00eda General de Construcciones C. Ltda., una prestigiosa constructora, los trabajos fueron realizados en un tiempo r\u00e9cord, culmin\u00e1ndose la primera etapa entre 1986 y 1987, con una capacidad para 50.000 personas, capacidad que luego aumentar\u00eda a 75.000 espectadores aproximadamente, tras una etapa de ampliaci\u00f3n entre 1993 y 1994, dando como resultado uno de los mejores y mas imponentes estadios de Sudamerica.<\/p>\n<p>Al inicio, en los estatutos del club, el estadio fue registrado como Estadio Monumental de Barcelona, pero a\u00f1os despu\u00e9s, por decisi\u00f3n del directorio encabezado por este mismo personaje, el nombre fue cambiado a Estadio Monumental Isidro Romero Carbo.<br \/>\n<a href=\"http:\/\/hi5.enchulatupagina.com\"><img decoding=\"async\" src=\"http:\/\/i418.photobucket.com\/albums\/pp268\/eact_11\/estadio_monumental1.jpg\" border=\"0\" alt=\"\" \/><br \/>\n<\/a><\/p>\n<p>El estadio fue pre-inaugurado en 1987 con un torneo cuadrangular entre el Barcelona Sporting Club, el Club Sport Emelec, el F\u00fatbol Club Barcelona de Espa\u00f1a y el Club Atl\u00e9tico Pe\u00f1arol de Uruguay. El Barcelona vence a su similar espa\u00f1ol por 1-0 con gol de Enrique Taberna, mientras el Emelec derrota a Pe\u00f1arol, y este mismo equipo en la final se alza con la victoria. Muchas estrellas del f\u00fatbol fueron invitadas a la inauguraci\u00f3n del estadio, entre ellas Edson Arantes do Nascimento, m\u00e1s conocido como Pel\u00e9.<\/p>\n<p>En el a\u00f1o 2007, gracias a la gesti\u00f3n del Ec. Eduardo Maruri, presidente del club, junto con el departamento de mercadeo, registraron un contrato con Banco Pichincha por cuatro a\u00f1os, para que este establecimiento tenga como nombre comercial Estadio Banco Pichincha. De esta forma, el club recibir\u00eda un mill\u00f3n de d\u00f3lares por cada a\u00f1o de contrato. Adem\u00e1s, se realizan modernizaciones dentro y fuera del estadio, ya sea con ambientaci\u00f3n de camerinos, instalaci\u00f3n de c\u00e1maras de seguridad, pantallas digitales para reprisar las mejores im\u00e1genes del partido y mostrar las alineaciones de cada equipo; \u00e1reas de relajaci\u00f3n, centro m\u00e9dico equipado, entre otras cosas. Esta inversi\u00f3n, seg\u00fan un directivo del club, rondar\u00eda los cuatro millones de d\u00f3lares.<\/p>\n<p>Al momento, el estadio puede albergar a 75.000 espectadores en sus diferentes localidades, divididas en 34.000 generales, 20.000 tribunas, 10.300 palcos, 10.000 espectadores en suites y 300 localidades para la prensa.<\/p>\n","protected":false},"excerpt":{"rendered":"<p>Este escenario deportivo fue construido por gesti\u00f3n de varias personas, entre ellas, el ex-presidente de la instituci\u00f3n, el Ing. Isidro Romero Carbo. Debido al esfuerzo de empresarios, profesionales y dirigentes, y junto con la Compa\u00f1\u00eda General de Construcciones C. Ltda., una prestigiosa constructora, los trabajos fueron realizados en un tiempo r\u00e9cord, culmin\u00e1ndose la primera etapa [&hellip;]<\/p>\n","protected":false},"author":1094,"featured_media":0,"parent":0,"menu_order":0,"comment_status":"open","ping_status":"open","template":"","meta":{"footnotes":""},"class_list":["post-30","page","type-page","status-publish","hentry"],"_links":{"self":[{"href":"https:\/\/blog.espol.edu.ec\/andrey\/wp-json\/wp\/v2\/pages\/30","targetHints":{"allow":["GET"]}}],"collection":[{"href":"https:\/\/blog.espol.edu.ec\/andrey\/wp-json\/wp\/v2\/pages"}],"about":[{"href":"https:\/\/blog.espol.edu.ec\/andrey\/wp-json\/wp\/v2\/types\/page"}],"author":[{"embeddable":true,"href":"https:\/\/blog.espol.edu.ec\/andrey\/wp-json\/wp\/v2\/users\/1094"}],"replies":[{"embeddable":true,"href":"https:\/\/blog.espol.edu.ec\/andrey\/wp-json\/wp\/v2\/comments?post=30"}],"version-history":[{"count":1,"href":"https:\/\/blog.espol.edu.ec\/andrey\/wp-json\/wp\/v2\/pages\/30\/revisions"}],"predecessor-version":[{"id":31,"href":"https:\/\/blog.espol.edu.ec\/andrey\/wp-json\/wp\/v2\/pages\/30\/revisions\/31"}],"wp:attachment":[{"href":"https:\/\/blog.espol.edu.ec\/andrey\/wp-json\/wp\/v2\/media?parent=30"}],"curies":[{"name":"wp","href":"https:\/\/api.w.org\/{rel}","templated":true}]}}