{"id":50,"date":"2016-11-08T23:19:00","date_gmt":"2016-11-08T23:19:00","guid":{"rendered":"http:\/\/blog.espol.edu.ec\/angelope\/?page_id=50"},"modified":"2016-11-08T23:19:00","modified_gmt":"2016-11-08T23:19:00","slug":"clima-mantense","status":"publish","type":"page","link":"https:\/\/blog.espol.edu.ec\/angelope\/clima-mantense\/","title":{"rendered":"CLIMA MANTENSE"},"content":{"rendered":"<h3><span id=\"Clima\" class=\"mw-headline\">\u00a0<\/span><\/h3>\n<p>A diferencia del resto de la Costa ecuatoriana cuyo clima es sumamente caluroso, lluvioso y h\u00famedo por excelencia, el clima de Manta es muy diferente, ya que por su privilegiada ubicaci\u00f3n geogr\u00e1fica en el Centro - Sur del Ecuador hay factores que suavizan y modifican el clima de la ciudad y el cant\u00f3n y lo hacen mucho m\u00e1s agradable en relaci\u00f3n al resto de la Costa.<\/p>\n<p>Uno de esos factores principales es la influencia directa de la Corriente Fr\u00eda de Humboldt que hace su presencia en Manta la mayor parte del a\u00f1o, por lo que debido a la fuerte influencia de esta corriente marina, Manta se caracteriza por tener un clima subtropical a templado mar\u00edtimo y muy agradable la mayor parte del a\u00f1o, y que por acci\u00f3n de esta misma corriente la hace tambi\u00e9n un lugar sumamente seco, \u00e1rido y des\u00e9rtico, ya que del 100% Manta solo recibe un 15% de su totalidad de pluviosidad anual, estas son sumamente escasas y solo llueve entre 150 a 250 mm anuales, en relaci\u00f3n al resto de la Costa que llueve hasta 2500 mm anuales, y las primeras lluvias de consideraci\u00f3n se presentan en Manta a finales de enero y finalizan la primera semana de abril, en donde los meses m\u00e1s lluviosos son Febrero y marzo.<\/p>\n<p>Sus temperaturas, como en todas las ciudades ubicadas en la cercan\u00eda del ecuador terrestre, promedian entre los 26\u00b0C y 31\u00b0C como m\u00e1ximo y entre 15\u00b0C y 19\u00b0C como m\u00ednimo. Su precipitaci\u00f3n anual baja y su rango t\u00e9rmico delatan la fuerte influencia de la anomal\u00eda t\u00e9rmica causada por la Corriente Fr\u00eda de Humboldt proveniente de la Ant\u00e1rtida, la cual con un volumen de agua alrededor de entre 5 a 6 veces el del r\u00edo Amazonas moldea gran parte del clima de la provincia de Manab\u00ed y de la Costa del Pac\u00edfico del Ecuador, as\u00ed como de la regi\u00f3n insular de Gal\u00e1pagos.<\/p>\n<p>En la Costa ecuatoriana, y por acci\u00f3n directa de la Corriente Fr\u00eda de Humboldt solo 4 ciudades gozan de este tipo de clima subtropical y templado mar\u00edtimo: Manta, Salinas, Santa Elena y Puerto L\u00f3pez. Tal y como es el caso de la Costa ecuatoriana, aqu\u00ed tambi\u00e9n hay dos estaciones clim\u00e1ticas: Invierno y Verano.<\/p>\n<p>La \u00e9poca de transici\u00f3n clim\u00e1tica o \u201ccambio de clima\u201d de invierno a verano en Manta se presenta en la \u00faltima semana de abril, y el cambio de estaci\u00f3n de verano a invierno se presenta en la semana final de diciembre en v\u00edsperas de Navidad y A\u00f1o Nuevo, en las que la caracter\u00edstica principal de un cambio de estaci\u00f3n clim\u00e1tica en la ciudad es que sus d\u00edas y noches son totalmente despejados y el clima es sumamente variable en el d\u00eda y algo fr\u00edo y ventoso en la noche.<\/p>\n<p>No siempre el invierno o verano en Manta son iguales todos los a\u00f1os, ya que estos siempre se ver\u00e1n modificados o afectados por factores clim\u00e1ticos como: el Fen\u00f3meno El Ni\u00f1o, el Fen\u00f3meno La Ni\u00f1a o alteraciones oce\u00e1nicas de la misma Corriente de Humboldt, tal es el caso del a\u00f1o 2013 que Manta tuvo un cort\u00edsimo invierno de apenas 2 meses debido a una anomal\u00eda en la Corriente de Humboldt que enfri\u00f3 el mar hasta los 18\u00b0C y el fr\u00edo empez\u00f3 a hacer su presencia en la ciudad desde abril y finaliz\u00f3 entrando a diciembre, afectando la salud respiratoria de sus habitantes en ese a\u00f1o, ya que la temperatura minima lleg\u00f3 hasta los 15\u00b0C.<\/p>\n<p>Otro factor que tambi\u00e9n favorece al clima de Manta es la orograf\u00eda irregular en donde se asienta la ciudad, ya que Manta no est\u00e1 ubicada en un suelo plano y a nivel del mar como err\u00f3neamente se cree y se difunde en muchas p\u00e1ginas de internet y en ciertos servicios tur\u00edsticos, al contrario, la ciudad est\u00e1 asentada en una especie de altiplanicie cuya altura oscila entre los 12 y 120 m.s.n.m., en donde la zona m\u00e1s alta es la parte sur de la ciudad con una altura entre los 60 y 120 m.s.n.m., en segundo lugar la mayor parte de la ciudad se sit\u00faa entre los 25 a 60 m.s.n.m., y en tercer lugar el perfil costanero con una altura de entre 7 y 15 m.s.n.m.<\/p>\n<p>La proximidad al Bosque H\u00famedo de Pacoche, ubicado a 25 Km desde la ciudad y a una altura de 400 m.s.n.m., tambi\u00e9n influye en el clima de Manta.<\/p>\n","protected":false},"excerpt":{"rendered":"<p>\u00a0 A diferencia del resto de la Costa ecuatoriana cuyo clima es sumamente caluroso, lluvioso y h\u00famedo por excelencia, el clima de Manta es muy diferente, ya que por su privilegiada ubicaci\u00f3n geogr\u00e1fica en el Centro - Sur del Ecuador hay factores que suavizan y modifican el clima de la ciudad y el cant\u00f3n y [&hellip;]<\/p>\n","protected":false},"author":10651,"featured_media":0,"parent":0,"menu_order":0,"comment_status":"closed","ping_status":"closed","template":"","meta":{"footnotes":""},"class_list":["post-50","page","type-page","status-publish","hentry"],"_links":{"self":[{"href":"https:\/\/blog.espol.edu.ec\/angelope\/wp-json\/wp\/v2\/pages\/50","targetHints":{"allow":["GET"]}}],"collection":[{"href":"https:\/\/blog.espol.edu.ec\/angelope\/wp-json\/wp\/v2\/pages"}],"about":[{"href":"https:\/\/blog.espol.edu.ec\/angelope\/wp-json\/wp\/v2\/types\/page"}],"author":[{"embeddable":true,"href":"https:\/\/blog.espol.edu.ec\/angelope\/wp-json\/wp\/v2\/users\/10651"}],"replies":[{"embeddable":true,"href":"https:\/\/blog.espol.edu.ec\/angelope\/wp-json\/wp\/v2\/comments?post=50"}],"version-history":[{"count":1,"href":"https:\/\/blog.espol.edu.ec\/angelope\/wp-json\/wp\/v2\/pages\/50\/revisions"}],"predecessor-version":[{"id":51,"href":"https:\/\/blog.espol.edu.ec\/angelope\/wp-json\/wp\/v2\/pages\/50\/revisions\/51"}],"wp:attachment":[{"href":"https:\/\/blog.espol.edu.ec\/angelope\/wp-json\/wp\/v2\/media?parent=50"}],"curies":[{"name":"wp","href":"https:\/\/api.w.org\/{rel}","templated":true}]}}