{"id":78,"date":"2014-06-11T18:24:14","date_gmt":"2014-06-11T18:24:14","guid":{"rendered":"http:\/\/blog.espol.edu.ec\/angmamer\/?page_id=78"},"modified":"2014-06-11T18:24:14","modified_gmt":"2014-06-11T18:24:14","slug":"types-of-graffitis","status":"publish","type":"page","link":"https:\/\/blog.espol.edu.ec\/angmamer\/types-of-graffitis\/","title":{"rendered":"Types Of Graffitis"},"content":{"rendered":"<p class=\"textogeneral\" align=\"justify\">BOICOT<\/p>\n<p class=\"textogeneral\" align=\"justify\"><a href=\"http:\/\/blog.espol.edu.ec\/angmamer\/files\/2014\/06\/opinion_788b.jpg\"><img loading=\"lazy\" decoding=\"async\" class=\" wp-image-80 aligncenter\" src=\"http:\/\/blog.espol.edu.ec\/angmamer\/files\/2014\/06\/opinion_788b-300x175.jpg\" alt=\"opinion_788b\" width=\"446\" height=\"260\" srcset=\"https:\/\/blog.espol.edu.ec\/angmamer\/files\/2014\/06\/opinion_788b-300x175.jpg 300w, https:\/\/blog.espol.edu.ec\/angmamer\/files\/2014\/06\/opinion_788b.jpg 558w\" sizes=\"auto, (max-width: 446px) 100vw, 446px\" \/><\/a><\/p>\n<p class=\"textogeneral\" align=\"justify\">\n<p class=\"textogeneral\" align=\"justify\"><span style=\"font-family: Verdana, Arial, Helvetica, sans-serif;font-size: small\">Esta \u00e9poca de esplendor no durar\u00e1 eternamente. En los primeros a\u00f1os de los ochenta, la <strong>MTA<\/strong> (Metropolitan Transit Authority) de Nueva York, comienza su encarnizada lucha contra el graffiti. Se denomina a los escritores como <em><strong>buffs<\/strong><\/em> (entusiastas) y se comienzan a tomar medidas tales como instalar nuevas vallas m\u00e1s sofisticadas en las cocheras de los vagones de metro, recubrir los vagones con pintura resistente, aumento de la vigilancia... Esto empieza a hacer flojear el graffiti de alg\u00fan modo. Algunos escritores buscar\u00e1n artima\u00f1as para seguir adelante en esta particular lucha. Otros buscar\u00e1n otras alternativas, una de ellas es la de cruzar el Atl\u00e1ntico rumbo a Europa, dando a conocer esta subcultura en el viejo continente (este hecho es uno de los componentes de la posterior difusi\u00f3n de esta cultura en nuestro continente, aparte de otras, especialmente las favorecidas por los medios de comunicaci\u00f3n). Aparte de la particular guerra con la MTA, aparece un nuevo personaje en el bando de los malos ejerciendo el papel de villano y contribuir\u00e1 tambi\u00e9n al declibe de writting. Hablamos del <em><strong>crack<\/strong><\/em> que se adue\u00f1a de la Gran Manzana y por si fuera poco esta droga letal no viene sola, sino que trae consigo todo lo que rodea a un mercado negro: Violencia y dinero.<\/span><\/p>\n<p class=\"textogeneral\" align=\"justify\"><span style=\"font-family: Verdana, Arial, Helvetica, sans-serif;font-size: small\">Es una \u00e9poca en la que un arma de fuego es algo al alcance de cualquiera, y esto, de alg\u00fan modo, cambia la mentalidad y el esp\u00edritu de muchos. Pero esto no es todo, se empiezan a promulgar leyes restringiendo la venta de pintura a los j\u00f3venes, se obliga a los vendedores a guardar la pintura bajo llave y se endurecen las penas contra los escritores de graffiti.La gota que colma el vaso es sin duda el hecho m\u00e1s perjudicial. No basta con tener a las autoridades en contra sino que la propia sociedad e incluso los medios de comunicaci\u00f3n (a trav\u00e9s en muchos casos de campa\u00f1as pol\u00edticas) empiezan a volverse contra ellos. Surgen brigadas e incluso asociaciones de vecinos antigraffiti que promueven campa\u00f1as, carteles... Surgen anuncios en televisi\u00f3n y en la prensa intentando concienciar del mal que las pintadas producen en la sociedad. Todo esto hace a los escritores mucho m\u00e1s territoriales y agresivos. Este aparente declive no es otra cosa que una etapa de respiro de la inminente llegada de que se nos viene encima: un segundo <em><strong>boom.<\/strong><\/em><\/span><\/p>\n<p>HIP HOP<\/p>\n<p><span style=\"font-family: Verdana, Arial, Helvetica, sans-serif;font-size: small\">A mitad de esta d\u00e9cada de los ochenta nos encontramos ante un periodo que podr\u00edamos denominar como una fase de supervivencia. Cuando todo parece ya perdido con la MTA como due\u00f1a y se\u00f1ora de la situaci\u00f3n y la Transit Police en plenitud de fuerzas, cuando los tags, throw ups y dem\u00e1s elementos empiezan a escasear de manera alarmante o bien est\u00e1n tan escondidos que nadie los ve, aparece el nuevo h\u00e9roe de la pel\u00edcula que rescatar\u00e1 al graffiti de esta oscura fosa. La explosi\u00f3n a mediados de los ochenta del movimiento <em><strong>Hip-Hop<\/strong><\/em> reaviva la llama de la neoyorkina cultura del writing. Esto anima de nuevo a los adolescentes. Todos quieren ser <em><strong>b-boys<\/strong><\/em> (seguidores del hip hop). Los writers acompa\u00f1ados ahora por los <em><strong>breakers<\/strong><\/em> (bailarines de breakdance) y los <em><strong>Mc\u2019s<\/strong><\/em> (cantantes de rap), est\u00e1n otra vez en el disparadero. Desde la Costa Oeste (California) llegan las noticias de la relativa facilidad para pintar trenes de mercanc\u00edas, lo que animar\u00e1 a muchos escritores a coger sus <em>latas<\/em> (aunque muchos puristas neoyorkinos ver\u00e1n mal el graffiti en los mercanc\u00edas).<\/span><\/p>\n<p>&nbsp;<\/p>\n<p><a href=\"http:\/\/blog.espol.edu.ec\/angmamer\/files\/2014\/06\/Hip-hop.jpg\"><img loading=\"lazy\" decoding=\"async\" class=\" wp-image-79 aligncenter\" src=\"http:\/\/blog.espol.edu.ec\/angmamer\/files\/2014\/06\/Hip-hop.jpg\" alt=\"Hip hop\" width=\"373\" height=\"261\" \/><\/a><\/p>\n<p><span style=\"font-family: Verdana, Arial, Helvetica, sans-serif;font-size: small\"><br \/>\nTambi\u00e9n fomenta la resurrecci\u00f3n del writing de forma inconsciente el acto de que la MTA empiece a retirar vagones averiados <em><strong>(trash trains)<\/strong><\/em> a cocheras para chatarra en Brooklyn, lo que hace que los apasionados del metro vuelvan a la carga impulsados por la esperanza de revivir los viejos y mejores tiempos, o por el simple hecho de tener una foto con su pieza en un vag\u00f3n de metro neoyorkino. Sea como sea el writing resurge de entre sus cenizas, aunque los viejos tiempos nunca volver\u00e1n.<\/span><\/p>\n<p>&nbsp;<\/p>\n<p>&nbsp;<\/p>\n<p>&nbsp;<\/p>\n","protected":false},"excerpt":{"rendered":"<p>BOICOT Esta \u00e9poca de esplendor no durar\u00e1 eternamente. En los primeros a\u00f1os de los ochenta, la MTA (Metropolitan Transit Authority) de Nueva York, comienza su encarnizada lucha contra el graffiti. Se denomina a los escritores como buffs (entusiastas) y se comienzan a tomar medidas tales como instalar nuevas vallas m\u00e1s sofisticadas en las cocheras de [&hellip;]<\/p>\n","protected":false},"author":9149,"featured_media":0,"parent":0,"menu_order":0,"comment_status":"open","ping_status":"open","template":"","meta":{"footnotes":""},"class_list":["post-78","page","type-page","status-publish","hentry"],"_links":{"self":[{"href":"https:\/\/blog.espol.edu.ec\/angmamer\/wp-json\/wp\/v2\/pages\/78","targetHints":{"allow":["GET"]}}],"collection":[{"href":"https:\/\/blog.espol.edu.ec\/angmamer\/wp-json\/wp\/v2\/pages"}],"about":[{"href":"https:\/\/blog.espol.edu.ec\/angmamer\/wp-json\/wp\/v2\/types\/page"}],"author":[{"embeddable":true,"href":"https:\/\/blog.espol.edu.ec\/angmamer\/wp-json\/wp\/v2\/users\/9149"}],"replies":[{"embeddable":true,"href":"https:\/\/blog.espol.edu.ec\/angmamer\/wp-json\/wp\/v2\/comments?post=78"}],"version-history":[{"count":1,"href":"https:\/\/blog.espol.edu.ec\/angmamer\/wp-json\/wp\/v2\/pages\/78\/revisions"}],"predecessor-version":[{"id":81,"href":"https:\/\/blog.espol.edu.ec\/angmamer\/wp-json\/wp\/v2\/pages\/78\/revisions\/81"}],"wp:attachment":[{"href":"https:\/\/blog.espol.edu.ec\/angmamer\/wp-json\/wp\/v2\/media?parent=78"}],"curies":[{"name":"wp","href":"https:\/\/api.w.org\/{rel}","templated":true}]}}