{"id":2,"date":"2013-11-05T11:30:03","date_gmt":"2013-11-05T11:30:03","guid":{"rendered":"http:\/\/blog.espol.edu.ec\/anita22angueta\/?page_id=2"},"modified":"2013-11-21T00:15:40","modified_gmt":"2013-11-21T00:15:40","slug":"pagina-ejemplo","status":"publish","type":"page","link":"https:\/\/blog.espol.edu.ec\/anita22angueta\/pagina-ejemplo\/","title":{"rendered":"Introducci\u00f3n"},"content":{"rendered":"<p><iframe loading=\"lazy\" src=\"\/\/www.youtube.com\/embed\/wLhgHHdmvG8?rel=0\" height=\"360\" width=\"480\" allowfullscreen=\"\" frameborder=\"0\"><\/iframe><\/p>\n<p>&nbsp;<\/p>\n<p>Les doy la m\u00e1s cordial bienvenida a mi blog, donde podr\u00e1n encontrar informaci\u00f3n, datos y novedades sobre nataci\u00f3n y obras literarias, siendo estas actividades de mi vida diaria, las cuales quiero compartir con todos ustedes.<\/p>\n<p>Bienvenidos!<\/p>\n","protected":false},"excerpt":{"rendered":"<p>&nbsp; Les doy la m\u00e1s cordial bienvenida a mi blog, donde podr\u00e1n encontrar informaci\u00f3n, datos y novedades sobre nataci\u00f3n y obras literarias, siendo estas actividades de mi vida diaria, las cuales quiero compartir con todos ustedes. Bienvenidos!<\/p>\n","protected":false},"author":8856,"featured_media":0,"parent":0,"menu_order":0,"comment_status":"open","ping_status":"open","template":"","meta":{"footnotes":""},"class_list":["post-2","page","type-page","status-publish","hentry","nodate","item-wrap"],"_links":{"self":[{"href":"https:\/\/blog.espol.edu.ec\/anita22angueta\/wp-json\/wp\/v2\/pages\/2","targetHints":{"allow":["GET"]}}],"collection":[{"href":"https:\/\/blog.espol.edu.ec\/anita22angueta\/wp-json\/wp\/v2\/pages"}],"about":[{"href":"https:\/\/blog.espol.edu.ec\/anita22angueta\/wp-json\/wp\/v2\/types\/page"}],"author":[{"embeddable":true,"href":"https:\/\/blog.espol.edu.ec\/anita22angueta\/wp-json\/wp\/v2\/users\/8856"}],"replies":[{"embeddable":true,"href":"https:\/\/blog.espol.edu.ec\/anita22angueta\/wp-json\/wp\/v2\/comments?post=2"}],"version-history":[{"count":6,"href":"https:\/\/blog.espol.edu.ec\/anita22angueta\/wp-json\/wp\/v2\/pages\/2\/revisions"}],"predecessor-version":[{"id":61,"href":"https:\/\/blog.espol.edu.ec\/anita22angueta\/wp-json\/wp\/v2\/pages\/2\/revisions\/61"}],"wp:attachment":[{"href":"https:\/\/blog.espol.edu.ec\/anita22angueta\/wp-json\/wp\/v2\/media?parent=2"}],"curies":[{"name":"wp","href":"https:\/\/api.w.org\/{rel}","templated":true}]}}