{"id":222,"date":"2013-11-24T14:46:16","date_gmt":"2013-11-24T19:46:16","guid":{"rendered":"http:\/\/blog.espol.edu.ec\/anjumera95\/?page_id=222"},"modified":"2016-07-24T15:55:27","modified_gmt":"2016-07-24T20:55:27","slug":"top-10-gama-media-2013","status":"publish","type":"page","link":"https:\/\/blog.espol.edu.ec\/anjumera95\/top-10-gama-media-2013\/","title":{"rendered":"Top 10 Gama media 2013"},"content":{"rendered":"<p>&nbsp;<\/p>\n<p>1. Samsung Galaxy S4 mini<\/p>\n<ul>\n<li>Pantalla Super AMOLED qHD 4.3 pulgadas<\/li>\n<li>C\u00e1mara de 8 MP, flash LED, video Full HD 1080 P<\/li>\n<li>C\u00e1mara frontal de 1.9 MP<\/li>\n<li>8 GB memoria interna, slot microSD hasta 64 GB<\/li>\n<li>Procesador DualCore a 1.7 GHz<\/li>\n<li>1.5 GB RAM<\/li>\n<li>Bater\u00eda de 1900 mAh<\/li>\n<\/ul>\n<p><a href=\"http:\/\/blog.espol.edu.ec\/anjumera95\/files\/2014\/06\/S4_mini_white_comp.png\"><img loading=\"lazy\" decoding=\"async\" class=\"alignnone wp-image-153\" src=\"http:\/\/blog.espol.edu.ec\/anjumera95\/files\/2014\/06\/S4_mini_white_comp-271x300.png\" alt=\"S4_mini_white_comp\" width=\"240\" height=\"266\" srcset=\"https:\/\/blog.espol.edu.ec\/anjumera95\/files\/2014\/06\/S4_mini_white_comp-271x300.png 271w, https:\/\/blog.espol.edu.ec\/anjumera95\/files\/2014\/06\/S4_mini_white_comp.png 380w\" sizes=\"auto, (max-width: 240px) 100vw, 240px\" \/><\/a><\/p>\n<p>&nbsp;<\/p>\n<p>2. Motorola Moto G<\/p>\n<ul>\n<li>Pantalla LCD TFT HD 4.5 pulgadas<\/li>\n<li>C\u00e1mara de 5 MP, flash LED, video HD 720 P<\/li>\n<li>C\u00e1mara frontal de 1.3 MP<\/li>\n<li>8\/16 GB memoria NO EXPANDIBLE<\/li>\n<li>Procesador QuadCore a 1.2 GHz<\/li>\n<li>1 GB RAM<\/li>\n<li>Bater\u00eda de 2070 mAh<\/li>\n<\/ul>\n<p><a href=\"http:\/\/blog.espol.edu.ec\/anjumera95\/files\/2015\/10\/motorola-moto-G.jpg\"><img loading=\"lazy\" decoding=\"async\" class=\"alignnone size-medium wp-image-209\" src=\"http:\/\/blog.espol.edu.ec\/anjumera95\/files\/2015\/10\/motorola-moto-G-300x186.jpg\" alt=\"motorola moto G\" width=\"300\" height=\"186\" srcset=\"https:\/\/blog.espol.edu.ec\/anjumera95\/files\/2015\/10\/motorola-moto-G-300x186.jpg 300w, https:\/\/blog.espol.edu.ec\/anjumera95\/files\/2015\/10\/motorola-moto-G.jpg 970w\" sizes=\"auto, (max-width: 300px) 100vw, 300px\" \/><\/a><\/p>\n<p>&nbsp;<\/p>\n<p>3. Sony Xperia SP<\/p>\n<ul>\n<li>Pantalla TFT HD 4.6 pulgadas<\/li>\n<li>Chasis de aluminio, cinta transparente iluminada<\/li>\n<li>C\u00e1mara de 8 MP, flash LED, video Full HD 1080 P<\/li>\n<li>C\u00e1mara frontal VGA<\/li>\n<li>8 GB memoria, slot microSD hasta 32 GB<\/li>\n<li>Procesador DualCore a 1.7 GHz<\/li>\n<li>1 GB RAM<\/li>\n<li>Bater\u00eda de 2370 mAh<\/li>\n<\/ul>\n<p><a href=\"http:\/\/blog.espol.edu.ec\/anjumera95\/files\/2014\/06\/Xperia-SP-white-1240x840-2be5c46766b59ec1aa8f939e30123d5d.jpg\"><img loading=\"lazy\" decoding=\"async\" class=\"alignnone size-medium wp-image-154\" src=\"http:\/\/blog.espol.edu.ec\/anjumera95\/files\/2014\/06\/Xperia-SP-white-1240x840-2be5c46766b59ec1aa8f939e30123d5d-300x203.jpg\" alt=\"Xperia-SP-white-1240x840-2be5c46766b59ec1aa8f939e30123d5d\" width=\"300\" height=\"203\" srcset=\"https:\/\/blog.espol.edu.ec\/anjumera95\/files\/2014\/06\/Xperia-SP-white-1240x840-2be5c46766b59ec1aa8f939e30123d5d-300x203.jpg 300w, https:\/\/blog.espol.edu.ec\/anjumera95\/files\/2014\/06\/Xperia-SP-white-1240x840-2be5c46766b59ec1aa8f939e30123d5d-1024x693.jpg 1024w, https:\/\/blog.espol.edu.ec\/anjumera95\/files\/2014\/06\/Xperia-SP-white-1240x840-2be5c46766b59ec1aa8f939e30123d5d.jpg 1240w\" sizes=\"auto, (max-width: 300px) 100vw, 300px\" \/><\/a><\/p>\n<p>&nbsp;<\/p>\n<p>4. HTC One mini<\/p>\n<ul>\n<li>Pantalla\u00a0Super LCD2 HD 4.3 pulgadas<\/li>\n<li>Fabricado de aluminio, parlantes stereo<\/li>\n<li>C\u00e1mara Ultrapixel de 4 MP, flash LED, video Full HD 1080 P<\/li>\n<li>C\u00e1mara frontal de 1.6 MP 720 P<\/li>\n<li>16 GB memoria NO EXPANDIBLE<\/li>\n<li>Procesador DualCore a 1.4 GHz<\/li>\n<li>1 GB RAM<\/li>\n<li>Bater\u00eda de 1800 mAH<\/li>\n<\/ul>\n<p><a href=\"http:\/\/blog.espol.edu.ec\/anjumera95\/files\/2015\/10\/htc-one-mini-silver.png\"><img loading=\"lazy\" decoding=\"async\" class=\"alignnone size-medium wp-image-223\" src=\"http:\/\/blog.espol.edu.ec\/anjumera95\/files\/2015\/10\/htc-one-mini-silver-300x213.png\" alt=\"htc-one-mini-silver\" width=\"300\" height=\"213\" srcset=\"https:\/\/blog.espol.edu.ec\/anjumera95\/files\/2015\/10\/htc-one-mini-silver-300x213.png 300w, https:\/\/blog.espol.edu.ec\/anjumera95\/files\/2015\/10\/htc-one-mini-silver.png 540w\" sizes=\"auto, (max-width: 300px) 100vw, 300px\" \/><\/a><\/p>\n<p>&nbsp;<\/p>\n<p>5. LG Optimus L9 ll<\/p>\n<ul>\n<li>Pantalla LCD IPS HD 4.7 pulgadas<\/li>\n<li>C\u00e1mara de 8 MP, flash LED, video HD 720 P<\/li>\n<li>C\u00e1mara frontal VGA<\/li>\n<li>8 GB memoria, slot microSD hasta 32 GB<\/li>\n<li>Procesador DualCore a 1.4 GHz<\/li>\n<li>1 GB RAM<\/li>\n<li>Bater\u00eda de 2460 mAh<\/li>\n<\/ul>\n<p><a href=\"http:\/\/blog.espol.edu.ec\/anjumera95\/files\/2015\/10\/LG-Optimus-L9-II.jpg\"><img loading=\"lazy\" decoding=\"async\" class=\"alignnone wp-image-224\" src=\"http:\/\/blog.espol.edu.ec\/anjumera95\/files\/2015\/10\/LG-Optimus-L9-II-300x281.jpg\" alt=\"LG-Optimus-L9-II\" width=\"240\" height=\"225\" srcset=\"https:\/\/blog.espol.edu.ec\/anjumera95\/files\/2015\/10\/LG-Optimus-L9-II-300x281.jpg 300w, https:\/\/blog.espol.edu.ec\/anjumera95\/files\/2015\/10\/LG-Optimus-L9-II.jpg 558w\" sizes=\"auto, (max-width: 240px) 100vw, 240px\" \/><\/a><\/p>\n<p>&nbsp;<\/p>\n<p>6. Sony Xperia L<\/p>\n<ul>\n<li>Pantalla TFT 4.3 pulgadas<\/li>\n<li>C\u00e1mara de 8 MP, flash LED, video HD 720 P<\/li>\n<li>C\u00e1mara frontal VGA<\/li>\n<li>8 GB memoria, slot microSD hasta 32 GB<\/li>\n<li>Procesador DualCore a 1 GHz<\/li>\n<li>1 GB RAM<\/li>\n<li>Bater\u00eda de 1750 mAh<\/li>\n<\/ul>\n<p><a href=\"http:\/\/blog.espol.edu.ec\/anjumera95\/files\/2014\/06\/Xperia-L-black-1240x840-1fb46e1807e501498b48de744f4a5e39.jpg\"><img loading=\"lazy\" decoding=\"async\" class=\"alignnone size-medium wp-image-151\" src=\"http:\/\/blog.espol.edu.ec\/anjumera95\/files\/2014\/06\/Xperia-L-black-1240x840-1fb46e1807e501498b48de744f4a5e39-300x203.jpg\" alt=\"Xperia-L-black-1240x840-1fb46e1807e501498b48de744f4a5e39\" width=\"300\" height=\"203\" srcset=\"https:\/\/blog.espol.edu.ec\/anjumera95\/files\/2014\/06\/Xperia-L-black-1240x840-1fb46e1807e501498b48de744f4a5e39-300x203.jpg 300w, https:\/\/blog.espol.edu.ec\/anjumera95\/files\/2014\/06\/Xperia-L-black-1240x840-1fb46e1807e501498b48de744f4a5e39-1024x693.jpg 1024w, https:\/\/blog.espol.edu.ec\/anjumera95\/files\/2014\/06\/Xperia-L-black-1240x840-1fb46e1807e501498b48de744f4a5e39.jpg 1240w\" sizes=\"auto, (max-width: 300px) 100vw, 300px\" \/><\/a><\/p>\n<p>&nbsp;<\/p>\n<p>7. Motorola RAZR D3<\/p>\n<ul>\n<li>Pantalla TFT 4 pulgadas<\/li>\n<li>C\u00e1mara de 8 MP, flash LED, video HD 720 P<\/li>\n<li>C\u00e1mara frontal 1.2 MP<\/li>\n<li>4 GB memoria, slot microSD hasta 32 GB<\/li>\n<li>Procesador DualCore a 1.2 GHz<\/li>\n<li>1 GB RAM<\/li>\n<li>Bater\u00eda de 2000 mAh<\/li>\n<\/ul>\n<p><a href=\"http:\/\/blog.espol.edu.ec\/anjumera95\/files\/2015\/10\/motorola_razr_d3.jpg\"><img loading=\"lazy\" decoding=\"async\" class=\"alignnone wp-image-225\" src=\"http:\/\/blog.espol.edu.ec\/anjumera95\/files\/2015\/10\/motorola_razr_d3-300x300.jpg\" alt=\"motorola_razr_d3\" width=\"240\" height=\"240\" srcset=\"https:\/\/blog.espol.edu.ec\/anjumera95\/files\/2015\/10\/motorola_razr_d3-300x300.jpg 300w, https:\/\/blog.espol.edu.ec\/anjumera95\/files\/2015\/10\/motorola_razr_d3-150x150.jpg 150w, https:\/\/blog.espol.edu.ec\/anjumera95\/files\/2015\/10\/motorola_razr_d3.jpg 1000w\" sizes=\"auto, (max-width: 240px) 100vw, 240px\" \/><\/a><\/p>\n<p>&nbsp;<\/p>\n<p>8. Sony Xperia M<\/p>\n<ul>\n<li>Pantalla TFT 4 pulgadas<\/li>\n<li>C\u00e1mara de 5 MP, flash LED, video HD 720 P<\/li>\n<li>C\u00e1mara frontal VGA<\/li>\n<li>4 GB memoria, slot microSD hasta 32 GB<\/li>\n<li>Procesaro DualCore a 1 GHz<\/li>\n<li>1 GB RAM<\/li>\n<li>Bater\u00eda de 1750 mAh<\/li>\n<\/ul>\n<p><a href=\"http:\/\/blog.espol.edu.ec\/anjumera95\/files\/2015\/10\/Sony_C1905_Xperia_M.jpg\"><img loading=\"lazy\" decoding=\"async\" class=\"alignnone wp-image-226\" src=\"http:\/\/blog.espol.edu.ec\/anjumera95\/files\/2015\/10\/Sony_C1905_Xperia_M-300x300.jpg\" alt=\"Sony_C1905_Xperia_M\" width=\"240\" height=\"240\" srcset=\"https:\/\/blog.espol.edu.ec\/anjumera95\/files\/2015\/10\/Sony_C1905_Xperia_M-300x300.jpg 300w, https:\/\/blog.espol.edu.ec\/anjumera95\/files\/2015\/10\/Sony_C1905_Xperia_M-150x150.jpg 150w, https:\/\/blog.espol.edu.ec\/anjumera95\/files\/2015\/10\/Sony_C1905_Xperia_M.jpg 600w\" sizes=\"auto, (max-width: 240px) 100vw, 240px\" \/><\/a><\/p>\n<p>&nbsp;<\/p>\n<p>9. Samsung Galaxy Ace 3<\/p>\n<ul>\n<li>Pantalla LCD TFT 4 pulgadas<\/li>\n<li>C\u00e1mara de 5 MP, flash LED, video HD 720 P<\/li>\n<li>C\u00e1mara frontal VGA<\/li>\n<li>4 GB memoria, slot microSD hasta 64 GB<\/li>\n<li>Procesador DualCore a 1 GHz<\/li>\n<li>1 GB RAM<\/li>\n<li>Bater\u00eda de 1500 mAh<\/li>\n<\/ul>\n<p><a href=\"http:\/\/blog.espol.edu.ec\/anjumera95\/files\/2015\/10\/samsung_galaxy_ace_3.jpg\"><img loading=\"lazy\" decoding=\"async\" class=\"alignnone size-medium wp-image-227\" src=\"http:\/\/blog.espol.edu.ec\/anjumera95\/files\/2015\/10\/samsung_galaxy_ace_3-300x200.jpg\" alt=\"samsung_galaxy_ace_3\" width=\"300\" height=\"200\" srcset=\"https:\/\/blog.espol.edu.ec\/anjumera95\/files\/2015\/10\/samsung_galaxy_ace_3-300x200.jpg 300w, https:\/\/blog.espol.edu.ec\/anjumera95\/files\/2015\/10\/samsung_galaxy_ace_3-1024x682.jpg 1024w, https:\/\/blog.espol.edu.ec\/anjumera95\/files\/2015\/10\/samsung_galaxy_ace_3.jpg 1240w\" sizes=\"auto, (max-width: 300px) 100vw, 300px\" \/><\/a><\/p>\n<p>&nbsp;<\/p>\n<p>10. LG Optimus L7 ll<\/p>\n<ul>\n<li>Pantalla LCD IPS 4.3 pulgadas<\/li>\n<li>C\u00e1mara de 8 MP, flash LED, video HD 720 P<\/li>\n<li>C\u00e1mara frontal VGA<\/li>\n<li>4 GB memoria, slot microSD hasta 32 GB<\/li>\n<li>Procesador DualCore a 1 GHz<\/li>\n<li>768 MB RAM<\/li>\n<li>Bater\u00eda de 2460 mAh<\/li>\n<\/ul>\n<p><a href=\"http:\/\/blog.espol.edu.ec\/anjumera95\/files\/2015\/10\/LG-optimus-L7.jpg\"><img loading=\"lazy\" decoding=\"async\" class=\"alignnone wp-image-228\" src=\"http:\/\/blog.espol.edu.ec\/anjumera95\/files\/2015\/10\/LG-optimus-L7-300x288.jpg\" alt=\"LG-optimus-L7\" width=\"240\" height=\"230\" srcset=\"https:\/\/blog.espol.edu.ec\/anjumera95\/files\/2015\/10\/LG-optimus-L7-300x288.jpg 300w, https:\/\/blog.espol.edu.ec\/anjumera95\/files\/2015\/10\/LG-optimus-L7.jpg 476w\" sizes=\"auto, (max-width: 240px) 100vw, 240px\" \/><\/a><\/p>\n","protected":false},"excerpt":{"rendered":"<p>&nbsp; 1. Samsung Galaxy S4 mini Pantalla Super AMOLED qHD 4.3 pulgadas C\u00e1mara de 8 MP, flash LED, video Full HD 1080 P C\u00e1mara frontal de 1.9 MP 8 GB memoria interna, slot microSD hasta 64 GB Procesador DualCore a 1.7 GHz 1.5 GB RAM Bater\u00eda de 1900 mAh &nbsp; 2. Motorola Moto G Pantalla [&hellip;]<\/p>\n","protected":false},"author":9068,"featured_media":0,"parent":0,"menu_order":0,"comment_status":"closed","ping_status":"closed","template":"","meta":{"footnotes":""},"class_list":["post-222","page","type-page","status-publish","hentry"],"_links":{"self":[{"href":"https:\/\/blog.espol.edu.ec\/anjumera95\/wp-json\/wp\/v2\/pages\/222","targetHints":{"allow":["GET"]}}],"collection":[{"href":"https:\/\/blog.espol.edu.ec\/anjumera95\/wp-json\/wp\/v2\/pages"}],"about":[{"href":"https:\/\/blog.espol.edu.ec\/anjumera95\/wp-json\/wp\/v2\/types\/page"}],"author":[{"embeddable":true,"href":"https:\/\/blog.espol.edu.ec\/anjumera95\/wp-json\/wp\/v2\/users\/9068"}],"replies":[{"embeddable":true,"href":"https:\/\/blog.espol.edu.ec\/anjumera95\/wp-json\/wp\/v2\/comments?post=222"}],"version-history":[{"count":4,"href":"https:\/\/blog.espol.edu.ec\/anjumera95\/wp-json\/wp\/v2\/pages\/222\/revisions"}],"predecessor-version":[{"id":277,"href":"https:\/\/blog.espol.edu.ec\/anjumera95\/wp-json\/wp\/v2\/pages\/222\/revisions\/277"}],"wp:attachment":[{"href":"https:\/\/blog.espol.edu.ec\/anjumera95\/wp-json\/wp\/v2\/media?parent=222"}],"curies":[{"name":"wp","href":"https:\/\/api.w.org\/{rel}","templated":true}]}}