{"id":132,"date":"2015-05-31T03:36:21","date_gmt":"2015-05-31T03:36:21","guid":{"rendered":"http:\/\/blog.espol.edu.ec\/anmolina\/?page_id=132"},"modified":"2015-05-31T03:47:30","modified_gmt":"2015-05-31T03:47:30","slug":"infaltable-en-un-viaje","status":"publish","type":"page","link":"https:\/\/blog.espol.edu.ec\/anmolina\/infaltable-en-un-viaje\/","title":{"rendered":"Infaltable en un viaje"},"content":{"rendered":"<h1 class=\"entry-title\" style=\"text-align: center\">\u00bfQu\u00e9 cosas no te pueden faltar en tu viaje?<\/h1>\n<p><strong>Viajar<\/strong> es un momento en el cual s\u00f3lo te debes preocupar en disfrutar, pero hay casos en los cuales esto pasa a estar en un segundo plano a causa de ciertos detalles que te olvidaste de empacar. Por este motivo, te dallaremos a continuaci\u00f3n las cosas que los <strong>turistas<\/strong> suelen olvidarse y que no deber\u00edan.<br \/>\n<a href=\"http:\/\/estoyactual.com\/wp-content\/uploads\/2015\/04\/223.jpg\"><img loading=\"lazy\" decoding=\"async\" class=\"aligncenter wp-image-598 size-content\" src=\"http:\/\/estoyactual.com\/wp-content\/uploads\/2015\/04\/223-611x264.jpg\" alt=\"2\" width=\"611\" height=\"264\" \/><\/a><\/p>\n<p>&nbsp;<\/p>\n<p>\u2013 Adaptador de enchufe: Esto es algo tan com\u00fan como necesario, en especial si <strong>viajas<\/strong> al exterior. \u00a0Aunque no lo creas, los hoteles no disponen de los mismos para poder brind\u00e1rselo al turista. Piensa, si no tienes adaptador, no podr\u00e1n recargar ni tu celular, ni tu notebook, ni tu tablet y tampoco podr\u00e1s conectar el alisador de pelo ( en el caso de las mujeres que suele ser algo fundamental). Por este motivo, debe ser una de las primeras cosas que guardes en tu<strong>valija<\/strong>.<br \/>\n<a href=\"http:\/\/estoyactual.com\/wp-content\/uploads\/2015\/04\/321.jpg\"><img loading=\"lazy\" decoding=\"async\" class=\"aligncenter wp-image-599 size-content\" src=\"http:\/\/estoyactual.com\/wp-content\/uploads\/2015\/04\/321-620x264.jpg\" alt=\"3\" width=\"620\" height=\"264\" \/><\/a><br \/>\n\u2013 El diccionario no es suficiente: As\u00ed es, el diccionario no es suficiente cuando viajas a un pa\u00eds en donde el idioma es diferente, ya que como todos sabemos, las frases no se arman con s\u00f3lo juntar palabras sueltas. Por este motivo, procura armar una lista de frases claves en el caso de que no manejes el idioma, por ejemplo: \u00bfDonde est\u00e1 el hospital?, \u00bfPodr\u00eda indicarme esta calle?, \u00bfDonde puedo alquilar un auto? , Me robaron,\u00bfdonde hay una comisaria? etc. Son frases que te salvar\u00e1n el d\u00eda y hasta podr\u00eda salvar tu vida.<br \/>\n<a href=\"http:\/\/estoyactual.com\/wp-content\/uploads\/2015\/04\/123.jpg\"><img loading=\"lazy\" decoding=\"async\" class=\"aligncenter wp-image-597 size-content\" src=\"http:\/\/estoyactual.com\/wp-content\/uploads\/2015\/04\/123-620x264.jpg\" alt=\"1\" width=\"620\" height=\"264\" \/><\/a><br \/>\n\u2013 Repelente de mosquitos: Esto es algo indispensable si <strong>viajas<\/strong> al campo o a la selva, en donde los mosquitos se encuentran en cada uno de los rincones del lugar y no hay almacenes cerca para poder comprarlo. Sin dudas, las picaduras de mosquitos hacen que no logres disfrutar el paisaje est\u00e9s donde est\u00e9s. As\u00ed que recuerda colocar en tu <strong>valija<\/strong> un frasco de repelente para mosquitos antes de <strong>viajar<\/strong>.<\/p>\n<p>&nbsp;<\/p>\n<ul>\n<li>Lo primero son los art\u00edculos de aseo personal, busca productos en envases peque\u00f1os que sean pr\u00e1cticos y no hagan bulto, gu\u00e1rdalos en una peque\u00f1a bolsa para que todo est\u00e9 junto y sea f\u00e1cil de usar<\/li>\n<li>Lentes de sol y bloqueador no pueden faltar en tu bolsa de mano.<\/li>\n<li>Aunque vayas a acampar no olvides llevar un traje de ba\u00f1o, nunca sabes si una escapada a la playa saldr\u00e1 de improviso.<\/li>\n<li>La ropa es todo un tema, el punto es disfrutar el viaje sin mucha complicaci\u00f3n lleva lo m\u00e1s b\u00e1sico prendas como jeanns, shorts, sudaderas ligeras y tshirts que puedas combinar y hagan liviano tu equipaje te van a ahorrar muchas preocupaciones. No olvides una chamarra abrigadora y que aguante lluvia o viento para que el clima no te sorprenda. Guarda un cambio de ropa fashion por si se pone rom\u00e1ntico el viaje.<\/li>\n<li>Llevar zapatos c\u00f3modos es fundamental, tennis o botas son una opci\u00f3n perfecta.<\/li>\n<li>Lleva una bolsa o mochila practica para llevar tus documentos importantes y dinero en cada salida.<\/li>\n<li>No est\u00e1 de m\u00e1s cargar con un mini botiqu\u00edn que incluya gel desinfectante, repelente para insectos, pastillas para el mareo, pastillas para el dolor de est\u00f3mago, recuerda que probar\u00e1s comida nueva y no sabes c\u00f3mo va a reaccionar tu cuerpo, lo \u00faltimo que quieres es arruinar tu viaje por problemas intestinales, si utilizas medicamentos no olvides pedir a tu medico una receta.<\/li>\n<li>Algo muy \u00fatil es conseguir un convertidor para tus aparatos electr\u00f3nicos, en cada regi\u00f3n las entradas y voltajes son diferentes.<\/li>\n<li>Lo m\u00e1s importante y que debes tener siempre a la mano son tus documentos personales como identificaci\u00f3n, pasaporte, visa, si eres estudiante en algunos museos te hacen descuentos con la credencial, as\u00ed que no la olvides.<\/li>\n<li>No puede faltar un iPod lleno de tu m\u00fasica favorita y una C\u00e1mara para guardar los mejores momentos de tu aventura.<\/li>\n<\/ul>\n<p>&nbsp;<\/p>\n<p><a href=\"http:\/\/j.mp\/los40viajesmx_festival_ouftit\" target=\"_blank\"><img loading=\"lazy\" decoding=\"async\" class=\"wp-image-57 \" src=\"http:\/\/www.los40viajes.com.mx\/experiencias40\/wp-content\/uploads\/2014\/10\/gtl-ryaner-768x1024.jpg\" alt=\"gtl-ryaner\" width=\"565\" height=\"753\" \/><\/a><\/p>\n","protected":false},"excerpt":{"rendered":"<p>\u00bfQu\u00e9 cosas no te pueden faltar en tu viaje? Viajar es un momento en el cual s\u00f3lo te debes preocupar en disfrutar, pero hay casos en los cuales esto pasa a estar en un segundo plano a causa de ciertos detalles que te olvidaste de empacar. Por este motivo, te dallaremos a continuaci\u00f3n las cosas [&hellip;]<\/p>\n","protected":false},"author":9604,"featured_media":0,"parent":0,"menu_order":0,"comment_status":"open","ping_status":"open","template":"","meta":{"footnotes":""},"class_list":["post-132","page","type-page","status-publish","hentry"],"_links":{"self":[{"href":"https:\/\/blog.espol.edu.ec\/anmolina\/wp-json\/wp\/v2\/pages\/132","targetHints":{"allow":["GET"]}}],"collection":[{"href":"https:\/\/blog.espol.edu.ec\/anmolina\/wp-json\/wp\/v2\/pages"}],"about":[{"href":"https:\/\/blog.espol.edu.ec\/anmolina\/wp-json\/wp\/v2\/types\/page"}],"author":[{"embeddable":true,"href":"https:\/\/blog.espol.edu.ec\/anmolina\/wp-json\/wp\/v2\/users\/9604"}],"replies":[{"embeddable":true,"href":"https:\/\/blog.espol.edu.ec\/anmolina\/wp-json\/wp\/v2\/comments?post=132"}],"version-history":[{"count":4,"href":"https:\/\/blog.espol.edu.ec\/anmolina\/wp-json\/wp\/v2\/pages\/132\/revisions"}],"predecessor-version":[{"id":138,"href":"https:\/\/blog.espol.edu.ec\/anmolina\/wp-json\/wp\/v2\/pages\/132\/revisions\/138"}],"wp:attachment":[{"href":"https:\/\/blog.espol.edu.ec\/anmolina\/wp-json\/wp\/v2\/media?parent=132"}],"curies":[{"name":"wp","href":"https:\/\/api.w.org\/{rel}","templated":true}]}}