{"id":82,"date":"2015-05-29T22:37:58","date_gmt":"2015-05-29T22:37:58","guid":{"rendered":"http:\/\/blog.espol.edu.ec\/anmolina\/?page_id=82"},"modified":"2015-05-30T21:46:59","modified_gmt":"2015-05-30T21:46:59","slug":"lugares-paradisiacos","status":"publish","type":"page","link":"https:\/\/blog.espol.edu.ec\/anmolina\/lugares-paradisiacos\/","title":{"rendered":"Lugares Paradis\u00edacos"},"content":{"rendered":"<h1 id=\"firstHeading\" class=\"firstHeading\" style=\"text-align: center\">Santorini<\/h1>\n<p style=\"text-align: right\">Es un peque\u00f1o archipi\u00e9lago circular formado por islas volc\u00e1nicas, localizado en el sur del mar Egeo, unos 200 km al sureste del territorio continental griego. Forma el grupo de islas m\u00e1s meridional de las C\u00edcladas, con un \u00e1rea aproximada de unos 73 km\u00b2 y una poblaci\u00f3n de 13.402 habitantes en 2001.<\/p>\n<p style=\"text-align: right\">Es, en esencia, lo que queda de una enorme explosi\u00f3n volc\u00e1nica que destruy\u00f3 los primeros asentamientos existentes, haciendo desaparecer gran parte del territorio de la antigua isla y provocando la creaci\u00f3n de la <a title=\"Caldera volc\u00e1nica\" href=\"http:\/\/es.wikipedia.org\/wiki\/Caldera_volc%C3%A1nica\">caldera<\/a> geol\u00f3gica actual. Su espectacular belleza, junto con una animada vida nocturna, la han convertido en uno de los principales destinos tur\u00edsticos de <a title=\"Europa\" href=\"http:\/\/es.wikipedia.org\/wiki\/Europa\">Europa<\/a>. Sus construcciones tienen un aspecto oriental, con casas blancas y marcos de ventanas y puertas en azul, como se pueden encontrar en las costas de <a title=\"Marruecos\" href=\"http:\/\/es.wikipedia.org\/wiki\/Marruecos\">Marruecos<\/a> o <a title=\"T\u00fanez\" href=\"http:\/\/es.wikipedia.org\/wiki\/T%C3%BAnez\">T\u00fanez<\/a>. Por otra parte, tambi\u00e9n se han formulado reproches contra el car\u00e1cter desordenado y excesivo de su desarrollo urban\u00edstico reciente.<br \/>\n<img loading=\"lazy\" decoding=\"async\" class=\" alignright\" src=\"http:\/\/www.ekoltravel.com\/galleria\/slides\/Santorini3.jpg\" alt=\"\" width=\"268\" height=\"189\" \/><img loading=\"lazy\" decoding=\"async\" class=\" alignleft\" src=\"http:\/\/cdn.atenas.net\/guias\/atenas\/fotos\/santorini.jpg\" alt=\"\" width=\"290\" height=\"193\" \/><\/p>\n<p><iframe loading=\"lazy\" src=\"https:\/\/www.youtube.com\/embed\/RR5A51-uQvM\" width=\"560\" height=\"315\" frameborder=\"0\" allowfullscreen=\"allowfullscreen\"><\/iframe><\/p>\n<h1 id=\"firstHeading\" class=\"firstHeading\" style=\"text-align: center\">Bora Bora<\/h1>\n<p style=\"text-align: right\">Es un <a title=\"Atol\u00f3n\" href=\"http:\/\/es.wikipedia.org\/wiki\/Atol%C3%B3n\">atol\u00f3n<\/a> en la <a title=\"Islas de la Sociedad\" href=\"http:\/\/es.wikipedia.org\/wiki\/Islas_de_la_Sociedad\">Islas de la Sociedad<\/a>, parte de la <a title=\"Polinesia Francesa\" href=\"http:\/\/es.wikipedia.org\/wiki\/Polinesia_Francesa\">Polinesia Francesa<\/a>, situado al noroeste de <a title=\"Tahit\u00ed\" href=\"http:\/\/es.wikipedia.org\/wiki\/Tahit%C3%AD\">Tahit\u00ed<\/a>, a unos 260\u00a0km al noroeste de <a title=\"Papeete\" href=\"http:\/\/es.wikipedia.org\/wiki\/Papeete\">Papeete<\/a>. Tiene una extensi\u00f3n de 29,3\u00a0<a class=\"mw-redirect\" title=\"Km\u00b2\" href=\"http:\/\/es.wikipedia.org\/wiki\/Km%C2%B2\">km\u00b2<\/a> y est\u00e1 formado por un <a title=\"Volc\u00e1n\" href=\"http:\/\/es.wikipedia.org\/wiki\/Volc%C3%A1n\">volc\u00e1n<\/a> extinto rodeado por una <a title=\"Laguna\" href=\"http:\/\/es.wikipedia.org\/wiki\/Laguna\">laguna<\/a> separada del mar por un <a title=\"Arrecife\" href=\"http:\/\/es.wikipedia.org\/wiki\/Arrecife\">arrecife<\/a>. El punto m\u00e1s alto es el monte <a class=\"new\" title=\"Otemanu (a\u00fan no redactado)\" href=\"http:\/\/es.wikipedia.org\/w\/index.php?title=Otemanu&amp;action=edit&amp;redlink=1\">Otemanu<\/a> a 727 metros. En <a title=\"2007\" href=\"http:\/\/es.wikipedia.org\/wiki\/2007\">2007<\/a> la poblaci\u00f3n era de 8880 habitantes.<\/p>\n<p style=\"text-align: right\">La isla est\u00e1 rodeada de <i>motus<\/i>, que son peque\u00f1os islotes alargados que suelen tener cierta anchura y vegetaci\u00f3n. Uno de los <i>motus<\/i>m\u00e1s bellos y fotografiados de la <a title=\"Polinesia\" href=\"http:\/\/es.wikipedia.org\/wiki\/Polinesia\">Polinesia<\/a> es el <a class=\"new\" title=\"Motu Tapu (a\u00fan no redactado)\" href=\"http:\/\/es.wikipedia.org\/w\/index.php?title=Motu_Tapu&amp;action=edit&amp;redlink=1\">Motu Tapu<\/a>, sobre todo las que tomaron antes de que un hurac\u00e1n se llevase parte de las lenguas de arena que ten\u00eda en sus extremos. Desde Bora Bora se pueden observar las cercanas islas de <a title=\"Tahaa\" href=\"http:\/\/es.wikipedia.org\/wiki\/Tahaa\">Tahaa<\/a>, <a title=\"Raiatea\" href=\"http:\/\/es.wikipedia.org\/wiki\/Raiatea\">Raiatea<\/a> y<a title=\"Maupiti\" href=\"http:\/\/es.wikipedia.org\/wiki\/Maupiti\">Maupiti<\/a>.<\/p>\n<p style=\"text-align: left\"><img loading=\"lazy\" decoding=\"async\" class=\"\" src=\"http:\/\/www.fourseasons.com\/content\/dam\/fourseasons\/images\/web\/BOR\/BOR_105_1280x486.jpg\/jcr:content\/renditions\/cq5dam.web.1280.1280.jpeg\" alt=\"\" width=\"367\" height=\"139\" \/><img loading=\"lazy\" decoding=\"async\" class=\" alignleft\" src=\"http:\/\/www.h3dwallpapers.com\/wp-content\/uploads\/2014\/09\/Bora_bora-5.jpg\" alt=\"\" width=\"200\" height=\"150\" \/><\/p>\n<p><iframe loading=\"lazy\" src=\"https:\/\/www.youtube.com\/embed\/EiI9tQfeh_4\" width=\"560\" height=\"315\" frameborder=\"0\" allowfullscreen=\"allowfullscreen\"><\/iframe><\/p>\n<h1 id=\"firstHeading\" class=\"firstHeading\" style=\"text-align: center\">Canc\u00fan<\/h1>\n<p style=\"text-align: right\">Es una ciudad mexicana con desarrollo tur\u00edstico de nivel internacional certificado por la <a title=\"Organizaci\u00f3n Mundial del Turismo\" href=\"http:\/\/es.wikipedia.org\/wiki\/Organizaci%C3%B3n_Mundial_del_Turismo\">Organizaci\u00f3n Mundial del Turismo<\/a>.\u00a0Ubicado en la costa noreste del estado de <a title=\"Quintana Roo\" href=\"http:\/\/es.wikipedia.org\/wiki\/Quintana_Roo\">Quintana Roo<\/a> en el este de <a title=\"M\u00e9xico\" href=\"http:\/\/es.wikipedia.org\/wiki\/M%C3%A9xico\">M\u00e9xico<\/a> a m\u00e1s de 1.700\u00a0km de la <a class=\"mw-redirect\" title=\"Ciudad de M\u00e9xico\" href=\"http:\/\/es.wikipedia.org\/wiki\/Ciudad_de_M%C3%A9xico\">Ciudad de M\u00e9xico<\/a>, el Proyecto inici\u00f3 operaciones en <a title=\"1974\" href=\"http:\/\/es.wikipedia.org\/wiki\/1974\">1974<\/a> como <i>Centro Integralmente Planeado<\/i>, pionero de <a class=\"mw-redirect\" title=\"FONATUR\" href=\"http:\/\/es.wikipedia.org\/wiki\/FONATUR\">FONATUR<\/a>, (Fondo Nacional de Fomento al Turismo), antes conocido como INFRATUR.<\/p>\n<p style=\"text-align: right\">En pocos a\u00f1os, tuvo una notable transformaci\u00f3n, ya que de ser una isla de pescadores rodeada de selva virgen y playas desconocidas, en la actualidad es junto con <a title=\"Acapulco de Ju\u00e1rez\" href=\"http:\/\/es.wikipedia.org\/wiki\/Acapulco_de_Ju%C3%A1rez\">Acapulco<\/a> el centro tur\u00edstico mexicano m\u00e1s reconocido en el mundo. Pol\u00edticamente es la cabecera del municipio de <a title=\"Municipio de Benito Ju\u00e1rez (Quintana Roo)\" href=\"http:\/\/es.wikipedia.org\/wiki\/Municipio_de_Benito_Ju%C3%A1rez_(Quintana_Roo)\">Benito Ju\u00e1rez<\/a>, del estado de <a title=\"Quintana Roo\" href=\"http:\/\/es.wikipedia.org\/wiki\/Quintana_Roo\">Quintana Roo<\/a>. La <a title=\"Organizaci\u00f3n Mundial del Turismo\" href=\"http:\/\/es.wikipedia.org\/wiki\/Organizaci%C3%B3n_Mundial_del_Turismo\">Organizaci\u00f3n Mundial del Turismo<\/a> (OMT) a trav\u00e9s de su fundaci\u00f3n UNWTO-Themis concedi\u00f3 el premio <i>Lo Mejor de lo Mejor<\/i> \"a la excelencia y la gobernanza\" al Fideicomiso de Promoci\u00f3n Tur\u00edstica de Canc\u00fan el <a title=\"3 de febrero\" href=\"http:\/\/es.wikipedia.org\/wiki\/3_de_febrero\">3 de febrero<\/a> de 2007. Canc\u00fan se convierte de esta forma en un organismo avalado por el Departamento de Educaci\u00f3n y Gesti\u00f3n del Conocimiento de la OMT.<\/p>\n<p style=\"text-align: left\"><img loading=\"lazy\" decoding=\"async\" class=\"\" src=\"http:\/\/dondeir.com\/wp-content\/uploads\/2015\/01\/Cancun1.jpg\" alt=\"\" width=\"283\" height=\"177\" \/><img loading=\"lazy\" decoding=\"async\" class=\" alignright\" src=\"http:\/\/media-cdn.tripadvisor.com\/media\/photo-s\/06\/28\/dd\/3f\/hotel-riu-cancun.jpg\" alt=\"\" width=\"274\" height=\"179\" \/><\/p>\n<p><iframe loading=\"lazy\" src=\"https:\/\/www.youtube.com\/embed\/xYu9WrLrgxk\" width=\"560\" height=\"315\" frameborder=\"0\" allowfullscreen=\"allowfullscreen\"><\/iframe><\/p>\n<h1 id=\"firstHeading\" class=\"firstHeading\" style=\"text-align: center\">Ibiza<\/h1>\n<p style=\"text-align: right\">Es una <a title=\"Isla\" href=\"http:\/\/es.wikipedia.org\/wiki\/Isla\">isla<\/a> situada en el mar <a class=\"mw-redirect\" title=\"Mediterr\u00e1neo\" href=\"http:\/\/es.wikipedia.org\/wiki\/Mediterr%C3%A1neo\">Mediterr\u00e1neo<\/a> y que forma junto a las de <a title=\"Mallorca\" href=\"http:\/\/es.wikipedia.org\/wiki\/Mallorca\">Mallorca<\/a>,<a title=\"Menorca\" href=\"http:\/\/es.wikipedia.org\/wiki\/Menorca\">Menorca<\/a> y <a title=\"Formentera\" href=\"http:\/\/es.wikipedia.org\/wiki\/Formentera\">Formentera<\/a> y varios islotes de menor tama\u00f1o el <a title=\"Archipi\u00e9lago\" href=\"http:\/\/es.wikipedia.org\/wiki\/Archipi%C3%A9lago\">archipi\u00e9lago<\/a> y <a title=\"Comunidad aut\u00f3noma\" href=\"http:\/\/es.wikipedia.org\/wiki\/Comunidad_aut%C3%B3noma\">comunidad aut\u00f3noma<\/a> de las <a title=\"Islas Baleares\" href=\"http:\/\/es.wikipedia.org\/wiki\/Islas_Baleares\">Islas Baleares<\/a>, en<a title=\"Espa\u00f1a\" href=\"http:\/\/es.wikipedia.org\/wiki\/Espa%C3%B1a\">Espa\u00f1a<\/a>. Cuenta con una extensi\u00f3n de 572 km\u00b2 y una poblaci\u00f3n de 133.702 habitantes (<a class=\"mw-redirect\" title=\"INE (Espa\u00f1a)\" href=\"http:\/\/es.wikipedia.org\/wiki\/INE_(Espa%C3%B1a)\">INE<\/a> 2012).<\/p>\n<p style=\"text-align: right\">Su longitud de costa es de 210 km, donde se alternan m\u00e1s de 40 pe\u00f1ascos e islotes de diversos tama\u00f1os. Las distancias m\u00e1ximas de la isla son de 41 kil\u00f3metros de norte a sur y 15 kil\u00f3metros de este a oeste. Posee una morfolog\u00eda muy irregular formada por varias monta\u00f1as, de las cuales la m\u00e1s alta es <a title=\"Sa Talaia\" href=\"http:\/\/es.wikipedia.org\/wiki\/Sa_Talaia\">Sa Talaia<\/a>, situada en el municipio de <a title=\"San Jos\u00e9 (Baleares)\" href=\"http:\/\/es.wikipedia.org\/wiki\/San_Jos%C3%A9_(Baleares)\">San Jos\u00e9<\/a>, con 475 metros de altitud.<\/p>\n<p style=\"text-align: left\"><img loading=\"lazy\" decoding=\"async\" class=\" alignleft\" src=\"http:\/\/ibizaonlinerentals.com\/newweb\/wp-content\/uploads\/2013\/09\/dalt-vila.jpg\" alt=\"\" width=\"279\" height=\"186\" \/><img loading=\"lazy\" decoding=\"async\" class=\"alignright\" src=\"http:\/\/cdn.turismoibiza.com\/guias\/ibiza\/fotos\/ibiza.jpg\" alt=\"\" width=\"279\" height=\"185\" \/><\/p>\n<p><iframe loading=\"lazy\" src=\"https:\/\/www.youtube.com\/embed\/LqUsadkKXBs\" width=\"560\" height=\"315\" frameborder=\"0\" allowfullscreen=\"allowfullscreen\"><\/iframe><\/p>\n<h1 id=\"firstHeading\" class=\"firstHeading\">Aruba<\/h1>\n<p>&nbsp;<\/p>\n<p style=\"text-align: right\">Es un <a title=\"Pa\u00eds\" href=\"http:\/\/es.wikipedia.org\/wiki\/Pa%C3%ADs\">pa\u00eds<\/a> <a title=\"Territorio aut\u00f3nomo\" href=\"http:\/\/es.wikipedia.org\/wiki\/Territorio_aut%C3%B3nomo\">aut\u00f3nomo<\/a> <a title=\"Isla\" href=\"http:\/\/es.wikipedia.org\/wiki\/Isla\">insular<\/a> del <a title=\"Reino de los Pa\u00edses Bajos\" href=\"http:\/\/es.wikipedia.org\/wiki\/Reino_de_los_Pa%C3%ADses_Bajos\">Reino de los Pa\u00edses Bajos<\/a>\u00a0junto a <a title=\"Curazao\" href=\"http:\/\/es.wikipedia.org\/wiki\/Curazao\">Curazao<\/a>, <a title=\"Sint Maarten\" href=\"http:\/\/es.wikipedia.org\/wiki\/Sint_Maarten\">San Mart\u00edn<\/a> y los\u00a0<a title=\"Pa\u00edses Bajos\" href=\"http:\/\/es.wikipedia.org\/wiki\/Pa%C3%ADses_Bajos\">Pa\u00edses Bajos<\/a>. Se establece en la isla hom\u00f3nima del grupo de <a title=\"Islas de Sotavento\" href=\"http:\/\/es.wikipedia.org\/wiki\/Islas_de_Sotavento\">Sotavento<\/a>, perteneciente a las <a title=\"Antillas Menores\" href=\"http:\/\/es.wikipedia.org\/wiki\/Antillas_Menores\">Antillas Menores<\/a>. El pa\u00eds aut\u00f3nomo se encuentra a 25 <a class=\"mw-redirect\" title=\"Km\" href=\"http:\/\/es.wikipedia.org\/wiki\/Km\">km<\/a> al norte de la <a title=\"Pen\u00ednsula de Paraguan\u00e1\" href=\"http:\/\/es.wikipedia.org\/wiki\/Pen%C3%ADnsula_de_Paraguan%C3%A1\">pen\u00ednsula de Paraguan\u00e1<\/a>, al noroeste de <a title=\"Venezuela\" href=\"http:\/\/es.wikipedia.org\/wiki\/Venezuela\">Venezuela<\/a>, al sur del <a title=\"Mar Caribe\" href=\"http:\/\/es.wikipedia.org\/wiki\/Mar_Caribe\">mar Caribe<\/a>, al este del archipi\u00e9lago de <a class=\"mw-redirect\" title=\"Los Monjes\" href=\"http:\/\/es.wikipedia.org\/wiki\/Los_Monjes\">Los Monjes<\/a> y la <a title=\"Pen\u00ednsula de La Guajira\" href=\"http:\/\/es.wikipedia.org\/wiki\/Pen%C3%ADnsula_de_La_Guajira\">pen\u00ednsula de la Guajira<\/a> y al oeste de otro pa\u00eds aut\u00f3nomo neerland\u00e9s, <a title=\"Curazao\" href=\"http:\/\/es.wikipedia.org\/wiki\/Curazao\">Curazao<\/a>.<\/p>\n<p style=\"text-align: right\">Hasta el a\u00f1o 1986 form\u00f3 parte de las <a title=\"Antillas Neerlandesas\" href=\"http:\/\/es.wikipedia.org\/wiki\/Antillas_Neerlandesas\">Antillas Neerlandesas<\/a> (a su vez disueltas en 2010) y actualmente no forma parte de la\u00a0<a title=\"Uni\u00f3n Europea\" href=\"http:\/\/es.wikipedia.org\/wiki\/Uni%C3%B3n_Europea\">Uni\u00f3n Europea<\/a> a semejanza de otros territorios de soberan\u00eda europea que comparten este estatus, como <a title=\"Groenlandia\" href=\"http:\/\/es.wikipedia.org\/wiki\/Groenlandia\">Groenlandia<\/a>(<a title=\"Dinamarca\" href=\"http:\/\/es.wikipedia.org\/wiki\/Dinamarca\">Dinamarca<\/a>), <a title=\"Polinesia Francesa\" href=\"http:\/\/es.wikipedia.org\/wiki\/Polinesia_Francesa\">Polinesia Francesa<\/a> (<a title=\"Francia\" href=\"http:\/\/es.wikipedia.org\/wiki\/Francia\">Francia<\/a>) e <a title=\"Islas Caim\u00e1n\" href=\"http:\/\/es.wikipedia.org\/wiki\/Islas_Caim%C3%A1n\">Islas Caim\u00e1n<\/a> (<a title=\"Reino Unido\" href=\"http:\/\/es.wikipedia.org\/wiki\/Reino_Unido\">Reino Unido<\/a>). Sin embargo, existen otros territorios exteriores a\u00a0<a title=\"Europa\" href=\"http:\/\/es.wikipedia.org\/wiki\/Europa\">Europa<\/a> de soberan\u00eda de pa\u00edses de la <a title=\"Uni\u00f3n Europea\" href=\"http:\/\/es.wikipedia.org\/wiki\/Uni%C3%B3n_Europea\">Uni\u00f3n Europea<\/a>, que s\u00ed son parte integrante de \u00e9sta, como la <a title=\"Guayana Francesa\" href=\"http:\/\/es.wikipedia.org\/wiki\/Guayana_Francesa\">Guayana Francesa<\/a> en\u00a0<a class=\"mw-redirect\" title=\"Sudam\u00e9rica\" href=\"http:\/\/es.wikipedia.org\/wiki\/Sudam%C3%A9rica\">Sudam\u00e9rica<\/a>. A pesar de ello, todos los ciudadanos de Aruba poseen pasaporte <a title=\"Pa\u00edses Bajos\" href=\"http:\/\/es.wikipedia.org\/wiki\/Pa%C3%ADses_Bajos\">neerland\u00e9s<\/a>, y por ende los arube\u00f1os gozan de los mismos derechos que los ciudadanos de la <a title=\"Uni\u00f3n Europea\" href=\"http:\/\/es.wikipedia.org\/wiki\/Uni%C3%B3n_Europea\">Uni\u00f3n Europea<\/a>.<\/p>\n<p style=\"text-align: right\"><img loading=\"lazy\" decoding=\"async\" class=\" alignright\" src=\"http:\/\/www.riu.com\/es\/binaris\/aruba02d05_tcm49-27874.jpg\" alt=\"\" width=\"279\" height=\"186\" \/><img loading=\"lazy\" decoding=\"async\" class=\" alignleft\" src=\"http:\/\/kaylu.cl\/wp-content\/uploads\/2014\/09\/62-Aruba_1.jpg\" alt=\"\" width=\"279\" height=\"186\" \/><\/p>\n<div id=\"toc\" class=\"toc\"><\/div>\n<p><iframe loading=\"lazy\" src=\"https:\/\/www.youtube.com\/embed\/reDMP4yjYLE\" width=\"560\" height=\"315\" frameborder=\"0\" allowfullscreen=\"allowfullscreen\"><\/iframe><\/p>\n<h1 id=\"firstHeading\" class=\"firstHeading\" style=\"text-align: center\">Curazao<\/h1>\n<p style=\"text-align: right\">Es un <a title=\"Territorio aut\u00f3nomo\" href=\"http:\/\/es.wikipedia.org\/wiki\/Territorio_aut%C3%B3nomo\">territorio aut\u00f3nomo<\/a> del <a title=\"Reino de los Pa\u00edses Bajos\" href=\"http:\/\/es.wikipedia.org\/wiki\/Reino_de_los_Pa%C3%ADses_Bajos\">Reino de los Pa\u00edses Bajos<\/a>\u00a0con superficie aproximada de 444 <a class=\"mw-redirect\" title=\"Km\u00b2\" href=\"http:\/\/es.wikipedia.org\/wiki\/Km%C2%B2\">km\u00b2<\/a>. Est\u00e1 situada en el sur del <a title=\"Mar Caribe\" href=\"http:\/\/es.wikipedia.org\/wiki\/Mar_Caribe\">mar Caribe<\/a>, a unos 50\u00a0km de la costa noroccidental de <a title=\"Venezuela\" href=\"http:\/\/es.wikipedia.org\/wiki\/Venezuela\">Venezuela<\/a>, y pertenece al grupo de las islas de <a title=\"Islas de Sotavento\" href=\"http:\/\/es.wikipedia.org\/wiki\/Islas_de_Sotavento\">Sotavento<\/a>, junto con sus islas vecinas de <a title=\"Aruba\" href=\"http:\/\/es.wikipedia.org\/wiki\/Aruba\">Aruba<\/a> y <a title=\"Bonaire\" href=\"http:\/\/es.wikipedia.org\/wiki\/Bonaire\">Bonaire<\/a>. Hasta 2010 form\u00f3 parte de las <a title=\"Antillas Neerlandesas\" href=\"http:\/\/es.wikipedia.org\/wiki\/Antillas_Neerlandesas\">Antillas Neerlandesas<\/a>. Su capital y localidad m\u00e1s poblada es <a title=\"Willemstad\" href=\"http:\/\/es.wikipedia.org\/wiki\/Willemstad\">Willemstad<\/a>, ubicada al sur de la isla.<\/p>\n<p style=\"text-align: right\">Existen distintas versiones sobre el origen del nombre Curazao. Una de ellas afirma que cuando los <a title=\"Portugal\" href=\"http:\/\/es.wikipedia.org\/wiki\/Portugal\">portugueses<\/a> llegaron a la isla, vieron que los marineros que padec\u00edan <a title=\"Escorbuto\" href=\"http:\/\/es.wikipedia.org\/wiki\/Escorbuto\">escorbuto<\/a> se curaron tras desembarcar, seguramente gracias a la gran cantidad de frutas que consumieron. Por ello, bautizaron la isla como <i>Ilha da Cura\u00e7\u00e3o'<\/i> (en portugu\u00e9s, \u00abIsla de la Curaci\u00f3n\u00bb). Tras la conquista <a title=\"Pa\u00edses Bajos\" href=\"http:\/\/es.wikipedia.org\/wiki\/Pa%C3%ADses_Bajos\">neerlandesa<\/a> el nombre qued\u00f3 finalmente como <i>Cura\u00e7ao<\/i>. Al escribir el nombre al espa\u00f1ol, la graf\u00eda <i>\u00e7<\/i> debe sustituirse por una \u00abs\u00bb o una \u00abz\u00bb, de modo que las formas \u00abCurasao\u00bb y \u00abCurazao\u00bb tienen la misma validez.<\/p>\n<p style=\"text-align: left\"><img loading=\"lazy\" decoding=\"async\" class=\" alignright\" src=\"http:\/\/destinationsguide.copaair.com\/gallery\/CUR\/curazao_04.jpg\" alt=\"\" width=\"278\" height=\"184\" \/><img loading=\"lazy\" decoding=\"async\" class=\" alignleft\" src=\"http:\/\/www.elespectador.com\/files\/imagecache\/560_width_display\/img_ipad\/0159b17496cff7d9c4a2126e583c6c4a.jpg\" alt=\"\" width=\"276\" height=\"184\" \/><\/p>\n<p><iframe loading=\"lazy\" src=\"https:\/\/www.youtube.com\/embed\/V7MCna3DdPo\" width=\"560\" height=\"315\" frameborder=\"0\" allowfullscreen=\"allowfullscreen\"><\/iframe><\/p>\n<h1 id=\"firstHeading\" class=\"firstHeading\" style=\"text-align: center\">Bahamas<\/h1>\n<p style=\"text-align: right\">Las <b>Bahamas<\/b>, oficialmente la <b>Mancomunidad de las Bahamas<\/b> (en ingl\u00e9s: <i>Commonwealth of the Bahamas<\/i>), es un pa\u00eds constituido por m\u00e1s de 700 <a title=\"Isla\" href=\"http:\/\/es.wikipedia.org\/wiki\/Isla\">islas<\/a> (de las cuales, 24 est\u00e1n habitadas y m\u00e1s de 600 deshabitadas), <a title=\"Cayo\" href=\"http:\/\/es.wikipedia.org\/wiki\/Cayo\">cayos<\/a> e <a title=\"Islote\" href=\"http:\/\/es.wikipedia.org\/wiki\/Islote\">islotes<\/a> en el <a title=\"Oc\u00e9ano Atl\u00e1ntico\" href=\"http:\/\/es.wikipedia.org\/wiki\/Oc%C3%A9ano_Atl%C3%A1ntico\">Oc\u00e9ano Atl\u00e1ntico<\/a>; al norte de <a title=\"Cuba\" href=\"http:\/\/es.wikipedia.org\/wiki\/Cuba\">Cuba<\/a> y <a title=\"Rep\u00fablica Dominicana\" href=\"http:\/\/es.wikipedia.org\/wiki\/Rep%C3%BAblica_Dominicana\">Rep\u00fablica Dominicana<\/a>, noroeste de <a title=\"Islas Turcas y Caicos\" href=\"http:\/\/es.wikipedia.org\/wiki\/Islas_Turcas_y_Caicos\">Islas Turcas y Caicos<\/a>, al sureste del estado estadounidense de<a title=\"Florida\" href=\"http:\/\/es.wikipedia.org\/wiki\/Florida\">Florida<\/a> y al este de los <a title=\"Cayos de la Florida\" href=\"http:\/\/es.wikipedia.org\/wiki\/Cayos_de_la_Florida\">Cayos de la Florida<\/a>. Su capital es <a class=\"mw-redirect\" title=\"Nassau\" href=\"http:\/\/es.wikipedia.org\/wiki\/Nassau\">Nassau<\/a> situada en la isla de <a class=\"mw-redirect\" title=\"New Providence\" href=\"http:\/\/es.wikipedia.org\/wiki\/New_Providence\">New Providence<\/a>. Geogr\u00e1ficamente las Bahamas forman junto con las Islas Turcas y Caicos el Archipi\u00e9lago de las Lucayas, tambi\u00e9n denominado por extensi\u00f3n<i>Bahamas<\/i>. Por manifiesto de la Real Fuerza de Defensa de las Bahamas, el territorio de las Bahamas ocupa 180.000 millas cuadradas de espacio oce\u00e1nico, si bien las medidas oficiales les aportar\u00edan mucho m\u00e1s espacio econ\u00f3mico.<\/p>\n<p style=\"text-align: right\">Originalmente habitadas por los <a class=\"new\" title=\"Lucayos (a\u00fan no redactado)\" href=\"http:\/\/es.wikipedia.org\/w\/index.php?title=Lucayos&amp;action=edit&amp;redlink=1\">lucayos<\/a>, una rama de la etnia <a title=\"Taina\" href=\"http:\/\/es.wikipedia.org\/wiki\/Taina\">taina<\/a>, las Bahamas fueron el sitio donde <a title=\"Crist\u00f3bal Col\u00f3n\" href=\"http:\/\/es.wikipedia.org\/wiki\/Crist%C3%B3bal_Col%C3%B3n\">Crist\u00f3bal Col\u00f3n<\/a> arrib\u00f3 en su primer viaje al <a title=\"Nuevo Mundo\" href=\"http:\/\/es.wikipedia.org\/wiki\/Nuevo_Mundo\">Nuevo Mundo<\/a> en 1492. Luego fueron colonizadas por los espa\u00f1oles desde 1513 hasta 1648, cuando colonos ingleses procedentes de la isla de <a title=\"Bermudas\" href=\"http:\/\/es.wikipedia.org\/wiki\/Bermudas\">Bermudas<\/a> se establecieron en la isla de <a title=\"Eleuthera\" href=\"http:\/\/es.wikipedia.org\/wiki\/Eleuthera\">Eleuthera<\/a>.<\/p>\n<p style=\"text-align: left\"><img loading=\"lazy\" decoding=\"async\" class=\" alignleft\" src=\"http:\/\/img.felicesvacaciones.es\/2014\/12\/23\/bahamas.jpeg\" alt=\"\" width=\"281\" height=\"158\" \/><img loading=\"lazy\" decoding=\"async\" class=\"\" src=\"http:\/\/a.abcnews.com\/images\/Blotter\/gty_bahamas_kb_140520_16x9_608.jpg\" alt=\"\" width=\"282\" height=\"159\" \/><\/p>\n<p style=\"text-align: left\">\n<p><iframe loading=\"lazy\" width=\"560\" height=\"315\" src=\"https:\/\/www.youtube.com\/embed\/vxb-wLC-ZCY\" frameborder=\"0\" allowfullscreen><\/iframe><\/p>\n","protected":false},"excerpt":{"rendered":"<p>Santorini Es un peque\u00f1o archipi\u00e9lago circular formado por islas volc\u00e1nicas, localizado en el sur del mar Egeo, unos 200 km al sureste del territorio continental griego. Forma el grupo de islas m\u00e1s meridional de las C\u00edcladas, con un \u00e1rea aproximada de unos 73 km\u00b2 y una poblaci\u00f3n de 13.402 habitantes en 2001. Es, en esencia, [&hellip;]<\/p>\n","protected":false},"author":9604,"featured_media":0,"parent":0,"menu_order":0,"comment_status":"open","ping_status":"open","template":"","meta":{"footnotes":""},"class_list":["post-82","page","type-page","status-publish","hentry"],"_links":{"self":[{"href":"https:\/\/blog.espol.edu.ec\/anmolina\/wp-json\/wp\/v2\/pages\/82","targetHints":{"allow":["GET"]}}],"collection":[{"href":"https:\/\/blog.espol.edu.ec\/anmolina\/wp-json\/wp\/v2\/pages"}],"about":[{"href":"https:\/\/blog.espol.edu.ec\/anmolina\/wp-json\/wp\/v2\/types\/page"}],"author":[{"embeddable":true,"href":"https:\/\/blog.espol.edu.ec\/anmolina\/wp-json\/wp\/v2\/users\/9604"}],"replies":[{"embeddable":true,"href":"https:\/\/blog.espol.edu.ec\/anmolina\/wp-json\/wp\/v2\/comments?post=82"}],"version-history":[{"count":21,"href":"https:\/\/blog.espol.edu.ec\/anmolina\/wp-json\/wp\/v2\/pages\/82\/revisions"}],"predecessor-version":[{"id":110,"href":"https:\/\/blog.espol.edu.ec\/anmolina\/wp-json\/wp\/v2\/pages\/82\/revisions\/110"}],"wp:attachment":[{"href":"https:\/\/blog.espol.edu.ec\/anmolina\/wp-json\/wp\/v2\/media?parent=82"}],"curies":[{"name":"wp","href":"https:\/\/api.w.org\/{rel}","templated":true}]}}