{"id":136,"date":"2016-11-14T06:03:50","date_gmt":"2016-11-14T06:03:50","guid":{"rendered":"http:\/\/blog.espol.edu.ec\/annlgonz\/?page_id=136"},"modified":"2016-11-14T06:03:50","modified_gmt":"2016-11-14T06:03:50","slug":"actividades","status":"publish","type":"page","link":"https:\/\/blog.espol.edu.ec\/annlgonz\/actividades\/","title":{"rendered":"Actividades"},"content":{"rendered":"<p><strong>Fiestas m\u00e1s Importantes:<\/strong><\/p>\n<ul>\n<li><strong>Cantonizaci\u00f3n: 22 de diciembre<\/strong><\/li>\n<li><strong>D\u00eda del Pescador: 31 de mayo<\/strong><\/li>\n<li><strong>Fiestas de San Rafael de Arc\u00e1ngel: 24 de octubre de cada a\u00f1o.<\/strong><\/li>\n<\/ul>\n<hr \/>\n<p>&nbsp;<\/p>\n<p><strong>Actividades de las Fiestas:<\/strong><\/p>\n<p style=\"text-align: justify\"><strong>El cant\u00f3n Salinas celebra sus fiestas de fundaci\u00f3n cada 22 de diciembre con un tradicional desfile c\u00edvico militar.<\/strong><\/p>\n<div id=\"attachment_139\" style=\"width: 310px\" class=\"wp-caption aligncenter\"><img loading=\"lazy\" decoding=\"async\" aria-describedby=\"caption-attachment-139\" class=\"wp-image-139 size-medium\" src=\"http:\/\/blog.espol.edu.ec\/annlgonz\/files\/2016\/11\/dscf2817a-300x151.jpg\" alt=\"dscf2817a\" width=\"300\" height=\"151\" srcset=\"https:\/\/blog.espol.edu.ec\/annlgonz\/files\/2016\/11\/dscf2817a-300x151.jpg 300w, https:\/\/blog.espol.edu.ec\/annlgonz\/files\/2016\/11\/dscf2817a-768x388.jpg 768w, https:\/\/blog.espol.edu.ec\/annlgonz\/files\/2016\/11\/dscf2817a-1024x517.jpg 1024w, https:\/\/blog.espol.edu.ec\/annlgonz\/files\/2016\/11\/dscf2817a-800x404.jpg 800w\" sizes=\"auto, (max-width: 300px) 100vw, 300px\" \/><p id=\"caption-attachment-139\" class=\"wp-caption-text\">Desfile<\/p><\/div>\n<p style=\"text-align: justify\"><strong>Fiestas de San Rafael de Arc\u00e1ngel, se realizan procesiones, misa, juegos pirot\u00e9cnicos, bailes populares. Esto se hace en Jos\u00e9 Lu\u00eds Tamayo, a igual que la fiesta de San Pedro el 29 de junio, Divino Ni\u00f1o 20 de julio, Virgen del Cisne mes de septiembre<\/strong><\/p>\n<div id=\"attachment_137\" style=\"width: 310px\" class=\"wp-caption aligncenter\"><img loading=\"lazy\" decoding=\"async\" aria-describedby=\"caption-attachment-137\" class=\"wp-image-137 size-medium\" src=\"http:\/\/blog.espol.edu.ec\/annlgonz\/files\/2016\/11\/100_3564-300x145.jpg\" alt=\"100_3564\" width=\"300\" height=\"145\" srcset=\"https:\/\/blog.espol.edu.ec\/annlgonz\/files\/2016\/11\/100_3564-300x145.jpg 300w, https:\/\/blog.espol.edu.ec\/annlgonz\/files\/2016\/11\/100_3564-768x372.jpg 768w, https:\/\/blog.espol.edu.ec\/annlgonz\/files\/2016\/11\/100_3564-1024x495.jpg 1024w, https:\/\/blog.espol.edu.ec\/annlgonz\/files\/2016\/11\/100_3564-800x387.jpg 800w, https:\/\/blog.espol.edu.ec\/annlgonz\/files\/2016\/11\/100_3564.jpg 1600w\" sizes=\"auto, (max-width: 300px) 100vw, 300px\" \/><p id=\"caption-attachment-137\" class=\"wp-caption-text\">Procesiones\u00a0<\/p><\/div>\n","protected":false},"excerpt":{"rendered":"<p>Fiestas m\u00e1s Importantes: Cantonizaci\u00f3n: 22 de diciembre D\u00eda del Pescador: 31 de mayo Fiestas de San Rafael de Arc\u00e1ngel: 24 de octubre de cada a\u00f1o. &nbsp; Actividades de las Fiestas: El cant\u00f3n Salinas celebra sus fiestas de fundaci\u00f3n cada 22 &hellip; <a href=\"https:\/\/blog.espol.edu.ec\/annlgonz\/actividades\/\">Sigue leyendo <span class=\"meta-nav\">&rarr;<\/span><\/a><\/p>\n","protected":false},"author":10691,"featured_media":0,"parent":0,"menu_order":0,"comment_status":"closed","ping_status":"closed","template":"","meta":{"footnotes":""},"class_list":["post-136","page","type-page","status-publish","hentry"],"_links":{"self":[{"href":"https:\/\/blog.espol.edu.ec\/annlgonz\/wp-json\/wp\/v2\/pages\/136","targetHints":{"allow":["GET"]}}],"collection":[{"href":"https:\/\/blog.espol.edu.ec\/annlgonz\/wp-json\/wp\/v2\/pages"}],"about":[{"href":"https:\/\/blog.espol.edu.ec\/annlgonz\/wp-json\/wp\/v2\/types\/page"}],"author":[{"embeddable":true,"href":"https:\/\/blog.espol.edu.ec\/annlgonz\/wp-json\/wp\/v2\/users\/10691"}],"replies":[{"embeddable":true,"href":"https:\/\/blog.espol.edu.ec\/annlgonz\/wp-json\/wp\/v2\/comments?post=136"}],"version-history":[{"count":1,"href":"https:\/\/blog.espol.edu.ec\/annlgonz\/wp-json\/wp\/v2\/pages\/136\/revisions"}],"predecessor-version":[{"id":142,"href":"https:\/\/blog.espol.edu.ec\/annlgonz\/wp-json\/wp\/v2\/pages\/136\/revisions\/142"}],"wp:attachment":[{"href":"https:\/\/blog.espol.edu.ec\/annlgonz\/wp-json\/wp\/v2\/media?parent=136"}],"curies":[{"name":"wp","href":"https:\/\/api.w.org\/{rel}","templated":true}]}}

<p><strong>Fiestas más Importantes:</strong></p>
<ul>
<li><strong>Cantonización: 22 de diciembre</strong></li>
<li><strong>Día del Pescador: 31 de mayo</strong></li>
<li><strong>Fiestas de San Rafael de Arcángel: 24 de octubre de cada año.</strong></li>
</ul>
<hr />
<p>&nbsp;</p>
<p><strong>Actividades de las Fiestas:</strong></p>
<p style="text-align: justify"><strong>El cantón Salinas celebra sus fiestas de fundación cada 22 de diciembre con un tradicional desfile cívico militar.</strong></p>
<div id="attachment_139" style="width: 310px" class="wp-caption aligncenter"><img loading="lazy" decoding="async" aria-describedby="caption-attachment-139" class="wp-image-139 size-medium" src="http://blog.espol.edu.ec/annlgonz/files/2016/11/dscf2817a-300x151.jpg" alt="dscf2817a" width="300" height="151" srcset="https://blog.espol.edu.ec/annlgonz/files/2016/11/dscf2817a-300x151.jpg 300w, https://blog.espol.edu.ec/annlgonz/files/2016/11/dscf2817a-768x388.jpg 768w, https://blog.espol.edu.ec/annlgonz/files/2016/11/dscf2817a-1024x517.jpg 1024w, https://blog.espol.edu.ec/annlgonz/files/2016/11/dscf2817a-800x404.jpg 800w" sizes="auto, (max-width: 300px) 100vw, 300px" /><p id="caption-attachment-139" class="wp-caption-text">Desfile</p></div>
<p style="text-align: justify"><strong>Fiestas de San Rafael de Arcángel, se realizan procesiones, misa, juegos pirotécnicos, bailes populares. Esto se hace en José Luís Tamayo, a igual que la fiesta de San Pedro el 29 de junio, Divino Niño 20 de julio, Virgen del Cisne mes de septiembre</strong></p>
<div id="attachment_137" style="width: 310px" class="wp-caption aligncenter"><img loading="lazy" decoding="async" aria-describedby="caption-attachment-137" class="wp-image-137 size-medium" src="http://blog.espol.edu.ec/annlgonz/files/2016/11/100_3564-300x145.jpg" alt="100_3564" width="300" height="145" srcset="https://blog.espol.edu.ec/annlgonz/files/2016/11/100_3564-300x145.jpg 300w, https://blog.espol.edu.ec/annlgonz/files/2016/11/100_3564-768x372.jpg 768w, https://blog.espol.edu.ec/annlgonz/files/2016/11/100_3564-1024x495.jpg 1024w, https://blog.espol.edu.ec/annlgonz/files/2016/11/100_3564-800x387.jpg 800w, https://blog.espol.edu.ec/annlgonz/files/2016/11/100_3564.jpg 1600w" sizes="auto, (max-width: 300px) 100vw, 300px" /><p id="caption-attachment-137" class="wp-caption-text">Procesiones </p></div>

<p>Fiestas más Importantes: Cantonización: 22 de diciembre Día del Pescador: 31 de mayo Fiestas de San Rafael de Arcángel: 24 de octubre de cada año. &nbsp; Actividades de las Fiestas: El cantón Salinas celebra sus fiestas de fundación cada 22 &hellip; <a href="https://blog.espol.edu.ec/annlgonz/actividades/">Sigue leyendo <span class="meta-nav">&rarr;</span></a></p>
