{"id":41,"date":"2016-11-13T18:20:10","date_gmt":"2016-11-13T18:20:10","guid":{"rendered":"http:\/\/blog.espol.edu.ec\/annlgonz\/?page_id=41"},"modified":"2016-11-14T03:58:06","modified_gmt":"2016-11-14T03:58:06","slug":"cultura","status":"publish","type":"page","link":"https:\/\/blog.espol.edu.ec\/annlgonz\/cultura\/","title":{"rendered":"Cultura"},"content":{"rendered":"<p style=\"text-align: justify\"><strong>Salinas es una ciudad ecuatoriana, de la Provincia de Santa Elena. Es la cabecera cantonal del Cant\u00f3n Salinas. Tiene una poblaci\u00f3n de 34 719 habitantes y su superficial urbana se divide en 4 parroquias. Est\u00e1 ubicada al extremo occidental del pa\u00eds. Es conocida por sus playas, por lo que la ciudad es considerada el balneario m\u00e1s importante del pa\u00eds.<\/strong><\/p>\n<div id=\"attachment_114\" style=\"width: 310px\" class=\"wp-caption aligncenter\"><img loading=\"lazy\" decoding=\"async\" aria-describedby=\"caption-attachment-114\" class=\"wp-image-114 size-medium\" src=\"http:\/\/blog.espol.edu.ec\/annlgonz\/files\/2016\/11\/map_salinas-300x225.jpg\" alt=\"map_salinas\" width=\"300\" height=\"225\" srcset=\"https:\/\/blog.espol.edu.ec\/annlgonz\/files\/2016\/11\/map_salinas-300x225.jpg 300w, https:\/\/blog.espol.edu.ec\/annlgonz\/files\/2016\/11\/map_salinas.jpg 578w\" sizes=\"auto, (max-width: 300px) 100vw, 300px\" \/><p id=\"caption-attachment-114\" class=\"wp-caption-text\">Ubicaci\u00f3n Geogr\u00e1fica<\/p><\/div>\n<hr \/>\n<p style=\"text-align: justify\"><strong>Este balneario es el centro de diversi\u00f3n por excelencia del pa\u00eds, pues tiene excelentes restaurantes y hoteles, adem\u00e1s de modernas discotecas. Para disfrutar todo el a\u00f1o. Su nombre se origina por su inagotable fuente de producci\u00f3n de sal yodada, que por muchos a\u00f1os ha explotado de sus extensas minas denominadas salinas.<\/strong><\/p>\n<div id=\"attachment_115\" style=\"width: 310px\" class=\"wp-caption aligncenter\"><img loading=\"lazy\" decoding=\"async\" aria-describedby=\"caption-attachment-115\" class=\"wp-image-115 size-medium\" src=\"http:\/\/blog.espol.edu.ec\/annlgonz\/files\/2016\/11\/barcelo_1-300x145.jpg\" alt=\"barcelo_1\" width=\"300\" height=\"145\" srcset=\"https:\/\/blog.espol.edu.ec\/annlgonz\/files\/2016\/11\/barcelo_1-300x145.jpg 300w, https:\/\/blog.espol.edu.ec\/annlgonz\/files\/2016\/11\/barcelo_1.jpg 568w\" sizes=\"auto, (max-width: 300px) 100vw, 300px\" \/><p id=\"caption-attachment-115\" class=\"wp-caption-text\">Hotel<\/p><\/div>\n<hr \/>\n<p style=\"text-align: justify\"><strong>Salinas cuanta con varios atractivos tur\u00edsticos, uno de ellos es \u00a0Chocolatera que est\u00e1 ubicado dentro de la Base Naval de Salinas, en la punta m\u00e1s saliente de la Pen\u00ednsula, y que constituye el segundo punto m\u00e1s saliente de la costa sudamericana.<\/strong><\/p>\n<div id=\"attachment_111\" style=\"width: 310px\" class=\"wp-caption aligncenter\"><img loading=\"lazy\" decoding=\"async\" aria-describedby=\"caption-attachment-111\" class=\"wp-image-111 size-medium\" src=\"http:\/\/blog.espol.edu.ec\/annlgonz\/files\/2016\/11\/chocolatera1-300x169.jpg\" alt=\"chocolatera1\" width=\"300\" height=\"169\" srcset=\"https:\/\/blog.espol.edu.ec\/annlgonz\/files\/2016\/11\/chocolatera1-300x169.jpg 300w, https:\/\/blog.espol.edu.ec\/annlgonz\/files\/2016\/11\/chocolatera1.jpg 580w\" sizes=\"auto, (max-width: 300px) 100vw, 300px\" \/><p id=\"caption-attachment-111\" class=\"wp-caption-text\">Chocolatera<\/p><\/div>\n<hr \/>\n<p style=\"text-align: justify\"><strong>Sin duda otro atractivo principal de Salinas es \u00a0la llegada a sus mares del espect\u00e1culo maravilloso de las ballenas jorobadas, emergen del mar en \u00e1giles vuelos que terminan en cortinas de gotas de agua, frescas y transparentes. Este acontecimiento alberga a turistas de varias nacionalidades entre los meses de julio a septiembre, convirti\u00e9ndose en una atracci\u00f3n tur\u00edstica \u00fanica durante este per\u00edodo del a\u00f1o.<\/strong><\/p>\n<div id=\"attachment_112\" style=\"width: 310px\" class=\"wp-caption aligncenter\"><img loading=\"lazy\" decoding=\"async\" aria-describedby=\"caption-attachment-112\" class=\"wp-image-112 size-medium\" src=\"http:\/\/blog.espol.edu.ec\/annlgonz\/files\/2016\/11\/jorobadas-4-300x221.jpg\" alt=\"jorobadas-4\" width=\"300\" height=\"221\" srcset=\"https:\/\/blog.espol.edu.ec\/annlgonz\/files\/2016\/11\/jorobadas-4-300x221.jpg 300w, https:\/\/blog.espol.edu.ec\/annlgonz\/files\/2016\/11\/jorobadas-4-768x565.jpg 768w, https:\/\/blog.espol.edu.ec\/annlgonz\/files\/2016\/11\/jorobadas-4.jpg 774w\" sizes=\"auto, (max-width: 300px) 100vw, 300px\" \/><p id=\"caption-attachment-112\" class=\"wp-caption-text\">Ballenas Jorobadas<\/p><\/div>\n","protected":false},"excerpt":{"rendered":"<p>Salinas es una ciudad ecuatoriana, de la Provincia de Santa Elena. Es la cabecera cantonal del Cant\u00f3n Salinas. Tiene una poblaci\u00f3n de 34 719 habitantes y su superficial urbana se divide en 4 parroquias. Est\u00e1 ubicada al extremo occidental del &hellip; <a href=\"https:\/\/blog.espol.edu.ec\/annlgonz\/cultura\/\">Sigue leyendo <span class=\"meta-nav\">&rarr;<\/span><\/a><\/p>\n","protected":false},"author":10691,"featured_media":0,"parent":0,"menu_order":0,"comment_status":"closed","ping_status":"closed","template":"","meta":{"footnotes":""},"class_list":["post-41","page","type-page","status-publish","hentry"],"_links":{"self":[{"href":"https:\/\/blog.espol.edu.ec\/annlgonz\/wp-json\/wp\/v2\/pages\/41","targetHints":{"allow":["GET"]}}],"collection":[{"href":"https:\/\/blog.espol.edu.ec\/annlgonz\/wp-json\/wp\/v2\/pages"}],"about":[{"href":"https:\/\/blog.espol.edu.ec\/annlgonz\/wp-json\/wp\/v2\/types\/page"}],"author":[{"embeddable":true,"href":"https:\/\/blog.espol.edu.ec\/annlgonz\/wp-json\/wp\/v2\/users\/10691"}],"replies":[{"embeddable":true,"href":"https:\/\/blog.espol.edu.ec\/annlgonz\/wp-json\/wp\/v2\/comments?post=41"}],"version-history":[{"count":4,"href":"https:\/\/blog.espol.edu.ec\/annlgonz\/wp-json\/wp\/v2\/pages\/41\/revisions"}],"predecessor-version":[{"id":116,"href":"https:\/\/blog.espol.edu.ec\/annlgonz\/wp-json\/wp\/v2\/pages\/41\/revisions\/116"}],"wp:attachment":[{"href":"https:\/\/blog.espol.edu.ec\/annlgonz\/wp-json\/wp\/v2\/media?parent=41"}],"curies":[{"name":"wp","href":"https:\/\/api.w.org\/{rel}","templated":true}]}}

<p style="text-align: justify"><strong>Salinas es una ciudad ecuatoriana, de la Provincia de Santa Elena. Es la cabecera cantonal del Cantón Salinas. Tiene una población de 34 719 habitantes y su superficial urbana se divide en 4 parroquias. Está ubicada al extremo occidental del país. Es conocida por sus playas, por lo que la ciudad es considerada el balneario más importante del país.</strong></p>
<div id="attachment_114" style="width: 310px" class="wp-caption aligncenter"><img loading="lazy" decoding="async" aria-describedby="caption-attachment-114" class="wp-image-114 size-medium" src="http://blog.espol.edu.ec/annlgonz/files/2016/11/map_salinas-300x225.jpg" alt="map_salinas" width="300" height="225" srcset="https://blog.espol.edu.ec/annlgonz/files/2016/11/map_salinas-300x225.jpg 300w, https://blog.espol.edu.ec/annlgonz/files/2016/11/map_salinas.jpg 578w" sizes="auto, (max-width: 300px) 100vw, 300px" /><p id="caption-attachment-114" class="wp-caption-text">Ubicación Geográfica</p></div>
<hr />
<p style="text-align: justify"><strong>Este balneario es el centro de diversión por excelencia del país, pues tiene excelentes restaurantes y hoteles, además de modernas discotecas. Para disfrutar todo el año. Su nombre se origina por su inagotable fuente de producción de sal yodada, que por muchos años ha explotado de sus extensas minas denominadas salinas.</strong></p>
<div id="attachment_115" style="width: 310px" class="wp-caption aligncenter"><img loading="lazy" decoding="async" aria-describedby="caption-attachment-115" class="wp-image-115 size-medium" src="http://blog.espol.edu.ec/annlgonz/files/2016/11/barcelo_1-300x145.jpg" alt="barcelo_1" width="300" height="145" srcset="https://blog.espol.edu.ec/annlgonz/files/2016/11/barcelo_1-300x145.jpg 300w, https://blog.espol.edu.ec/annlgonz/files/2016/11/barcelo_1.jpg 568w" sizes="auto, (max-width: 300px) 100vw, 300px" /><p id="caption-attachment-115" class="wp-caption-text">Hotel</p></div>
<hr />
<p style="text-align: justify"><strong>Salinas cuanta con varios atractivos turísticos, uno de ellos es  Chocolatera que está ubicado dentro de la Base Naval de Salinas, en la punta más saliente de la Península, y que constituye el segundo punto más saliente de la costa sudamericana.</strong></p>
<div id="attachment_111" style="width: 310px" class="wp-caption aligncenter"><img loading="lazy" decoding="async" aria-describedby="caption-attachment-111" class="wp-image-111 size-medium" src="http://blog.espol.edu.ec/annlgonz/files/2016/11/chocolatera1-300x169.jpg" alt="chocolatera1" width="300" height="169" srcset="https://blog.espol.edu.ec/annlgonz/files/2016/11/chocolatera1-300x169.jpg 300w, https://blog.espol.edu.ec/annlgonz/files/2016/11/chocolatera1.jpg 580w" sizes="auto, (max-width: 300px) 100vw, 300px" /><p id="caption-attachment-111" class="wp-caption-text">Chocolatera</p></div>
<hr />
<p style="text-align: justify"><strong>Sin duda otro atractivo principal de Salinas es  la llegada a sus mares del espectáculo maravilloso de las ballenas jorobadas, emergen del mar en ágiles vuelos que terminan en cortinas de gotas de agua, frescas y transparentes. Este acontecimiento alberga a turistas de varias nacionalidades entre los meses de julio a septiembre, convirtiéndose en una atracción turística única durante este período del año.</strong></p>
<div id="attachment_112" style="width: 310px" class="wp-caption aligncenter"><img loading="lazy" decoding="async" aria-describedby="caption-attachment-112" class="wp-image-112 size-medium" src="http://blog.espol.edu.ec/annlgonz/files/2016/11/jorobadas-4-300x221.jpg" alt="jorobadas-4" width="300" height="221" srcset="https://blog.espol.edu.ec/annlgonz/files/2016/11/jorobadas-4-300x221.jpg 300w, https://blog.espol.edu.ec/annlgonz/files/2016/11/jorobadas-4-768x565.jpg 768w, https://blog.espol.edu.ec/annlgonz/files/2016/11/jorobadas-4.jpg 774w" sizes="auto, (max-width: 300px) 100vw, 300px" /><p id="caption-attachment-112" class="wp-caption-text">Ballenas Jorobadas</p></div>

<p>Salinas es una ciudad ecuatoriana, de la Provincia de Santa Elena. Es la cabecera cantonal del Cantón Salinas. Tiene una población de 34 719 habitantes y su superficial urbana se divide en 4 parroquias. Está ubicada al extremo occidental del &hellip; <a href="https://blog.espol.edu.ec/annlgonz/cultura/">Sigue leyendo <span class="meta-nav">&rarr;</span></a></p>
